NOAA-Style Climate Reports: Lisbon, NH


Report for 2013 January
                  MONTHLY CLIMATOLOGICAL SUMMARY FOR 1/2013
                                        HEAT  COOL        
     MEAN                               DEG   DEG       WIND SPEED       DOM MEAN  MEAN
DAY  TEMP  HIGH   TIME     LOW   TIME   DAYS  DAYS RAIN AVG  HI  TIME    DIR BAROM HUM
---------------------------------------------------------------------------------------
1    15.2  27.3     0:49  -2.6    23:57   50    0  0.04   1  11     5:40 ENE 29.81   78
2     0.8  15.0    13:12 -11.1    23:56   64    0  0.01   1  13    13:28 ENE 30.03   77
3    -4.5  10.4    13:38 -17.1     7:36   69    0  0.00   1   6     8:52 ENE 30.15   73
4    17.1  30.8    14:48  -2.8     0:00   48    0  0.01   2  13    13:16 WSW 29.82   84
5    20.8  30.4     0:39   4.1    21:55   44    0  0.00   2  15     8:29 ENE 30.08   75
6    17.8  27.1    15:21   5.0     0:00   47    0  0.04   0   6    11:34  SW 30.01   91
7    17.1  26.8     4:09  -1.5    23:35   48    0  0.00   1   8     5:37 ENE 30.24   84
8    11.9  38.1    14:04  -4.4     5:09   53    0  0.00   0   7    12:54  SW 30.30   83
9    16.4  36.8    23:07   3.0     7:04   49    0  0.00   0  13    22:09 WSW 30.19   89
10   33.8  36.3    14:27  24.0    23:59   31    0  0.05   2  16     1:00 ENE 30.34   72
11   25.3  33.0    17:43  14.7     7:36   40    0  0.13   0   5    12:27  NE 30.36   88
12   33.3  40.2    14:43  30.7     0:00   32    0  0.00   0   8    13:42 WSW 30.12   99
13   35.6  40.8    21:58  31.8     4:09   29    0  0.01   1  10    21:54 WSW 30.02  100
14   37.5  50.8    12:30  28.4    18:57   27    0  0.00   1  13    12:30 ENE 30.02   85
15   28.9  32.9    11:57  24.0    20:13   36    0  0.00   0   7     0:29 ENE 30.26   75
16   25.7  27.7    16:19  24.0     7:57   39    0  0.20   0   5    10:58 ENE 29.98   93
17   17.9  28.0    10:08   7.3    23:47   47    0  0.00   1  14    13:14 ENE 29.97   74
18    3.5  16.3    14:34  -8.5     8:10   61    0  0.00   1  12    13:26  NE 30.31   62
19   16.6  26.7    14:01  -1.3     0:00   48    0  0.08   0   4    14:12 ENE 30.03   90
20   26.7  38.6    12:02  13.4    23:57   28    0  0.01   3  24    14:10 WSW 29.68   76
21    9.6  19.3    12:42  -5.9     8:03   55    0  0.00   1  12    11:13 ENE 29.97   72
22    8.0  16.6    12:37  -5.1    23:59   57    0  0.04   1   8    11:51 ENE 29.89   76
23   -8.3   1.4    14:45 -20.1    23:37   73    0  0.00   1   8     9:35  NW 30.15   62
24   -7.9   9.4    14:48 -34.3     6:31   73    0  0.00   1  13    12:36 ENE 30.21   57
25    3.8  12.9    14:46  -6.3     6:58   61    0  0.00   1  12    12:11 ENE 30.26   58
26    6.5  14.5    14:02  -3.8     7:32   59    0  0.00   1  13    12:55 ENE 30.15   61
27    1.9  17.1    14:19 -10.9     7:22   63    0  0.00   1  11    14:41  NE 30.44   66
28    3.6  14.4    23:59  -8.3     4:27   61    0  0.21   0   5    10:26  SW 30.31   84
29   17.2  26.7    14:09   0.8     7:30   48    0  0.01   1  10    14:17 WSW 30.13   88
30   37.0  48.7    15:36  25.9     0:00   28    0  0.10   1  19    10:53 WSW 29.66   99
31   36.0  52.2     5:21  22.8    23:59   29    0  0.59   4  28    13:05 WSW 29.13   74
---------------------------------------------------------------------------------------
TOT  16.2  52.2  1/31/13 -34.3  1/24/13 1500    0  1.53   1  28  1/31/13 ENE 30.07   79

HEAT BASE: 65.0
COOL BASE: 65.0