NOAA-Style Climate Reports: Lisbon, NH


Report for 2012 December
                  MONTHLY CLIMATOLOGICAL SUMMARY FOR 12/2012
                                        HEAT  COOL        
     MEAN                               DEG   DEG       WIND SPEED       DOM MEAN  MEAN
DAY  TEMP  HIGH   TIME     LOW   TIME   DAYS  DAYS RAIN AVG  HI  TIME    DIR BAROM HUM
---------------------------------------------------------------------------------------
1    19.3  26.0    23:17  11.7     0:00   42    0  0.01   1   6     0:00 ENE 30.58   85
2    36.9  47.1    13:20  25.8     0:00   28    0  0.35   1  13     3:45  NW 30.17   95
3    40.2  46.2     9:40  34.6    23:55   25    0  0.00   1   8     7:34 ENE 30.15   93
4    37.0  45.2    16:28  30.1     4:54   28    0  0.02   1   7    22:37 ENE 30.13   98
5    37.7  47.4     2:57  28.7    21:27   27    0  0.29   1  13    15:06 ENE 29.96   84
6    26.9  33.7    14:09  20.3    21:02   38    0  0.00   2  13     3:27 ENE 30.29   72
7    29.9  40.1    11:20  21.4     0:00   35    0  0.00   1  13    12:20 WSW 30.11   81
8    34.3  38.5    21:09  30.0     4:04   31    0  0.02   0   6    20:56 WSW 29.93   96
9    36.3  42.3    10:54  30.7    17:10   29    0  0.00   1  13     6:07 ENE 30.18   79
10   39.1  44.5    21:01  32.2     0:00   26    0  0.52   1  16     1:08 ENE 29.70   97
11   32.9  39.9     0:00  28.2    23:47   32    0  0.02   1  10    12:35 ENE 29.88   85
12   27.8  38.0    13:00  20.3     7:55   37    0  0.00   1  12    11:41  SW 30.31   83
13   28.5  39.6    14:19  21.6    23:09   37    0  0.00   0   7    12:52  SW 30.38   89
14   30.6  40.9    12:40  18.1     6:53   34    0  0.00   1  12    12:35 WSW 30.14   82
15   25.5  36.0     0:00  14.9    23:08   39    0  0.00   1  13    12:13 ENE 30.31   62
16   20.3  24.1    14:38  15.1     0:00   45    0  0.11   1   7    10:38 ENE 30.23   86
17   28.3  31.4    21:25  23.3     0:00   37    0  0.07   0   5    13:42 ENE 29.97   97
18   33.0  35.3    12:41  30.7     1:39   32    0  0.21   0   5     6:39  SW 29.56  100
19   34.1  37.5    12:10  32.9     3:52   31    0  0.07   0   8     4:55 ENE 29.74   99
20   33.6  35.5    14:48  30.9    19:40   31    0  0.00   1  18    22:17  SW 30.11   90
21   40.3  51.7    15:11  33.1     4:47   25    0  0.36   3  25    13:58 WSW 29.37   88
22   30.1  37.3     0:15  19.6    23:14   35    0  0.01   2  16     3:45 WSW 29.33   77
23   23.2  28.4    14:35  14.2     7:41   42    0  0.01   1  12    12:45 WSW 29.75   75
24   19.4  27.8    14:02  10.6     8:10   46    0  0.00   1  12    10:56 ENE 30.01   80
25   15.3  24.7    14:42   6.1    23:55   50    0  0.07   1   7     5:47 ENE 30.15   92
26   12.0  22.4    14:43  -0.7     7:18   53    0  0.00   1  10    11:34   E 30.29   86
27   25.1  29.9    13:54  20.4     1:28   40    0  0.35   3  22     8:18 ENE 29.68   96
28   21.0  24.6    15:09  12.0    23:59   44    0  0.00   1  10     6:41 ENE 29.93   90
29   15.5  22.4    16:59   5.9     6:08   50    0  0.09   0   7    12:26 ENE 29.86   95
30   14.5  21.9     0:15   8.9    17:01   50    0  0.00   1  13    14:18 ENE 29.78   80
31   16.0  25.2    23:58   9.6     5:14   49    0  0.00   0  11     0:07 ENE 29.92   86
---------------------------------------------------------------------------------------
TOT  27.9  51.7 12/21/12  -0.7 12/26/12 1147    0  2.58   1  25 12/21/12 ENE 30.00   87

HEAT BASE: 65.0
COOL BASE: 65.0