NOAA-Style Climate Reports: Lisbon, NH


Report for 2012 November
                  MONTHLY CLIMATOLOGICAL SUMMARY FOR 11/2012
                                        HEAT  COOL        
     MEAN                               DEG   DEG       WIND SPEED       DOM MEAN  MEAN
DAY  TEMP  HIGH   TIME     LOW   TIME   DAYS  DAYS RAIN AVG  HI  TIME    DIR BAROM HUM
---------------------------------------------------------------------------------------
1    46.0  48.5    14:59  42.2    23:47   19    0  0.00   1  13    12:20 WSW 29.48   85
2    43.2  47.7    11:46  40.2     5:53   22    0  0.00   1  11    10:37  SW 29.54   89
3    40.8  42.9    15:16  38.2    23:37   24    0  0.02   1  10    14:59 ENE 29.73   87
4    37.3  39.8    11:53  34.6    23:54   28    0  0.01   1   8    10:01 ENE 29.92   86
5    33.4  37.6    11:57  29.8    23:59   32    0  0.00   1  13     9:13 ENE 30.03   69
6    28.6  37.8    13:19  19.9    23:57   36    0  0.00   1  14     8:42 ENE 30.20   70
7    26.6  35.0    23:54  16.1     6:30   38    0  0.00   1  10    13:46 ENE 30.13   80
8    35.5  38.8    13:30  33.1     6:03   30    0  0.01   3  19     3:40 ENE 29.88   78
9    38.5  46.2    13:12  33.8     5:35   26    0  0.00   1  13    13:42 ENE 29.99   75
10   38.5  47.6    12:09  28.2    20:57   27    0  0.00   1  13     6:39 ENE 30.29   70
11   41.7  60.2    14:44  31.3     0:00   23    0  0.00   1  15    11:59  NE 30.39   79
12   50.7  70.6    12:31  30.0     5:59   15    1  0.00   3  26    19:23 WSW 30.28   77
13   44.1  64.7     2:54  27.9    23:58   21    0  0.76   1  26     0:29 WSW 30.23   92
14   30.6  42.8    14:03  23.2     7:00   34    0  0.01   1  13    11:15 ENE 30.55   85
15   28.0  41.1    13:47  19.9     5:20   37    0  0.00   0   4    10:51   E 30.43   89
16   28.4  42.2    14:10  20.3     3:57   37    0  0.00   1  11    12:19 ENE 30.38   89
17   30.9  44.2    14:53  22.1    23:56   34    0  0.00   1  11    13:47   E 30.61   83
18   27.2  46.0    14:36  16.5     7:19   38    0  0.00   0   6    11:18  SW 30.69   85
19   27.4  46.8    14:45  16.9     6:47   38    0  0.01   0   8    13:20  SW 30.48   85
20   29.3  48.5    14:00  18.4     5:35   36    0  0.00   0   8    14:05 WSW 30.22   86
21   33.3  51.6    14:34  24.7    23:52   32    0  0.00   0   8    11:30  SW 30.23   83
22   31.0  52.3    14:25  20.5     7:08   34    0  0.00   0  10    12:18  SW 30.21   88
23   36.7  57.3    14:28  21.6     6:34   28    0  0.02   0  12    12:26  SW 29.83   84
24   35.6  40.6    11:10  27.2    23:33   29    0  0.02   2  18    14:11  SW 29.55   77
25   25.0  30.6    14:39  15.2    23:54   40    0  0.01   1  18    11:20  SW 29.71   73
26   21.5  34.9    13:40  13.3     3:59   44    0  0.00   1  10    10:48 WSW 30.02   86
27   25.2  33.8    14:54  17.2     0:00   40    0  0.00   0   5     5:10 ENE 30.27   86
28   28.9  36.9    13:53  21.9     7:21   36    0  0.00   1   7     1:25 ENE 30.16   78
29   30.4  37.6    14:23  23.5     7:49   35    0  0.07   2  19    14:58 WSW 30.13   76
30   15.2  24.5     0:00   8.8    21:47   50    0  0.00   1   7     2:41 ENE 30.51   75
---------------------------------------------------------------------------------------
TOT  33.0  70.6 11/12/12   8.8 11/30/12  962    1  0.94   1  26 11/12/12 ENE 30.14   81

HEAT BASE: 65.0
COOL BASE: 65.0