NOAA-Style Climate Reports: Lisbon, NH


Report for 2012 October
                  MONTHLY CLIMATOLOGICAL SUMMARY FOR 10/2012
                                        HEAT  COOL        
     MEAN                               DEG   DEG       WIND SPEED       DOM MEAN  MEAN
DAY  TEMP  HIGH   TIME     LOW   TIME   DAYS  DAYS RAIN AVG  HI  TIME    DIR BAROM HUM
---------------------------------------------------------------------------------------
1    54.4  61.8    14:26  50.2     6:48   11    0  0.11   1  16     4:01 WSW 29.68   96
2    58.2  66.0    12:39  51.3     5:16    7    0  0.00   0   8    11:15  SW 29.97   94
3    60.3  63.5    12:35  56.9     6:54    5    0  0.10   0   4    12:51 WSW 30.07  100
4    60.8  63.1    15:04  58.1    23:40    4    0  0.02   0   6    15:30 WSW 30.08  100
5    61.9  75.1    14:51  54.2     7:08    5    2  0.00   1  12    12:29 WSW 29.92   90
6    56.6  67.8    11:49  44.6    23:52    9    0  0.21   0  10    12:59  NW 29.76   98
7    45.2  53.5    16:05  38.5     7:24   20    0  0.08   1   8    11:53  SW 30.00   92
8    44.7  54.4    13:58  37.0    23:58   20    0  0.05   1  10    11:32  SW 30.20   89
9    43.9  57.3    14:09  32.2     6:16   21    0  0.00   1  11    21:05  SW 30.25   89
10   49.4  57.0    13:02  44.2     4:45   16    0  0.11   1  20    13:51 WSW 29.90   96
11   46.3  54.8    14:16  40.1     4:41   19    0  0.01   1  19    14:16 WSW 29.95   75
12   41.5  48.8    14:11  28.5    23:45   23    0  0.07   1  17    16:08   W 30.11   76
13   36.2  49.4    14:13  23.0     7:03   29    0  0.01   1  12    11:13  SW 30.36   79
14   44.5  49.9    16:56  38.3     3:36   21    0  0.09   1  19     1:15   E 30.03   98
15   55.7  71.1    13:06  43.2     2:09   10    1  0.18   1  20    11:06 WSW 29.65   93
16   46.1  56.5     0:00  37.8    22:44   19    0  0.00   1  14    11:00   E 29.69   86
17   41.8  57.8    15:13  29.0     7:05   23    0  0.01   1   9    15:15   E 29.95   84
18   50.1  68.4    14:26  34.3     7:05   15    0  0.00   1  13    15:22 WSW 30.02   75
19   53.4  64.0    22:25  44.3     2:49   12    0  0.10   1  16    21:10 ENE 29.90   97
20   59.8  73.0    13:43  50.1    23:57    6    1  0.14   1  16    18:11 WSW 29.62   91
21   49.0  56.0    15:01  38.8     6:56   16    0  0.01   1  17    13:07  SW 29.78   87
22   48.0  56.5    15:57  41.1     6:11   17    0  0.00   1  17    15:21 ENE 29.92   85
23   45.5  58.9    15:08  32.9    23:57   20    0  0.00   1  13    14:05 ENE 30.08   82
24   40.5  59.8    14:12  28.2     5:50   25    0  0.00   1   7     9:35 ENE 30.19   79
25   48.4  65.3    13:17  34.6     7:33   17    0  0.00   1  14    15:28 WSW 30.23   75
26   52.2  69.4    15:15  39.2     7:21   13    0  0.00   1  12    14:36  SW 30.14   89
27   51.9  66.6    15:05  43.8     3:03   13    0  0.00   1  10    13:30 WSW 30.04   95
28   52.9  64.7    15:30  46.1     8:32   12    0  0.00   1  11    15:46 ENE 29.96   86
29   54.8  62.9    13:44  44.9     3:05   10    0  0.32   5  27    17:37 ENE 29.61   92
30   60.8  69.1    14:33  53.8    23:57    5    1  0.86   2  21    12:29  SW 29.47   90
31   51.7  59.5    10:13  47.7     6:59   13    0  0.02   1  18    11:15 WSW 29.46   93
---------------------------------------------------------------------------------------
TOT  50.5  75.1  10/5/12  23.0 10/13/12  453    5  2.50   1  27 10/29/12 WSW 29.94   89

HEAT BASE: 65.0
COOL BASE: 65.0