NOAA-Style Climate Reports: Lisbon, NH


Report for 2012 September
                  MONTHLY CLIMATOLOGICAL SUMMARY FOR 9/2012
                                        HEAT  COOL        
     MEAN                               DEG   DEG       WIND SPEED       DOM MEAN  MEAN
DAY  TEMP  HIGH   TIME     LOW   TIME   DAYS  DAYS RAIN AVG  HI  TIME    DIR BAROM HUM
---------------------------------------------------------------------------------------
1    66.5  79.4    14:05  55.0    23:57    3    4  0.01   1  13    13:20   E 30.00   81
2    61.8  76.0    15:07  52.0    23:58    6    2  0.10   1  12    13:20 ENE 30.08   84
3    62.7  79.9    14:54  47.4     5:46    6    4  0.00   1  13    12:56  SW 30.14   81
4    62.3  68.3    17:03  56.0     5:10    3    1  0.09   0   8    13:55  SW 30.00   98
5    67.9  74.4    15:47  63.9     1:17    0    3  0.57   0  10    13:52   E 29.74   95
6    67.9  79.6    15:02  62.4     3:16    1    4  0.00   1  11    12:18  SW 29.83   93
7    68.2  81.6    14:57  60.1    23:58    1    5  0.01   1  11    12:05  SW 29.87   87
8    68.1  82.4    13:42  58.1     5:54    2    6  0.47   2  28    13:42 WSW 29.66   87
9    59.6  70.6    14:16  51.6    23:38    6    1  0.02   0   8    14:47   E 29.80   85
10   54.1  60.5    13:39  47.9    23:53   11    0  0.00   0  12    15:11 ENE 29.96   85
11   53.2  70.9    14:32  38.8     6:49   13    1  0.00   0   8    11:34 ENE 30.18   81
12   57.7  78.1    15:04  41.6     6:23   10    3  0.00   1  10    13:26  SW 30.29   84
13   61.8  81.4    14:16  46.2     6:39    7    4  0.00   1  11    10:37  SW 30.27   83
14   64.4  82.4    14:35  49.8     6:38    5    5  0.00   1  10    12:37  SW 30.12   86
15   59.2  65.3     9:33  49.4    23:41    6    0  0.00   0  11     9:10  SW 30.01   82
16   50.6  62.3    14:44  39.6    23:56   14    0  0.00   1  14    11:13 ENE 30.04   78
17   57.4  75.6    15:05  36.3     4:59    8    2  0.00   0  10    15:13  SW 30.01   81
18   58.7  70.4    20:41  46.5     6:36    7    1  0.89   2  28    19:39 WSW 29.80   97
19   57.3  66.8     0:02  40.8    23:59    8    0  0.18   1  13    14:42 WSW 29.93   83
20   48.5  65.6    14:18  36.9     7:26   16    0  0.00   1  16    15:31  SW 30.20   84
21   53.5  70.9    14:18  38.0     6:43   13    1  0.00   1  14    11:20 WSW 30.08   83
22   58.4  73.5    14:40  45.2     3:31    8    2  0.14   1  19    14:25 WSW 29.87   87
23   56.6  66.8    13:45  42.2    23:38    8    0  0.14   0  12    16:49  SW 29.92   81
24   46.8  61.3    12:44  37.3     6:26   18    0  0.00   0  11    13:29  SW 30.07   89
25   51.5  68.9    14:57  36.5     5:56   14    1  0.00   1  20    10:59 WSW 30.05   81
26   52.9  63.9    16:50  44.9     3:58   12    0  0.11   0   5    18:35  NE 29.99  100
27   51.4  60.4    14:06  38.3    23:57   14    0  0.05   1  13     9:27 ENE 30.16   84
28   42.6  48.8    18:12  35.3     6:17   22    0  0.05   0   5     4:52   E 30.18  100
29   52.1  56.5    16:11  48.6     0:00   13    0  0.12   0   7    11:08 ENE 29.94   99
30   53.7  56.6    14:10  51.4     3:38   11    0  0.14   0   8    23:14 WSW 29.77  100
---------------------------------------------------------------------------------------
TOT  57.6  82.4   9/8/12  35.3  9/28/12  269   48  3.09   1  28   9/8/12  SW 30.00   87

HEAT BASE: 65.0
COOL BASE: 65.0