NOAA-Style Climate Reports: Lisbon, NH


Report for 2012 August
                  MONTHLY CLIMATOLOGICAL SUMMARY FOR 8/2012
                                        HEAT  COOL        
     MEAN                               DEG   DEG       WIND SPEED       DOM MEAN  MEAN
DAY  TEMP  HIGH   TIME     LOW   TIME   DAYS  DAYS RAIN AVG  HI  TIME    DIR BAROM HUM
---------------------------------------------------------------------------------------
1    69.2  79.6    16:38  57.6     4:30    2    6  0.00   0   8     9:56  SW 29.83   87
2    73.2  85.9    14:52  62.9     4:28    0    8  0.00   1  11    15:52  SW 29.81   84
3    74.3  88.4    13:57  63.5     5:57    0    9  0.00   1  11    13:14 WSW 29.93   83
4    75.9  92.3    14:58  60.4     7:05    1   12  0.00   1  16    17:45 ENE 30.13   77
5    75.4  87.0    13:36  62.3     5:13    0   11  0.34   2  24    10:15 WSW 29.97   84
6    69.5  76.8    12:48  56.7    23:53    1    5  0.00   0  10    11:13  SW 29.92   82
7    65.9  82.6    14:56  52.9     5:38    5    5  0.00   1   8     9:58  SW 29.95   79
8    69.6  86.1    14:50  54.2     6:17    3    8  0.00   0   7    11:01  SW 29.94   78
9    70.5  87.4    14:54  59.2     5:52    1    7  1.15   0  13    17:57  SW 29.90   86
10   70.3  78.6    11:47  66.6     1:11    0    5  0.23   0   8    14:32  SW 29.85   96
11   72.1  83.4    13:22  64.7     5:43    0    7  0.03   1  12    14:23  SW 29.84   91
12   72.6  84.0    14:57  64.8    23:58    0    8  0.10   0  12    11:44 WSW 29.85   91
13   69.5  81.1    12:31  60.7     6:14    1    6  0.00   0   8    12:38  SW 29.89   86
14   68.3  80.7    12:16  59.2     6:42    2    5  0.00   0   9    14:39 WSW 29.90   90
15   69.8  80.3    12:01  62.9     3:41    0    5  0.42   0   8    11:55  SW 29.85   92
16   67.8  77.9    13:24  57.6    23:47    1    4  0.03   0  10    13:23   E 29.83   91
17   67.0  83.8    15:14  55.0     6:28    3    5  0.03   1  15    13:05 WSW 29.77   89
18   64.7  74.7    15:53  52.3    23:53    3    3  0.00   0  10    17:31 ENE 29.85   84
19   60.7  76.7    14:22  47.4     6:27    7    3  0.00   0  11    11:37 ENE 29.93   79
20   62.8  80.3    13:55  48.2     5:41    6    4  0.00   0  10    15:06  SW 29.88   77
21   65.9  78.3    14:02  53.2    23:56    3    4  0.00   0  10    13:02  SW 29.96   78
22   62.6  80.1    14:04  47.6     6:27    6    4  0.00   0  11    15:05  SW 30.10   78
23   66.7  82.8    15:22  49.8     6:13    4    6  0.00   0  11    12:17  SW 30.08   79
24   69.5  84.1    14:40  58.3     6:30    2    6  0.00   0   7    11:36 ENE 30.15   79
25   69.6  85.7    13:50  54.7     6:00    3    7  0.00   1  11    16:08  SW 30.24   83
26   71.6  86.3    14:07  58.6     6:18    1    8  0.00   0   8    14:59  SW 30.24   80
27   69.8  83.0    13:25  59.2     6:48    1    6  0.08   1  14    14:34 WSW 30.03   88
28   69.3  79.6    12:31  55.3    23:59    1    5  0.48   1  13    13:35 ENE 29.79   84
29   60.1  74.2    14:59  47.3     6:22    7    2  0.00   1  12    11:36 ENE 29.93   77
30   62.1  79.6    16:03  46.7     6:33    7    4  0.00   1  14    12:52 WSW 29.94   80
31   65.5  80.3    16:50  54.1     6:18    3    3  0.02   0  14    14:26   W 29.84   90
---------------------------------------------------------------------------------------
TOT  68.5  92.3   8/4/12  46.7  8/30/12   75  182  2.91   1  24   8/5/12  SW 29.94   84

HEAT BASE: 65.0
COOL BASE: 65.0