NOAA-Style Climate Reports: Lisbon, NH


Report for 2012 July
                  MONTHLY CLIMATOLOGICAL SUMMARY FOR 7/2012
                                        HEAT  COOL        
     MEAN                               DEG   DEG       WIND SPEED       DOM MEAN  MEAN
DAY  TEMP  HIGH   TIME     LOW   TIME   DAYS  DAYS RAIN AVG  HI  TIME    DIR BAROM HUM
---------------------------------------------------------------------------------------
1    68.4  82.2    12:35  54.5     5:13    3    6  0.00   1  11    16:30   E 29.74   75
2    65.6  77.3    12:45  54.1     5:07    4    4  0.03   1  13    12:09 ENE 29.84   78
3    64.1  77.8    14:58  54.1     4:39    5    4  0.00   1  11    11:47 ENE 29.87   79
4    65.9  81.5    14:11  56.7     0:55    3    4  1.21   1  12    21:10  SW 29.72   90
5    65.0  73.3    14:14  58.0    23:44    2    2  0.01   1  13    12:58 ENE 29.79   89
6    68.0  83.4    14:56  55.0     5:52    3    6  0.00   0   8    11:55 ENE 29.85   83
7    69.6  79.5    15:27  61.7    23:58    0    5  0.00   1  10    12:53 WSW 29.75   85
8    65.5  75.1    14:53  52.5    23:55    3    3  0.00   1  11    15:58 ENE 29.82   71
9    59.7  74.0    13:55  46.7     5:03    8    2  0.00   0  14    12:18 ENE 29.92   70
10   60.2  77.3    14:44  42.1     4:49    8    3  0.00   0   8    13:07  SW 30.01   72
11   64.3  81.1    14:07  47.0     5:24    6    5  0.00   0  10    14:49  SW 30.12   74
12   67.7  85.1    14:21  49.1     5:04    5    7  0.00   0   9    12:13  SW 30.11   73
13   69.6  87.4    15:04  52.5     6:20    3    8  0.00   0  12    15:04  SW 30.11   72
14   71.0  89.3    14:01  54.0     5:13    3    9  0.00   0  12    17:57  SW 30.08   75
15   73.8  89.5    12:48  58.4     6:11    1   10  0.01   1  10    14:10  SW 29.97   79
16   76.1  86.3    14:29  68.3    23:56    0   11  0.00   0   9    13:54 ENE 29.77   81
17   72.9  89.3    16:01  64.2     5:28    0    8  0.33   1  18    12:39 WSW 29.66   91
18   72.3  82.4    12:41  55.7    23:59    1    8  0.07   0  10    15:26   E 29.80   78
19   62.4  74.9    14:16  50.8     5:11    6    3  0.00   1  11    12:48 ENE 29.97   75
20   63.2  78.1    15:00  47.6     5:36    6    4  0.00   1   8    13:41 ENE 30.05   71
21   66.4  82.2    13:21  49.9     5:21    4    6  0.00   1  10    14:00  SW 30.05   72
22   71.8  84.7    13:21  59.2     4:02    2    8  0.00   1  13    12:48  SW 30.02   75
23   75.0  86.3    14:51  64.0     1:35    0   10  0.45   1  14    15:42 WSW 29.87   80
24   69.9  81.1    11:43  57.6    23:57    1    6  0.93   1  21     1:40   E 29.61   87
25   64.1  76.5    14:37  51.9     5:41    4    3  0.00   1  12    14:50   E 29.79   78
26   63.2  68.9    17:15  58.6     3:48    3    1  0.05   0   7     8:52   E 29.66   96
27   70.3  79.6    16:09  63.9    23:58    0    5  0.00   0   7    11:21   E 29.74   87
28   69.0  83.4    13:18  60.9     4:01    1    5  0.04   0   7    10:15   E 29.94   91
29   70.1  80.1    15:12  64.2    23:54    0    5  0.00   1  11    16:37   E 29.98   86
30   71.2  84.0    14:46  60.1     4:28    1    7  0.00   1   8    10:12 WSW 30.03   82
31   72.0  84.9    13:47  59.0     5:45    1    8  0.00   2  20    15:07  SW 29.97   75
---------------------------------------------------------------------------------------
TOT  68.0  89.5  7/15/12  42.1  7/10/12   86  179  3.13   1  21  7/24/12  SW 29.89   80

HEAT BASE: 65.0
COOL BASE: 65.0