NOAA-Style Climate Reports: Lisbon, NH


Report for 2012 June
                  MONTHLY CLIMATOLOGICAL SUMMARY FOR 6/2012
                                        HEAT  COOL        
     MEAN                               DEG   DEG       WIND SPEED       DOM MEAN  MEAN
DAY  TEMP  HIGH   TIME     LOW   TIME   DAYS  DAYS RAIN AVG  HI  TIME    DIR BAROM HUM
---------------------------------------------------------------------------------------
1    57.8  71.9    14:48  42.6     4:14    8    1  0.00   1  13    21:50 ENE 30.00   65
2    54.2  60.7     0:20  50.6     9:18   11    0  0.70   1  21     8:05 WSW 29.82   83
3    52.9  59.5    16:55  48.3    23:38   12    0  0.08   1  11    11:02 ENE 29.71   91
4    49.5  53.2    18:00  44.9    23:53   16    0  0.09   1  18    11:59 ENE 29.75   94
5    51.5  61.0    14:22  43.2     1:56   13    0  0.06   1  11     9:52   E 29.87   87
6    52.9  64.4    17:37  45.5     1:55   12    0  0.24   1  12    13:17 WSW 29.94   88
7    56.2  67.8    13:07  46.9     5:26    9    0  0.10   1  12    11:17 ENE 29.92   84
8    57.7  73.1    12:46  46.0     3:08    9    1  0.35   0  17    19:10  SW 29.80   85
9    58.4  72.6    14:21  44.3     5:55    9    2  0.00   1  14    13:22   E 29.85   72
10   60.8  78.4    14:28  41.4     5:15    8    4  0.00   1  11    11:54 ENE 30.06   69
11   63.6  75.2    17:00  50.4     5:08    5    3  0.00   1  16    13:48 WSW 30.15   75
12   64.1  77.1    14:31  52.3     5:17    4    3  0.17   1  20    14:09 WSW 29.98   82
13   62.7  72.9    13:31  52.0    23:58    4    1  0.19   1  13    17:13 ENE 29.94   87
14   60.3  73.3    14:14  46.1     5:51    7    2  0.00   2  14    11:40 ENE 30.22   68
15   60.1  77.3    14:09  42.3     5:17    8    3  0.00   1  11    11:20  NE 30.28   68
16   63.6  79.7    14:46  45.8     5:14    6    5  0.00   1  13    18:47  SW 30.25   71
17   63.1  75.2    14:45  52.0     6:06    5    3  0.00   2  14    15:02  SW 30.12   72
18   60.8  70.7    11:42  47.9     5:11    6    2  0.00   2  18    12:46 WSW 30.06   76
19   64.2  77.8    16:47  46.9     5:16    5    5  0.00   1  18    12:07  SW 30.02   82
20   76.1  91.3    13:55  61.4     5:32    0   12  0.00   0  12    14:25   E 29.91   74
21   77.3  89.8    14:56  63.9     5:33    0   12  0.00   0  13    11:14 ENE 29.77   75
22   73.6  86.5    13:03  60.2    23:55    0    9  0.00   0  12    14:32  SW 29.72   73
23   63.7  79.5    11:53  54.8     5:32    3    2  0.08   1  12    11:01 ENE 29.83   89
24   65.0  79.7    14:39  52.5     7:01    4    4  0.03   1  11    12:57  SW 29.89   73
25   59.0  65.3    13:27  54.8    23:17    6    0  1.00   0   7    17:16 ENE 29.71   99
26   55.7  59.3    11:34  52.8     4:40    9    0  0.12   1  13    11:26   E 29.60   96
27   58.0  63.0    16:48  53.7     0:00    7    0  0.11   1  11    11:33 WSW 29.58   94
28   64.1  75.6    17:08  54.4    23:58    4    3  0.00   0   8    16:07  SW 29.69   81
29   66.4  84.5    16:30  51.9     2:36    5    6  0.14   1  18    14:23  SW 29.58   81
30   69.8  84.9    13:23  53.5     5:33    3    8  0.00   1  18    12:50  SW 29.61   70
---------------------------------------------------------------------------------------
TOT  61.5  91.3  6/20/12  41.4  6/10/12  198   92  3.46   1  21   6/2/12 ENE 29.89   80

HEAT BASE: 65.0
COOL BASE: 65.0