NOAA-Style Climate Reports: Lisbon, NH


Report for 2012 May
                  MONTHLY CLIMATOLOGICAL SUMMARY FOR 5/2012
                                        HEAT  COOL        
     MEAN                               DEG   DEG       WIND SPEED       DOM MEAN  MEAN
DAY  TEMP  HIGH   TIME     LOW   TIME   DAYS  DAYS RAIN AVG  HI  TIME    DIR BAROM HUM
---------------------------------------------------------------------------------------
1    42.3  47.3     3:49  40.3    11:30   23    0  0.46   1  14     3:37 WSW 30.08   88
2    46.7  56.4    16:17  40.1     4:43   18    0  0.00   1  14    16:26 WSW 30.14   83
3    50.0  59.3    15:20  42.7     5:23   15    0  0.06   1  13    16:14 WSW 30.09   85
4    50.4  53.5    15:46  47.9     5:26   15    0  0.36   0   7     2:34 WSW 29.92   99
5    51.0  60.9    15:16  37.6    23:56   14    0  0.01   2  13    11:59 ENE 30.01   78
6    47.5  64.3    15:53  32.1     5:33   17    0  0.00   1  17    16:05 ENE 30.09   67
7    51.9  70.8    15:33  28.4     5:37   14    1  0.00   1  17    20:55 WSW 30.07   55
8    48.1  54.5     0:00  44.6    14:09   17    0  0.76   1  19    10:08   W 29.90   91
9    52.7  59.5    15:58  46.6     0:00   12    0  0.11   0   5     6:55 ENE 29.68   99
10   49.4  53.4    11:46  43.5    23:55   16    0  0.42   1  12    16:03 ENE 29.49   93
11   48.0  59.6    15:15  35.7    23:59   17    0  0.03   1  14    13:04 WSW 29.82   68
12   60.0  74.2    16:29  31.8     7:16    6    2  0.00   1  14    10:55  SW 30.04   52
13   59.9  76.1    13:22  46.0     4:08    8    2  0.00   1  14    14:12 ENE 30.07   71
14   56.7  68.3    13:40  47.0     3:45    8    0  0.03   1  15    14:09  SW 30.09   87
15   57.4  60.6    16:34  55.1    23:41    8    0  0.37   0   9    11:44  SW 30.03  100
16   61.1  73.1    15:38  53.2     3:13    6    2  0.05   1  20    13:50 WSW 29.82   86
17   52.4  60.1    14:31  38.8    23:57   13    0  0.01   1  16    10:31 ENE 30.02   63
18   51.9  69.3    18:10  32.4     5:29   14    1  0.00   1  11    13:13  SW 30.18   65
19   59.8  78.6    14:16  38.1     5:36    9    4  0.00   1  17    13:37   E 30.13   65
20   66.5  85.5    14:51  46.0     5:25    6    7  0.00   1  17    18:14  SW 30.19   64
21   65.4  77.1    14:33  48.3     5:38    4    4  0.00   2  22    15:49  SW 30.15   63
22   64.1  69.6    13:19  60.1    23:56    2    1  0.51   0   8    13:26  SW 29.90   90
23   65.1  75.4    14:29  54.8    23:56    3    3  0.00   1  13    12:11 ENE 29.90   82
24   64.8  77.6    13:27  50.8     5:22    4    4  0.00   2  17    12:45  SW 30.11   80
25   65.0  69.0    19:24  59.6     4:28    1    1  0.00   1  18    13:05 WSW 30.11   84
26   67.6  79.3    13:52  52.3    23:59    2    5  0.00   1  14    14:45 ENE 30.05   69
27   62.3  76.3    14:59  45.7     5:38    6    4  0.00   0   8    11:10  SW 30.10   65
28   66.4  78.2    15:06  52.0     5:52    3    5  0.01   1  17    21:25  SW 29.92   68
29   61.5  73.3    14:24  56.8     5:37    4    1  1.75   1  11    12:21 WSW 29.75   95
30   65.2  76.1    14:41  59.0     1:03    3    3  0.00   1  11    12:25  SW 29.66   83
31   61.2  72.1    13:13  47.9    23:55    5    1  0.00   1  12    15:04 ENE 29.79   74
---------------------------------------------------------------------------------------
TOT  57.2  85.5  5/20/12  28.4   5/7/12  293   51  4.94   1  22  5/21/12  SW 29.98   78

HEAT BASE: 65.0
COOL BASE: 65.0