NOAA-Style Climate Reports: Lisbon, NH


Report for 2012 April
                  MONTHLY CLIMATOLOGICAL SUMMARY FOR 4/2012
                                        HEAT  COOL        
     MEAN                               DEG   DEG       WIND SPEED       DOM MEAN  MEAN
DAY  TEMP  HIGH   TIME     LOW   TIME   DAYS  DAYS RAIN AVG  HI  TIME    DIR BAROM HUM
---------------------------------------------------------------------------------------
1    31.7  46.6    13:56  18.1     6:14   33    0  0.05   1  14    16:12 ENE 29.77   76
2    35.7  45.8    13:54  24.1    23:59   29    0  0.02   2  20    11:21 ENE 29.73   63
3    34.3  49.7    14:50  17.7     6:30   31    0  0.00   2  17    14:18 ENE 29.81   50
4    39.4  51.4    13:18  26.3     7:01   26    0  0.00   2  19    15:26  SW 29.58   55
5    34.1  37.8    12:45  29.7    23:48   31    0  0.00   1  13     6:10 ENE 29.78   62
6    35.6  46.0    14:45  28.8     1:38   29    0  0.00   2  17    11:24 ENE 29.93   52
7    36.1  44.2    14:55  25.3     6:35   29    0  0.00   2  24    14:35 ENE 29.99   55
8    37.5  43.3    17:18  30.7     6:01   27    0  0.00   1  13     8:06 ENE 29.74   70
9    37.7  43.6    16:03  30.9     4:02   27    0  0.07   3  18    16:56 WSW 29.44   88
10   40.4  47.1    13:20  33.0    23:54   25    0  0.09   2  19    13:45 WSW 29.57   81
11   39.5  51.6    13:01  31.3    23:50   25    0  0.08   1  14    15:54 ENE 29.81   81
12   39.1  53.2    11:38  28.8     4:04   26    0  0.01   1  18    16:58 ENE 29.99   78
13   35.9  57.3    13:33  24.4     6:28   17    0  0.00   1  14    11:25  SW 30.11   78
14   45.2  65.1    15:07  24.7     5:54   20    0  0.00   1  17    13:27  SW 30.02   56
15   55.7  72.9    14:53  35.8     6:24   11    2  0.00   2  21    13:29  SW 29.89   63
16   67.8  84.5    17:49  52.8     6:48    4    7  0.00   3  24    13:47 WSW 29.85   61
17   61.6  72.8    13:49  45.1    23:59    5    1  0.00   1  14    14:06  NW 29.97   49
18   43.7  56.2    15:27  30.9     6:05   21    0  0.00   1  15    10:18 ENE 30.18   56
19   47.3  67.8    16:06  25.6     6:08   18    0  0.00   1  17    14:16 WSW 30.00   60
20   57.1  76.0    16:04  34.0     6:10   11    3  0.00   3  17    13:57 WSW 29.85   59
21   56.9  70.7    14:05  41.1    23:46    9    1  0.85   3  22     1:03 WSW 29.71   75
22   39.8  42.9    14:08  36.3     6:25   25    0  0.98   2  12    15:11 ENE 29.84   94
23   48.2  61.7    15:02  37.1     2:57   17    0  0.40   2  19    20:30 ENE 29.37   92
24   45.9  50.8     0:06  39.6    23:43   19    0  0.02   5  25    14:48 WSW 29.40   64
25   41.9  51.6    14:12  32.7     6:09   23    0  0.02   2  21     9:53 WSW 29.72   75
26   45.1  57.6    13:46  32.8     4:13   20    0  0.23   2  22    20:30  SW 29.75   70
27   37.1  44.3     0:00  29.4    23:18   28    0  0.09   1  13    16:54 ENE 29.72   80
28   33.8  45.4    14:46  25.6    23:56   31    0  0.00   1  16    13:13  NW 30.08   54
29   34.9  46.6    13:57  20.8     6:06   30    0  0.00   2  18    14:59  NW 30.10   52
30   41.4  57.9    17:48  22.0     5:59   24    0  0.00   1  13    12:45   E 30.23   53
---------------------------------------------------------------------------------------
TOT  42.8  84.5  4/16/12  17.7   4/3/12  671   13  2.91   2  25  4/24/12 ENE 29.83   67

HEAT BASE: 65.0
COOL BASE: 65.0