NOAA-Style Climate Reports: Lisbon, NH


Report for 2012 March
                  MONTHLY CLIMATOLOGICAL SUMMARY FOR 3/2012
                                        HEAT  COOL        
     MEAN                               DEG   DEG       WIND SPEED       DOM MEAN  MEAN
DAY  TEMP  HIGH   TIME     LOW   TIME   DAYS  DAYS RAIN AVG  HI  TIME    DIR BAROM HUM
---------------------------------------------------------------------------------------
1    23.8  27.5    10:55  16.6    23:11   86    0  0.22   1   7     3:31 ENE 29.90   93
2    22.4  28.7    16:06  17.2     0:00   84    0  0.00   1  13    21:25 WSW 30.05   85
3    35.5  44.5    14:52  26.3     1:02   30    0  0.07   4  29     5:19 WSW 29.50   75
4    31.0  39.4    12:33  22.9    23:57   34    0  0.04   2  13     0:00 WSW 29.55   70
5    15.7  22.9     0:00   5.2    23:59   39    0  0.00   1  12     7:52 ENE 29.91   63
6    13.9  30.3    14:42  -3.1     6:23   51    0  0.00   1  10    12:54 ENE 30.51   59
7    32.2  55.9    14:26  14.2     5:02   33    0  0.00   2  16    15:20 WSW 30.29   62
8    45.0  62.3    12:27  26.5     5:25   20    0  0.20   3  19    19:40   W 29.86   77
9    29.1  38.0     0:00  21.9    22:37   36    0  0.18   1  13     9:25 ENE 29.98   76
10   26.5  34.8    12:32  21.1    22:25   39    0  0.01   1  12    11:43 ENE 30.37   72
11   33.8  51.1    17:28  20.8     7:31   30    0  0.00   1  17    11:24 WSW 30.28   66
12   38.9  60.6    15:44  22.6     7:16   26    0  0.00   0  10    15:17   E 30.18   75
13   45.2  63.3    15:48  34.1    23:57   20    0  0.01   1  20    14:43 WSW 29.92   81
14   36.8  53.2    12:09  28.2     7:25   28    0  0.03   1  12    15:16 ENE 30.07   91
15   37.0  45.5    17:12  32.2    23:42   28    0  0.00   0  10    16:31 WSW 30.28   90
16   34.9  37.1    11:30  32.2     0:00   30    0  0.41   0  12    11:50 WSW 30.16  100
17
18   57.4  75.4    15:59  37.6    23:55    6    2  0.00   1  11    11:55  SW 30.12   64
19   50.5  74.2    16:12  33.1     4:27   16    2  0.00   1  12    20:16  SW 30.15   78
20   53.1  77.4    15:38  33.1     6:59   14    2  0.00   1  11    14:06  SW 30.22   76
21   54.7  78.9    15:11  35.3     6:51   13    3  0.00   1  13    13:58  SW 30.23   76
22   56.9  79.9    15:06  35.1     6:54   12    3  0.00   1  13    15:12 ENE 30.09   74
23   50.9  64.4    13:03  34.8    23:59   14    0  0.00   2  20    13:13 ENE 30.10   55
24   41.5  53.7    16:00  31.8     6:39   23    0  0.00   1  11    11:00 ENE 30.10   50
25   41.2  46.0    14:09  37.7     6:46   24    0  0.12   1  19    14:33 WSW 29.85   84
26   29.6  38.8     0:00  23.1    23:56   35    0  0.04   3  22     7:08 ENE 29.85   65
27   26.6  37.4    15:29  15.9     6:18   38    0  0.00   3  22     0:00 ENE 30.19   35
28   31.8  39.7    12:19  24.4     5:43   33    0  0.08   1  18    12:35 ENE 29.79   77
29   33.0  34.7    13:46  29.9    23:37   32    0  0.01   1  12    11:25 ENE 29.76   88
30   30.9  39.1    14:55  25.9     7:30   34    0  0.01   1  14    11:38 ENE 30.00   61
31   33.0  46.7    17:08  24.8    23:54   32    0  0.00   1  14    15:00 ENE 29.95   57
---------------------------------------------------------------------------------------
TOT  36.4  79.9  3/22/12  -3.1   3/6/12  939   12  1.44   1  29   3/3/12 ENE 30.05   73

HEAT BASE: 65.0
COOL BASE: 65.0