NOAA-Style Climate Reports: Lisbon, NH


Report for 2012 February
                  MONTHLY CLIMATOLOGICAL SUMMARY FOR 2/2012
                                        HEAT  COOL        
     MEAN                               DEG   DEG       WIND SPEED       DOM MEAN  MEAN
DAY  TEMP  HIGH   TIME     LOW   TIME   DAYS  DAYS RAIN AVG  HI  TIME    DIR BAROM HUM
---------------------------------------------------------------------------------------
1    31.2  40.0    14:35  24.8     1:44   34    0  0.11   0  12    23:50 ENE 29.83   96
2    25.9  32.7     0:00  18.3    23:49   39    0  0.00   2  12     0:00 ENE 30.10   79
3    22.1  29.4    13:41  14.4     8:03   43    0  0.00   1  12    13:09 ENE 30.33   70
4    21.0  26.2    14:04   6.5    23:58   44    0  0.02   1  17    12:43   E 30.21   74
5    13.9  27.8    15:07  -0.5     7:12   51    0  0.00   1   8    11:25 ENE 30.15   74
6    27.4  44.8    14:53  15.6     2:42   38    0  0.00   1  14    14:01 WSW 29.87   75
7    26.3  33.7    11:59  11.6    23:58   39    0  0.00   1  13    12:12 ENE 30.05   70
8    16.4  31.2    15:16   3.8     7:17   49    0  0.00   1  10    14:12 ENE 30.20   67
9
10   29.3  41.1    13:18   9.4     7:08   25    0  0.00   1  17    12:31  SW 29.94   66
11   23.7  34.3    11:53   8.4    23:58   41    0  0.00   2  14    15:43 ENE 29.75   75
12    4.5   8.4     0:00   1.8    20:11   59    0  0.00   1  16     1:06 ENE 29.78   63
13   17.0  30.7    15:06   4.9     0:00   48    0  0.02   1  18    13:50 WSW 29.82   69
14   23.4  36.3    14:56  10.8     6:52   42    0  0.00   1  13    12:08 WSW 30.02   75
15   29.2  38.0    14:45  21.7     0:00   36    0  0.00   0   5    11:36  SW 30.15   85
16   33.5  42.6    12:36  27.6     6:53   31    0  0.02   1  11    13:09  SW 30.14   83
17   33.4  41.8    14:09  27.8    22:11   32    0  0.03   0  10    12:25  NW 29.87   83
18   30.7  36.8    13:07  24.1    22:10   34    0  0.00   1  12    10:42 WSW 29.88   70
19   25.1  33.0    14:01  15.3    23:54   40    0  0.00   1  12     1:34 ENE 30.04   67
20   19.9  31.0    13:37   9.2     7:00   45    0  0.00   2  15     9:20 ENE 30.18   72
21   24.4  38.0    14:07  10.1     6:38   41    0  0.00   1  25    21:11  SW 30.13   73
22   34.6  46.0    12:56  27.2     5:49   30    0  0.01   2  18    11:44 WSW 29.58   79
23   30.6  39.1    12:34  25.1    23:55   34    0  0.01   1  13    12:24 WSW 29.49   89
24   28.8  34.8    13:28  22.9     2:28   36    0  0.17   1  17    19:22 WSW 29.60   88
25   27.1  30.6     3:21  19.1    23:44   38    0  0.01   2  17    11:43 WSW 29.34   83
26   17.9  26.0    13:26   9.4    23:59   85    0  0.00   2  14    14:31 WSW 30.24   57
27   18.9  34.5    15:56   3.6     6:02   93    0  0.00   1   7    22:27 ENE 30.24   74
28   23.6  30.3     0:00   8.9    23:56   87    0  0.03   1  17     6:14 ENE 30.28   76
29   19.5  29.7    13:13   6.7     1:54   45    0  0.01   1   9    13:28 ENE 30.25   73
---------------------------------------------------------------------------------------
TOT  24.2  46.0  2/22/12  -0.5   2/5/12 1259    0  0.44   1  25  2/21/12 ENE 29.98   75

HEAT BASE: 65.0
COOL BASE: 65.0