NOAA-Style Climate Reports: Lisbon, NH


Report for 2012 January
                  MONTHLY CLIMATOLOGICAL SUMMARY FOR 1/2012
                                        HEAT  COOL        
     MEAN                               DEG   DEG       WIND SPEED       DOM MEAN  MEAN
DAY  TEMP  HIGH   TIME     LOW   TIME   DAYS  DAYS RAIN AVG  HI  TIME    DIR BAROM HUM
---------------------------------------------------------------------------------------
1    34.6  42.0    13:25  30.4     0:18   30    0  0.10   1  17    19:25 WSW 29.86   96
2    31.9  38.0     3:17  22.6    23:59   33    0  0.01   3  22    12:56 WSW 29.52   82
3     9.1  22.6     0:00  -1.4    23:53   56    0  0.00   1  14    10:10 ENE 29.93   67
4     4.5  14.5    22:53  -6.2     7:28   60    0  0.00   1   7     6:57 ENE 30.06   68
5    19.7  25.7    12:22  11.1    23:59   45    0  0.00   1  11    11:43  NW 29.81   74
6    17.6  23.9    18:33  10.4     0:21   47    0  0.02   0   4    10:27 ENE 29.81   90
7    22.4  28.2    15:44  16.4     0:00   43    0  0.00   0   6    20:01 ENE 29.75   95
8    23.4  28.7     6:27   9.6    23:57   42    0  0.00   1  12     9:25 ENE 30.13   80
9    15.8  30.7    15:02   5.1     3:35   49    0  0.00   0  12    14:43 ENE 30.17   84
10   25.4  32.7    14:44  18.1     0:00   40    0  0.00   1  13    20:42 ENE 29.83   80
11   18.1  26.0    14:36   6.8     7:57   47    0  0.00   0  16    23:52 ENE 30.09   71
12   28.5  30.4    15:53  25.3     0:00   37    0  0.08   1  21     5:04  SW 29.75   92
13   28.6  36.3    12:23  22.2    20:38   36    0  0.10   3  21    17:31 WSW 29.30   94
14   10.5  25.6     1:30  -6.6    23:54   55    0  0.00   2  10     9:14 ENE 29.84   73
15   -4.7   3.8    13:32 -10.0     7:16   69    0  0.00   1  10     9:53   E 30.39   73
16    4.1  22.5    23:59 -12.3     6:14   61    0  0.00   2  19    18:53  SW 30.41   67
17   26.4  30.6    23:19  22.0     4:50   39    0  0.18   0   7     3:25 SSW 29.76   91
18   20.6  36.8     3:34   4.7    23:58   44    0  0.00   3  21     3:36  NW 29.79   67
19   10.9  23.5    14:20  -3.3     7:31   54    0  0.00   2  21    20:01   E 30.14   73
20   15.1  21.6     0:00   2.3    23:43   50    0  0.01   1  14    12:39  NW 30.10   71
21    4.9  12.1    15:37  -6.4    23:59   60    0  0.03   1   7    11:22 ENE 30.29   76
22    3.3  19.6    15:21 -10.4     7:03   62    0  0.00   0   9    12:44  SW 30.53   78
23   28.3  38.6    20:22  10.4     0:00   36    0  0.27   1  18    20:06  NW 30.18   90
24   34.1  38.8    12:42  28.8    23:28   31    0  0.02   0  13    19:24  SW 29.88   95
25   28.1  31.3     1:20  23.6    22:26   37    0  0.00   1  11     3:55 ENE 30.15   76
26   26.1  32.8    14:05  17.8     7:38   39    0  0.06   1   8    10:40 ENE 30.14   76
27   30.9  33.4    12:55  27.2     0:00   34    0  0.88   0  15    23:15 ENE 29.55  100
28   33.4  38.6    13:34  30.4     6:28   32    0  0.00   1  18    23:16 ENE 29.82   73
29   30.0  34.3    13:46  26.5     7:08   35    0  0.00   4  24    14:26 WSW 29.91   62
30   21.8  28.4     0:00  11.3    23:52   43    0  0.00   1  12    13:37 ENE 30.10   74
31   18.7  25.1    23:46  11.1     0:09   46    0  0.04   1   6     4:49 ENE 30.12   91
---------------------------------------------------------------------------------------
TOT  20.1  42.0   1/1/12 -12.3  1/16/12 1392    0  1.80   1  24  1/29/12 ENE 29.97   80

HEAT BASE: 65.0
COOL BASE: 65.0