NOAA-Style Climate Reports: Lisbon, NH


Report for 2011 December
                  MONTHLY CLIMATOLOGICAL SUMMARY FOR 12/2011
                                        HEAT  COOL        
     MEAN                               DEG   DEG       WIND SPEED       DOM MEAN  MEAN
DAY  TEMP  HIGH   TIME     LOW   TIME   DAYS  DAYS RAIN AVG  HI  TIME    DIR BAROM HUM
---------------------------------------------------------------------------------------
1    30.6  36.8    13:01  21.9    23:49   34    0  0.00   2  13     6:18 ENE 30.15   75
2    26.8  33.0    22:01  19.9     7:11   38    0  0.00   0   6    23:32 WSW 30.32   91
3    27.7  37.8    13:44  19.7    23:50   37    0  0.01   1  11    13:28  SW 30.60   82
4    30.7  47.4    14:40  17.2     6:50   34    0  0.00   1  22    11:38 ENE 30.41   82
5    35.6  47.9    13:47  26.8     3:40   29    0  0.00   0   7    12:45 WSW 30.25   93
6    39.8  45.1    14:05  36.0     2:03   25    0  0.24   0   5    14:38 ENE 30.00  100
7    36.6  39.0     0:00  31.5    23:57   28    0  0.54   0   6     5:09 ENE 29.80  100
8    26.2  33.5    13:01  19.3    23:07   24    0  0.26   0  12    12:45 WSW 29.86   98
9    27.4  33.5    13:43  19.4     0:24   37    0  0.00   0   7    14:03 WSW 30.22   97
10   25.3  31.0    13:07  14.4    23:56   40    0  0.00   1  11     9:25 ENE 30.25   89
11   18.1  31.0    13:44   8.9     7:32   47    0  0.00   0  10    13:46  SW 30.52   88
12   22.2  40.7    13:40  12.9     6:24   42    0  0.00   0   8    10:43  SW 30.47   88
13   23.5  32.7    15:00  12.6     7:02   41    0  0.01   0   6     9:54 ENE 30.38   93
14   30.8  35.3    13:09  28.2    21:17   34    0  0.01   0   5    12:48 SSW 30.35   99
15   38.8  45.1    19:11  29.0     0:00   26    0  0.18   3  24     8:52  NW 29.84   94
16   36.1  44.8     2:04  28.1    23:29   29    0  0.06   1  16     9:05 WSW 29.83   89
17   21.8  28.4     2:42  10.6    23:56   43    0  0.00   1  16    11:51 ENE 30.12   75
18    9.5  19.4    14:47   3.1    23:56   55    0  0.00   1  11    12:59   E 30.27   72
19   19.4  34.1    18:58   2.3     2:09   46    0  0.01   1  11    11:29  NW 29.97   79
20   22.1  34.0     0:00   7.4    23:56   43    0  0.00   1  16     5:56 ENE 30.11   69
21   21.7  30.7    18:03   6.3     1:45   43    0  0.30   0   6    14:42 ENE 29.92   93
22   32.7  43.3    13:01  27.3    20:16   32    0  0.00   1  12     5:50 ENE 29.92   96
23   28.3  33.7    13:52  15.3    23:57   37    0  0.29   1  14    15:41 ENE 30.02   94
24    8.8  16.7    12:55  -2.0    23:48   55    0  0.00   1  11    11:29 ENE 30.44   73
25   10.0  20.5    23:28  -2.4     0:15   55    0  0.00   1   6    13:47 ENE 30.20   90
26   19.9  26.9    13:32   9.1    23:56   45    0  0.00   0   8    13:11 ENE 30.09   90
27   19.1  43.0    22:54   4.4     5:27   46    0  0.15   1  14    23:25 ENE 29.85   93
28   28.6  42.7     0:00  14.4    23:53   36    0  0.07   1  14     0:00  NW 29.34   87
29   10.9  21.1    13:50   3.6     7:26   54    0  0.00   1  16    12:13 WSW 29.89   63
30   12.1  20.7    22:29   3.6     3:36   52    0  0.02   0   4     9:11  NE 30.10   88
31   27.3  31.9    15:30  20.7     0:00   38    0  0.00   0   8     6:15 ENE 29.93   97
---------------------------------------------------------------------------------------
TOT  24.8  47.9  12/5/11  -2.4 12/25/11 1229    0  2.15   1  24 12/15/11 ENE 30.11   88

HEAT BASE: 65.0
COOL BASE: 65.0