NOAA-Style Climate Reports: Lisbon, NH


Report for 2011 November
                  MONTHLY CLIMATOLOGICAL SUMMARY FOR 11/2011
                                        HEAT  COOL        
     MEAN                               DEG   DEG       WIND SPEED       DOM MEAN  MEAN
DAY  TEMP  HIGH   TIME     LOW   TIME   DAYS  DAYS RAIN AVG  HI  TIME    DIR BAROM HUM
---------------------------------------------------------------------------------------
1    35.4  53.2    14:15  24.8     7:27   30    0  0.00   0  11    12:50  SW 30.35   84
2    35.2  55.6    15:21  22.3     7:34   30    0  0.00   1  11    15:14  SW 30.31   86
3    37.6  51.1    14:09  25.3     7:34   27    0  0.01   0  10    22:47 WSW 30.00   89
4    36.5  43.9    12:00  29.9    23:16   29    0  0.00   2  18    11:16 ENE 30.09   73
5    30.2  45.4    15:29  20.4     7:51   35    0  0.00   1  10    13:37 ENE 30.42   78
6    30.4  55.0    14:25  16.6     5:49   35    0  0.00   1   9    12:53 WSW 30.38   76
7    34.5  58.4    14:11  18.6     6:29   30    0  0.01   1   9    12:38 WSW 30.22   82
8    42.4  62.8    14:48  26.9     6:20   23    0  0.00   0   8    12:10  SW 30.21   82
9    47.9  68.6    14:31  32.8     6:45   17    0  0.00   1  12    15:14  SW 30.09   83
10   52.6  64.8    11:27  39.6     0:00   12    0  0.30   2  18     1:32  SW 29.79   82
11   36.3  42.7    11:18  31.3    22:32   29    0  0.05   1  14     9:33 WSW 29.57   86
12   36.2  46.4    14:05  27.3    23:53   29    0  0.00   2  22    12:54 WSW 29.91   70
13   40.1  54.7    14:45  24.4     5:46   25    0  0.00   1  15    14:47  SW 29.98   76
14   49.7  59.5    11:48  42.1     6:58   15    0  0.06   1  10    12:19 WSW 29.72   77
15   47.4  56.4    12:03  31.2    23:54   17    0  0.00   1  11    12:36  NW 29.74   87
16   36.7  45.8    14:09  26.2     6:25   28    0  0.17   0   6    12:48  SW 29.84   98
17   36.4  43.3     0:00  30.0    23:59   29    0  0.00   0  11    19:43 WSW 29.79   84
18   30.3  38.8    14:19  25.3    20:23   35    0  0.00   1  13    11:53  SW 30.15   73
19   35.1  48.2    13:20  26.6     2:29   30    0  0.00   1  14    11:18   W 30.19   65
20   43.6  54.7    13:34  33.8     5:14   21    0  0.04   1  17    12:33 WSW 29.98   74
21   29.4  39.1     0:00  17.2    23:52   36    0  0.00   1  13    10:32 ENE 30.32   67
22   24.5  37.8    13:29  13.2     7:00   40    0  0.00   1  10    12:47   E 30.37   76
23   28.8  31.3    10:41  25.9    23:40   36    0  0.78   0  12    13:53 ENE 29.92   99
24   27.2  29.9    14:35  25.0     5:34   38    0  0.00   0   6    10:23  SW 30.11   94
25   27.3  36.0    14:16  22.5     3:25   38    0  0.00   0   7    11:42 WSW 30.03  100
26   28.9  38.3    14:16  21.6     6:52   36    0  0.01   0   4    12:08   E 30.15   99
27   32.6  46.0    12:48  27.0     7:19   32    0  0.00   0   7    12:04   E 30.14   98
28   37.2  43.9    12:28  31.3     2:41   28    0  0.01   0   3     4:35 WSW 30.04  100
29   46.8  58.2    22:52  36.1     4:42   18    0  0.06   1  22    19:33  SW 29.96   93
30   48.4  57.4     1:57  34.4    23:57   17    0  0.34   4  30     6:46 WSW 29.57   76
---------------------------------------------------------------------------------------
TOT  36.8  68.6  11/9/11  13.2 11/22/11  844    0  1.84   1  30 11/30/11 WSW 30.04   84

HEAT BASE: 65.0
COOL BASE: 65.0