NOAA-Style Climate Reports: Lisbon, NH


Report for 2011 October
                  MONTHLY CLIMATOLOGICAL SUMMARY FOR 10/2011
                                        HEAT  COOL        
     MEAN                               DEG   DEG       WIND SPEED       DOM MEAN  MEAN
DAY  TEMP  HIGH   TIME     LOW   TIME   DAYS  DAYS RAIN AVG  HI  TIME    DIR BAROM HUM
---------------------------------------------------------------------------------------
1    50.2  57.3     0:00  43.5    20:48   15    0  0.41   1  11    13:42 ENE 29.74  100
2    50.0  55.1    16:05  43.6     6:55   15    0  0.59   0   6    14:33 ENE 29.89  100
3    55.7  64.3    12:41  49.7    23:58    9    0  0.00   0   8    10:47  SW 29.99   93
4    50.9  59.3    13:50  46.3     4:54   14    0  0.18   1  14    14:00 ENE 30.01   97
5    47.4  54.5    10:49  30.7    23:52   18    0  0.01   2  20    14:12 ENE 30.05   80
6    37.3  52.6    15:12  26.8     7:34   28    0  0.00   1  16    14:14 ENE 30.29   76
7    41.4  60.9    14:55  27.3     5:21   24    0  0.00   0   6    12:28 ENE 30.41   80
8    50.2  74.0    15:12  33.4     6:55   16    1  0.00   0   8    14:20  SW 30.39   86
9    53.7  78.4    15:08  38.7     7:14   13    2  0.01   1   8    11:34 WSW 30.30   85
10   54.7  74.7    13:24  42.1     6:40   12    2  0.00   0  13    15:32   E 30.18   83
11   48.8  68.3    14:55  36.7     7:05   16    0  0.00   0   9    13:17  SW 30.21   79
12   48.6  62.0    13:02  38.4     6:33   16    0  0.00   1  19    17:38  SW 30.17   82
13   51.4  60.7    15:38  46.9     1:47   14    0  0.08   0   8    16:16 ENE 29.91   95
14   56.3  64.1    14:22  49.8     2:44    9    0  0.54   0   7     9:58 ENE 29.54   99
15   51.6  58.8     0:00  45.5    19:03   13    0  0.35   4  26    17:14 WSW 29.37   81
16   49.8  54.1    13:37  45.8     0:56   15    0  0.03   3  24     0:39 WSW 29.60   70
17   47.7  56.7    13:26  38.6     6:42   17    0  0.28   2  20    12:12 WSW 29.58   79
18   48.1  57.3    13:27  43.5    23:52   17    0  0.00   1  16    13:32 WSW 29.78   83
19   45.7  52.9    14:40  40.0     5:46   19    0  0.08   0   6    10:06 ENE 29.92   96
20   55.6  67.1    13:21  46.4     0:00   10    0  0.03   3  19    14:07 WSW 29.47   85
21   48.8  53.5    15:26  42.9    23:58   16    0  0.00   2  17    10:40 WSW 29.73   81
22   44.3  49.7    15:46  40.1     0:59   21    0  0.00   0   8    14:42   E 29.97   92
23   42.9  49.7    12:48  37.0     8:28   22    0  0.00   0   7    11:25  SW 30.08   88
24   42.3  57.6    15:10  30.0     7:22   23    0  0.12   1  16    16:04  SW 30.02   85
25   42.0  49.8    15:16  31.9    23:38   23    0  0.05   1  11    14:52 WSW 29.90   89
26   38.3  47.7    15:10  30.3     3:39   27    0  0.00   0   5    11:04   E 29.88   88
27   35.3  38.6     0:07  30.4    19:39   30    0  0.05   0   8    10:26 ENE 29.80   89
28   32.4  42.9    14:39  24.8     7:54   33    0  0.00   1  11    12:37  SW 30.10   76
29   30.3  37.8    13:20  22.6     5:50   35    0  0.02   1   8    10:27 ENE 30.18   83
30   31.6  40.4    15:33  24.1    23:44   33    0  0.12   1  16    10:41 ENE 30.05   90
31   32.6  48.9    14:34  21.6     7:32   32    0  0.00   1  12    14:56 WSW 30.35   86
---------------------------------------------------------------------------------------
TOT  45.7  78.4  10/9/11  21.6 10/31/11  604    6  2.95   1  26 10/15/11 WSW 29.96   86

HEAT BASE: 65.0
COOL BASE: 65.0