NOAA-Style Climate Reports: Lisbon, NH


Report for 2011 September
                  MONTHLY CLIMATOLOGICAL SUMMARY FOR 9/2011
                                        HEAT  COOL        
     MEAN                               DEG   DEG       WIND SPEED       DOM MEAN  MEAN
DAY  TEMP  HIGH   TIME     LOW   TIME   DAYS  DAYS RAIN AVG  HI  TIME    DIR BAROM HUM
---------------------------------------------------------------------------------------
1    62.6  75.2    12:37  52.2     6:26    5    2  0.00   1  11    16:50 WSW 30.16   84
2    65.2  76.3    14:12  56.2     6:34    3    3  0.00   1  13    14:44  SW 30.06   80
3    67.9  82.8    15:29  56.4     3:35    3    6  0.02   0   8    10:52  SW 29.86   89
4    72.4  84.2    12:54  64.1     5:22    0    8  0.06   1  16    21:51 WSW 29.78   90
5    65.3  71.0    16:15  57.4    23:43    1    2  0.80   0  13    11:04 ENE 29.77   99
6    59.0  67.3    15:28  54.1     7:14    6    0  0.27   1  11    15:14 ENE 30.04   90
7    56.6  60.6    13:51  54.2     2:06    8    0  0.25   0   7    12:51 ENE 30.21  100
8    59.8  66.6    15:57  54.7     4:00    5    0  0.18   0   9    12:05 ENE 30.06   95
9    62.4  74.0    15:06  53.5    23:57    4    2  0.00   1  10    12:02   E 29.84   88
10   55.4  67.4    13:25  43.7    23:58   10    0  0.00   1  13    10:44 ENE 29.97   79
11   53.2  68.3    15:13  40.7     5:02   12    0  0.00   1  17    12:09 WSW 30.06   87
12   61.4  76.9    15:11  48.0     6:11    7    3  0.00   0  12    15:19  SW 29.92   87
13   64.8  77.6    14:05  52.8     5:55    5    4  0.01   1  19    15:04 WSW 29.81   82
14   64.8  74.0    11:46  52.3    23:41    3    2  0.07   0  12    14:54  SW 29.85   85
15   51.9  56.4    10:50  42.9    23:59   13    0  0.26   0   7    15:48   E 29.92   99
16   44.4  53.7    13:35  34.8    23:53   20    0  0.00   1  12    10:49 ENE 30.19   84
17   44.3  60.9    15:00  31.5     6:53   21    0  0.01   1  11    12:41  SW 30.44   85
18   49.6  64.6    14:40  40.7     5:34   15    0  0.00   1   8    16:06 ENE 30.46   85
19   48.8  65.4    15:00  36.8     6:58   16    0  0.00   1  11    16:21 ENE 30.26   84
20   51.0  59.9    17:16  42.7     1:51   14    0  0.15   0   7    15:13 WSW 30.05   99
21   56.1  70.7    15:16  49.8     5:09   10    1  0.00   0  10    14:38  SW 30.19   92
22   59.5  68.8    16:38  50.4     0:00    6    1  0.31   0   3    10:19 WSW 30.10   99
23   66.1  76.1    15:02  60.7     7:05    2    3  0.14   0   6    11:53 ENE 30.08   93
24   67.6  75.8    15:51  61.8     5:51    1    3  0.19   0   6    11:56  SW 29.99   95
25   66.4  76.9    15:13  56.8    22:56    2    3  0.00   1   8     9:25   E 30.06   88
26   60.1  78.0    14:49  50.0    23:54    7    2  0.00   0   7    14:00 ENE 30.00   86
27   58.9  77.8    15:06  45.7     7:33    8    2  0.00   0   7    11:47 ENE 30.00   87
28   62.5  70.8    13:41  55.5     1:30    4    1  0.00   2  20    15:50  SW 30.02   76
29   58.3  63.5    16:33  54.1     5:39    6    0  0.92   0  11    11:56 ENE 29.73   97
30   58.1  67.3    15:13  49.1     7:10    7    0  0.27   1  14     0:14 WSW 29.62   91
---------------------------------------------------------------------------------------
TOT  59.1  84.2   9/4/11  31.5  9/17/11  225   49  3.91   1  20  9/28/11 ENE 30.02   89

HEAT BASE: 65.0
COOL BASE: 65.0