NOAA-Style Climate Reports: Lisbon, NH


Report for 2011 August
                  MONTHLY CLIMATOLOGICAL SUMMARY FOR 8/2011
                                        HEAT  COOL        
     MEAN                               DEG   DEG       WIND SPEED       DOM MEAN  MEAN
DAY  TEMP  HIGH   TIME     LOW   TIME   DAYS  DAYS RAIN AVG  HI  TIME    DIR BAROM HUM
---------------------------------------------------------------------------------------
1    67.7  85.3    13:27  52.5     5:59    4    6  0.00   1  14    13:32  SW 29.80   78
2    64.0  75.6    14:59  56.2     5:34    3    2  0.09   1  14    15:03 ENE 29.69   86
3    64.9  77.4    16:51  54.0     3:48    4    4  0.00   1  11    12:29 ENE 29.73   80
4    68.0  80.3    14:10  56.4     4:55    2    5  0.00   1  12    17:33 ENE 29.90   78
5    69.5  82.4    15:22  57.9     6:07    2    6  0.00   1  12    16:44  SW 30.02   79
6    72.2  86.8    13:56  60.1     4:11    1    8  0.00   1  14    15:25 WSW 29.93   79
7    69.0  75.2    18:19  65.1     5:23    0    4  0.06   0   6    16:21   E 29.65   94
8    70.4  81.3    13:27  59.9    23:56    0    6  0.00   1  17    14:59 ENE 29.55   81
9    65.7  78.9    12:33  55.8     3:12    3    4  0.09   1  14    22:57  SW 29.62   85
10   66.3  77.6    15:13  60.7    23:02    1    3  0.31   1  12     0:56  SW 29.53   88
11   63.6  73.3    14:17  56.5     4:53    3    2  0.00   1  16    10:43  SW 29.71   80
12   61.9  73.6    15:05  52.0     4:53    5    2  0.00   0   6    12:12   E 29.92   83
13   64.1  80.9    13:35  50.3     5:58    6    5  0.00   1  15    15:57  SW 30.00   78
14   65.1  77.8    13:17  53.8     4:07    3    3  0.02   1  13    17:50 WSW 29.90   85
15   60.3  63.9    15:34  55.5    23:25    5    0  1.26   0   5    12:38  NE 29.82  100
16   58.1  64.9    17:52  54.4     1:18    7    0  0.51   0   6     1:34  NE 29.82  100
17   62.5  77.3    14:11  53.1    23:59    5    3  0.01   0  10    15:47 WSW 30.05   83
18   63.9  81.6    14:51  48.8     6:06    6    5  0.00   1  11    13:20  SW 29.94   83
19   64.9  81.8    13:28  55.9     5:04    3    3  0.41   1  16    12:25  SW 29.87   93
20   66.5  82.0    14:20  57.4     6:24    3    5  0.00   0   8    15:59  SW 29.92   86
21   63.9  81.8    13:14  55.8     5:37    3    2  0.87   0  11    22:26  SW 29.84   93
22   61.8  69.6    15:14  53.1    23:28    4    0  0.18   1  13     9:43 WSW 29.72   83
23   58.3  71.2    14:47  47.3     5:36    8    1  0.00   0  11    10:53 WSW 29.94   82
24   64.3  77.3    13:29  50.0     6:08    5    4  0.00   2  27    15:06 WSW 29.95   75
25   68.2  73.6    15:41  64.9    23:59    0    3  0.00   2  17     3:04 WSW 29.78   86
26   65.9  76.1    15:00  56.1    23:54    2    3  0.00   1  10    11:46 ENE 29.94   83
27   65.6  78.4    13:57  52.3     6:07    4    5  0.00   0  11    14:05 WSW 29.88   86
28   63.5  66.4    14:27  55.8    23:29    1    0  2.75   1  17    23:43 ENE 29.32  100
29   59.7  70.0    14:13  48.9    23:30    6    1  0.01   1  13     4:51  SW 29.79   79
30   58.2  73.6    15:20  45.5     6:43    9    2  0.00   0   8    14:46  SW 30.06   87
31   61.9  76.0    14:36  50.7     6:25    6    3  0.00   0   7    13:35 ENE 30.16   84
---------------------------------------------------------------------------------------
TOT  64.5  86.8   8/6/11  45.5  8/30/11  115  100  6.57   1  27  8/24/11  SW 29.83   85

HEAT BASE: 65.0
COOL BASE: 65.0