NOAA-Style Climate Reports: Lisbon, NH


Report for 2011 July
                  MONTHLY CLIMATOLOGICAL SUMMARY FOR 7/2011
                                        HEAT  COOL        
     MEAN                               DEG   DEG       WIND SPEED       DOM MEAN  MEAN
DAY  TEMP  HIGH   TIME     LOW   TIME   DAYS  DAYS RAIN AVG  HI  TIME    DIR BAROM HUM
---------------------------------------------------------------------------------------
1    63.0  70.2    14:35  57.0     1:45    3    1  0.03   0   8    14:55 ENE 29.96   89
2    65.5  80.9    13:52  54.5     5:34    4    5  0.01   0   7    13:00 ENE 30.00   80
3    64.4  72.1    17:52  57.4     2:31    3    2  0.13   0   9    17:47 WSW 29.82   95
4    71.1  84.9    14:42  57.0    23:58    1    7  0.00   0   8    11:38 ENE 29.76   77
5    68.8  84.9    13:53  53.8     5:20    3    7  0.00   0  11    14:45  SW 29.85   73
6    67.0  84.9    15:15  54.1     5:21    3    5  0.21   1  18    15:33 WSW 29.83   84
7    68.3  76.5    13:52  54.4    23:57    1    3  0.02   0  12    12:18 ENE 29.91   66
8    64.0  77.4    14:23  51.0     4:56    5    4  0.00   1  14    13:29 WSW 29.88   79
9    65.4  73.6    15:07  53.7    23:58    2    2  0.19   1  17    14:26 ENE 29.82   79
10   65.5  78.9    13:55  51.0     2:28    5    5  0.00   1  11    12:46  SW 29.99   74
11   72.9  86.1    13:12  58.0     5:26    2    9  0.00   1  16    13:29 WSW 29.82   75
12   73.5  83.6    14:43  66.9     4:58    0    9  0.01   0  11    12:20 ENE 29.60   84
13   68.0  80.1    12:45  56.5    23:58    1    4  0.02   1  17    16:25 ENE 29.71   78
14   64.1  77.4    13:20  49.5     5:46    5    4  0.00   1  16    14:57 ENE 29.96   69
15   64.9  79.9    14:45  48.8     5:20    5    5  0.00   0  12    11:47 ENE 30.03   70
16   66.7  84.0    14:40  49.7     5:45    5    6  0.00   0  10    13:53  SW 30.08   72
17   71.1  88.2    13:41  52.3     6:28    3    9  0.00   1  16    15:52  SW 29.99   75
18   68.9  76.3    14:26  63.0     5:33    0    4  0.51   1  11     0:12 WSW 29.81   93
19   69.4  81.5    13:26  57.4    23:57    2    6  0.00   1  13    11:37 ENE 29.82   75
20   70.0  85.3    14:49  53.7     5:37    3    8  0.00   1  19    15:07 WSW 29.80   78
21   76.9  89.3    16:01  63.3     5:32    0   12  0.00   1  20    13:29 WSW 29.61   82
22   79.0  93.4    14:41  65.8    23:09    0   14  0.00   0  13    13:26 WSW 29.73   70
23   74.3  89.3    14:30  64.3     5:13    0    9  0.00   1  13    12:08  SW 29.82   71
24   68.5  78.2    14:05  55.9    23:54    1    4  0.00   1  13    10:01 ENE 29.90   71
25   61.2  72.9    10:31  50.3     5:33    5    2  0.27   1  19    17:52 WSW 29.89   84
26   63.6  76.1    14:52  56.7    23:56    4    2  0.32   1  18    16:58 WSW 29.67   89
27   62.0  71.7    14:24  54.8     3:38    5    2  0.01   1   8    16:16 ENE 29.84   89
28   65.2  80.7    15:07  53.2     4:55    5    5  0.00   0  10    14:56  SW 30.01   82
29   65.9  76.5    13:33  57.9     1:37    2    3  0.07   0  15    13:36 WSW 29.86   93
30   68.8  77.1    15:20  58.0    23:59    1    4  0.00   1  12    10:31 ENE 29.86   83
31   65.5  80.9    15:07  52.3     6:27    5    5  0.00   0   8    13:43  SW 29.99   77
---------------------------------------------------------------------------------------
TOT  67.8  93.4  7/22/11  48.8  7/15/11   83  170  1.80   1  20  7/21/11 WSW 29.86   79

HEAT BASE: 65.0
COOL BASE: 65.0