NOAA-Style Climate Reports: Lisbon, NH


Report for 2011 June
                  MONTHLY CLIMATOLOGICAL SUMMARY FOR 6/2011
                                        HEAT  COOL        
     MEAN                               DEG   DEG       WIND SPEED       DOM MEAN  MEAN
DAY  TEMP  HIGH   TIME     LOW   TIME   DAYS  DAYS RAIN AVG  HI  TIME    DIR BAROM HUM
---------------------------------------------------------------------------------------
1    70.0  83.8    13:39  55.6     5:25    2    7  0.19   2  25    17:53 WSW 29.84   75
2    54.7  63.0     3:04  48.5    23:44   10    0  0.00   1  14     7:34 WSW 29.77   66
3    52.3  62.2    14:45  42.0    23:58   13    0  0.00   1  17    12:47 ENE 29.97   66
4    53.1  67.6    14:06  35.8     5:46   12    0  0.00   1  17    11:19 ENE 30.03   71
5    55.4  69.6    13:59  39.4     5:39   10    0  0.00   1  11    10:40  SW 30.03   80
6    61.6  77.4    15:18  46.6     6:26    7    4  0.01   1  12    11:49 ENE 29.98   75
7    65.1  81.6    14:54  47.1     5:11    6    6  0.00   0  11    13:02  SW 29.87   73
8    70.8  86.8    13:47  52.2     5:09    4    9  0.00   1  14    16:13 WSW 29.78   73
9    69.2  82.8    14:16  62.5    23:18    0    5  0.39   1  14     0:41 WSW 29.75   89
10   64.2  73.5    13:58  55.5    23:11    3    2  0.00   1  10    12:23 ENE 29.95   75
11   53.5  57.7     8:06  50.7    23:44   11    0  0.50   1  14     9:12 WSW 30.07   96
12   52.1  57.7    12:13  49.1     2:07   13    0  0.39   1  14    14:12 WSW 29.91   92
13   56.1  64.1    14:30  50.7     4:51    9    0  0.03   0   7    14:33 WSW 29.85   94
14   55.2  62.8    18:03  50.4     6:52   10    0  0.08   1  17    10:56 ENE 29.90   85
15   60.7  79.5    14:36  48.2     5:24    7    3  0.05   1  13    16:57 ENE 29.82   82
16   64.0  82.6    14:02  49.7     5:02    6    5  0.00   1  14    15:29  SW 29.83   77
17   62.3  74.9    10:51  51.0     5:07    4    1  0.05   0  15    13:08  SW 29.85   89
18   64.2  77.8    14:44  50.8    23:58    7    4  0.04   0  13    16:49  SW 29.77   88
19   58.9  71.2    14:43  44.8     5:38    8    1  0.00   2  16    10:25 ENE 29.82   70
20   59.3  74.0    15:12  43.7     5:17    8    3  0.00   1  10    10:23 ENE 29.88   75
21   63.6  77.8    14:07  48.3     5:24    6    4  0.00   1  11    12:14 ENE 29.91   70
22   61.4  77.6    14:53  47.0     5:12    6    2  0.11   1  17    15:14  SW 29.93   83
23   61.8  69.5    10:18  58.0     3:52    3    0  0.29   1  16    19:20 WSW 29.82   93
24   56.6  61.0     1:26  52.0    23:34    8    0  0.33   0  11     1:01 WSW 29.79   96
25   58.0  67.1    16:30  51.1     3:53    7    0  0.01   1  10    13:48  SW 29.80   92
26   64.0  71.2    13:45  57.6     1:14    3    2  0.01   1  12    14:12  SW 29.87   91
27   67.0  79.9    14:39  56.8     6:41    3    5  0.00   0  12    12:19 ENE 29.97   77
28   66.1  78.6    12:43  52.8     4:51    4    5  0.00   0  11    12:59 ENE 29.87   84
29   69.1  76.9    15:11  61.2    23:57    0    4  0.00   1  13     9:39 WSW 29.75   74
30   60.9  68.1    16:37  56.7     5:26    4    0  0.05   0  12    18:42  SW 29.84   84
---------------------------------------------------------------------------------------
TOT  61.0  86.8   6/8/11  35.8   6/4/11  195   74  2.53   1  25   6/1/11 ENE 29.87   81

HEAT BASE: 65.0
COOL BASE: 65.0