NOAA-Style Climate Reports: Lisbon, NH


Report for 2011 May
                  MONTHLY CLIMATOLOGICAL SUMMARY FOR 5/2011
                                        HEAT  COOL        
     MEAN                               DEG   DEG       WIND SPEED       DOM MEAN  MEAN
DAY  TEMP  HIGH   TIME     LOW   TIME   DAYS  DAYS RAIN AVG  HI  TIME    DIR BAROM HUM
---------------------------------------------------------------------------------------
1    49.3  67.4    17:46  28.1     5:54   16    0  0.00   1  18    21:25 ENE 30.25   55
2    55.2  70.0    14:35  33.3     5:48   11    1  0.00   2  20    14:00  SW 30.14   60
3    58.2  64.6    17:22  52.6     6:41    7    0  0.00   2  24    18:42   W 30.03   72
4    47.7  57.3     0:06  39.3    22:44   17    0  0.67   1  13     0:00   E 29.90   97
5    40.2  44.8    14:35  37.0    23:52   25    0  0.13   1   9     8:30 ENE 29.83   94
6    49.1  62.3    16:54  34.5     6:23   16    0  0.00   3  21    14:12 WSW 29.78   64
7    51.2  65.9    15:07  37.3     4:39   14    0  0.00   1  11    14:42  SW 29.78   75
8    50.2  63.1    13:52  35.4     5:48   15    0  0.00   1  18    14:07 ENE 29.92   69
9    50.2  63.8    15:11  32.5     5:21   15    0  0.00   3  25     9:47 ENE 29.99   58
10   50.4  61.2    13:43  34.1     5:49   15    0  0.00   4  21    13:26 ENE 30.06   65
11   54.6  65.3    15:18  43.2    23:59   10    0  0.00   3  20    10:29 ENE 30.11   66
12   54.4  71.7    15:16  34.7     5:26   12    1  0.00   1  14    15:06 ENE 30.04   70
13   59.9  74.9    14:43  41.4     5:38    8    3  0.00   2  19    21:52  SW 29.86   66
14   54.6  62.3    11:12  47.9     5:46   10    0  0.49   1  13     0:00 WSW 29.77   84
15   50.6  55.0    13:38  46.6    23:25   14    0  1.29   1  12    15:59 ENE 29.71  100
16   50.3  58.8    15:44  46.0     5:29   15    0  0.29   0   7    13:45  SW 29.84   92
17   51.8  60.4    14:39  45.8     5:10   13    0  0.06   1   9    15:49 ENE 30.09   96
18   57.8  67.8    16:43  50.6     1:14    7    0  0.00   1  11    15:16 WSW 30.15   90
19   60.7  71.5    16:59  55.1     4:44    6    1  0.13   1  12    17:12  SW 30.06   91
20   61.5  74.0    13:21  53.7     5:52    5    1  0.84   1  11    12:42 ENE 29.94   89
21   62.6  71.4    12:39  56.5    23:59    4    1  0.52   1  15    14:10 ENE 29.94   86
22   57.6  67.9    13:43  52.3     5:43    8    0  0.00   2  16    14:03 WSW 30.08   83
23   54.9  60.2    15:56  48.6     5:48   10    0  0.09   2  18    16:50 WSW 29.94   90
24   65.9  76.1    15:16  57.9     6:02    2    3  0.00   1  19    10:52  SW 29.66   78
25   60.8  71.0    15:18  49.2     5:29    5    1  0.00   1  13     9:57 ENE 29.89   71
26   65.7  81.5    16:33  48.0     5:04    5    6  0.07   2  24    13:35 WSW 29.84   77
27   67.9  81.1    14:43  57.9     5:35    3    5  1.19   0  14     0:02 ENE 29.91   84
28   66.0  75.2    11:42  57.6     3:35    2    3  0.16   1  17    12:50 WSW 29.99   87
29   70.0  79.7    15:13  62.0     4:55    1    6  0.00   1  19    12:46 WSW 29.96   84
30   70.4  80.9    14:17  56.2    23:56    1    6  0.28   1  13    12:58 ENE 30.02   76
31   66.6  81.6    14:03  52.9     2:36    4    6  0.00   0  10    14:41  SW 30.14   77
---------------------------------------------------------------------------------------
TOT  57.0  81.6  5/31/11  28.1   5/1/11  295   46  6.24   1  25   5/9/11 ENE 29.96   79

HEAT BASE: 65.0
COOL BASE: 65.0