NOAA-Style Climate Reports: Lisbon, NH


Report for 2011 April
                  MONTHLY CLIMATOLOGICAL SUMMARY FOR 4/2011
                                        HEAT  COOL        
     MEAN                               DEG   DEG       WIND SPEED       DOM MEAN  MEAN
DAY  TEMP  HIGH   TIME     LOW   TIME   DAYS  DAYS RAIN AVG  HI  TIME    DIR BAROM HUM
---------------------------------------------------------------------------------------
1    31.1  35.5     0:00  29.3     7:42   34    0  0.37   1  10    17:46 ENE 29.43   94
2    34.9  46.7    15:45  25.6    23:42   30    0  0.01   1  13    15:30 WSW 29.34   79
3    32.8  44.6    14:24  20.7     6:25   32    0  0.01   1  19    12:13  SW 29.75   63
4    30.6  36.1    16:01  23.9     3:42   34    0  0.27   1  26    10:22 WSW 29.74   91
5    34.1  38.1    11:35  30.2    21:48   31    0  0.32   0   7    11:50 WSW 29.31  100
6    29.9  38.7    12:47  22.0    23:55   35    0  0.12   1  14    10:37 WSW 29.81   86
7    30.5  46.4    15:30  15.3     6:24   34    0  0.01   1  12    13:10 ENE 30.12   67
8    33.2  49.8    16:04  18.0     6:23   32    0  0.00   1  12    13:33 ENE 30.19   63
9    38.5  58.7    15:23  20.2     6:25   26    0  0.00   1  12    13:06  SW 30.11   63
10   45.3  63.3    13:51  27.3     6:17   20    0  0.30   2  18    15:35 WSW 30.02   69
11   47.4  61.2    17:29  39.4     4:32   18    0  0.98   1  16     8:26  SW 29.57   96
12
13   38.5  43.0    17:18  34.8     0:25   26    0  0.33   1  14     5:54 ENE 30.05   94
14   40.1  46.9    11:16  29.3    23:58   25    0  0.04   1  15     9:27 ENE 30.01   85
15   31.5  42.4    15:07  21.0     6:13   34    0  0.00   1  16    13:57 ENE 30.46   55
16   32.7  40.6    13:49  22.2     4:28   32    0  0.05   3  22    11:11 WSW 30.28   64
17   43.6  50.4    14:35  37.3     0:02   21    0  0.14   3  26    20:37 WSW 29.53   73
18   38.6  47.0    15:48  33.8     3:15   26    0  0.02   3  20    16:10 WSW 29.84   68
19   41.9  48.9    13:38  35.1     4:04   23    0  0.00   1  16     9:18 ENE 30.09   64
20   37.9  41.7    13:12  34.3     7:04   27    0  0.40   1  19    11:47  SW 29.90   83
21   35.8  40.4    11:40  27.2    23:59   29    0  0.03   2  20    11:40  SW 30.00   77
22   38.5  53.7    16:35  22.9     6:03   27    0  0.01   1  14    15:40 ENE 30.39   61
23   37.5  41.7    16:29  32.1     1:41   27    0  0.05   3  34    14:36  SW 30.11   77
24   47.9  58.0    16:40  39.4     3:49   17    0  0.00   1  13    15:05  SW 29.94   79
25   48.0  62.3    13:23  35.4     2:53   17    0  0.08   1  14    14:21 WSW 30.06   82
26   50.8  57.0    15:38  46.1     6:48   14    0  0.34   0   7     4:19 ENE 29.96   96
27   63.3  79.9    15:05  49.2     5:33    6    5  0.17   3  25    15:52  SW 29.87   80
28   65.6  71.2    13:26  51.0    23:59    1    2  0.46   4  26     0:52 WSW 29.56   84
29   48.7  61.4    11:25  36.3     6:01   16    0  0.04   1  19    11:29  SW 29.69   81
30   47.1  58.2    15:23  36.8    23:57   18    0  0.00   2  18    11:15 ENE 30.04   72
---------------------------------------------------------------------------------------
TOT  40.8  79.9  4/27/11  15.3   4/7/11  715    7  4.56   2  34  4/23/11 WSW 29.90   77

HEAT BASE: 65.0
COOL BASE: 65.0