NOAA-Style Climate Reports: Lisbon, NH


Report for 2011 March
                  MONTHLY CLIMATOLOGICAL SUMMARY FOR 3/2011
                                        HEAT  COOL        
     MEAN                               DEG   DEG       WIND SPEED       DOM MEAN  MEAN
DAY  TEMP  HIGH   TIME     LOW   TIME   DAYS  DAYS RAIN AVG  HI  TIME    DIR BAROM HUM
---------------------------------------------------------------------------------------
1    20.3  29.7    14:39   3.5    23:59   45    0  0.00   2  17     4:21 ENE 30.13   63
2    16.2  36.6    12:38   2.7     1:21   49    0  0.07   2  18    11:56 ENE 30.02   74
3     4.4  17.8    15:49  -9.7     6:53   59    0  0.00   1  12     8:49 ENE 30.63   56
4    12.4  31.3    13:23 -13.2     6:29   53    0  0.00   2  21    15:33  SW 30.67   53
5    38.9  48.0    22:38  29.3     0:00   26    0  0.00   6  25    12:38   W 30.27   79
6    40.5  48.8     6:57  28.1    23:50   24    0  1.12   4  25     0:00 ENE 29.96   94
7    22.4  29.6     2:55  16.3    23:54   43    0  1.15   1  12     0:25 ENE 29.92   97
8    16.0  27.6    14:41   2.9     6:26   49    0  0.00   0   7    11:16 ENE 30.57   88
9    19.9  31.9    14:17   3.3     6:06   45    0  0.00   1  19    22:55  SW 30.67   76
10   33.0  37.3    23:56  26.3     0:03   32    0  0.02   4  26     6:06  SW 30.34   79
11   37.8  47.6     9:15  31.9    22:49   27    0  0.15   1  17     0:36 WSW 29.82   95
12   34.1  37.4    12:31  31.0     3:42   31    0  0.04   0   0     0:00   N 29.68   85
13   33.7  39.3    14:27  30.3     4:56   30    0  0.08   0   0     0:00   N 29.90   89
14   30.0  36.8    14:32  20.2    23:55   35    0  0.00   0   5    17:20 WSW 30.28   71
15   27.8  43.6    17:00  12.9     7:07   37    0  0.00   1  14    12:32 WSW 30.41   73
16   31.4  36.8    15:36  23.9     3:11   34    0  0.05   0  13     4:15 WSW 30.12   95
17   38.6  55.0    15:53  29.7    23:59   26    0  0.00   1  12    15:56 WSW 30.02   79
18   40.7  61.2    12:15  28.8     1:53   21    0  0.02   2  25    12:41   W 29.72   75
19   31.3  36.4    13:38  21.1    23:54   29    0  0.00   2  19    16:00 ENE 30.24   57
20   26.4  40.1    15:28  12.7     7:10   39    0  0.00   1  11    15:59 ENE 30.57   60
21   27.6  33.5    11:27  22.6     6:59   37    0  0.07   1  22    17:11 WSW 30.13   84
22   31.1  36.7    11:35  27.6    23:56   34    0  0.10   1  11    11:52 ENE 29.90   87
23   24.4  32.1    15:22  16.9     4:39   41    0  0.00   1  13    11:01 ENE 29.87   67
24   24.4  35.7    12:55  11.3     6:50   41    0  0.00   1  11    16:53 ENE 29.74   73
25   25.2  33.3    14:04  17.7    23:59   40    0  0.00   1  17    15:36 ENE 29.85   64
26   21.3  29.4    16:25  12.1     7:00   44    0  0.00   1  18    16:33  NW 29.89   60
27   22.5  30.6    14:44  12.3     7:07   43    0  0.00   1  14    23:38 ENE 29.85   43
28   23.4  30.9    14:34  18.6    23:57   42    0  0.00   2  17    13:22 ENE 29.87   51
29   23.7  34.0    16:09  10.8     6:13   41    0  0.00   1  11    11:26 ENE 30.02   73
30   30.5  44.2    14:07  20.4     4:01   35    0  0.00   1  13    13:52 ENE 30.06   71
31   33.6  46.1    14:10  22.8     5:23   31    0  0.00   1  17    18:41  SW 29.89   69
---------------------------------------------------------------------------------------
TOT  27.1  61.2  3/18/11 -13.2   3/4/11 1161    0  2.87   1  26  3/10/11 ENE 30.10   74

HEAT BASE: 65.0
COOL BASE: 65.0