NOAA-Style Climate Reports: Lisbon, NH


Report for 2011 February
                  MONTHLY CLIMATOLOGICAL SUMMARY FOR 2/2011
                                        HEAT  COOL        
     MEAN                               DEG   DEG       WIND SPEED       DOM MEAN  MEAN
DAY  TEMP  HIGH   TIME     LOW   TIME   DAYS  DAYS RAIN AVG  HI  TIME    DIR BAROM HUM
---------------------------------------------------------------------------------------
1     6.1  13.4    23:14  -3.3     0:07   59    0  0.09   1   6    15:14 ENE 30.44   83
2    16.5  21.0    14:36  12.3     6:26   48    0  0.47   0   6    15:45 ENE 29.95   92
3     9.4  18.0    14:09 -10.0    23:56   55    0  0.00   1   9    10:39 ENE 30.20   82
4    11.2  26.9    15:22 -18.9     7:10   34    0  0.00   1  10    11:44 ENE 30.06   74
5    12.6  29.7    22:28 -10.7     7:23   52    0  0.66   0   9    11:36 ENE 29.80   83
6    28.3  32.8    12:53  25.3     6:49   37    0  0.16   0  10    13:03 ENE 29.70   93
7    28.4  35.4    13:31  22.2     6:48   37    0  0.01   0   7    10:28 WSW 29.90   95
8    20.0  31.5    10:19  -4.5    23:59   43    0  0.11   1  13    21:05 ENE 29.65   88
9     4.1  20.7    14:46 -12.3     3:05   59    0  0.00   1  21    14:30 WSW 29.98   78
10    4.1  21.4    13:14 -11.8    23:50   60    0  0.00   1  13    13:49  NE 29.96   73
11   -0.1  23.2    15:14 -19.7     6:31   65    0  0.00   1  13    12:06  SW 30.08   71
12   15.1  30.3    12:50  -1.0     0:00   50    0  0.00   1  17    13:00   W 29.81   76
13   17.9  26.6    18:04  -2.7     7:45   47    0  0.00   2  20    13:49 WSW 29.84   77
14   29.2  47.7    12:23  17.8    23:54   36    0  0.04   2  20    14:30 ENE 29.43   80
15    8.3  17.8     0:00  -5.8    23:52   56    0  0.01   2  22     3:25 ENE 30.22   61
16    7.5  22.3    16:11  -9.5     5:31   55    0  0.00   0   8    12:16  SW 30.27   66
17   30.5  50.0    13:25  16.9     7:24   34    0  0.00   0   7    10:25  SW 30.05   72
18   39.6  56.2    15:49  30.7     3:33   26    0  0.01   2  18    22:26 WSW 29.60   71
19   19.9  39.6     0:00   9.6    19:04   45    0  0.07   2  21    12:03 ENE 29.67   68
20   12.1  20.4    13:50   8.0     7:08   53    0  0.00   2  14     1:30 ENE 30.11   61
21    8.7  16.9    13:43  -8.1    23:54   56    0  0.06   1  17    12:51 ENE 29.94   71
22    3.3  21.4    15:10 -13.5     6:53   62    0  0.00   2  14    10:00 ENE 30.18   64
23    7.3  30.6    14:29 -12.8     6:51   58    0  0.00   1  14    14:52 ENE 30.34   59
24   15.7  35.1    14:24  -9.7     6:27   49    0  0.00   1  16    16:22  SW 30.15   60
25   26.4  28.8    11:09  21.1    23:46   39    0  0.51   0  13    18:01 ENE 29.68   88
26   16.6  24.1    14:58   2.9     6:48   43    0  0.00   1  12    13:17 ENE 30.06   71
27   20.1  26.6    14:42  14.2     5:12   45    0  0.08   1  13    15:01 ENE 30.04   86
28   27.2  33.0    13:05  17.4     1:42   38    0  0.15   1  28    11:19 WSW 29.76   91
---------------------------------------------------------------------------------------
TOT  16.0  56.2  2/18/11 -19.7  2/11/11 1341    0  2.43   1  28  2/28/11 ENE 29.96   76

HEAT BASE: 65.0
COOL BASE: 65.0