NOAA-Style Climate Reports: Lisbon, NH


Report for 2010 December
                  MONTHLY CLIMATOLOGICAL SUMMARY FOR 12/2010
                                        HEAT  COOL        
     MEAN                               DEG   DEG       WIND SPEED       DOM MEAN  MEAN
DAY  TEMP  HIGH   TIME     LOW   TIME   DAYS  DAYS RAIN AVG  HI  TIME    DIR BAROM HUM
---------------------------------------------------------------------------------------
1    46.2  49.8    17:29  39.4     1:14   17    0  0.44   4  30    13:18 WSW 29.88   89
2    34.8  45.2     0:00  30.9    23:33   29    0  0.05   1  18     0:12 ENE 29.93   90
3    32.0  35.8    10:50  30.3     4:55   31    0  0.01   2  12    11:11 ENE 29.95   81
4    27.8  30.7     0:00  24.9    19:37   36    0  0.01   1   8     0:00 ENE 29.73   86
5    23.3  25.1    12:19  20.1    23:43   40    0  0.00   1  10     1:20 ENE 29.58   76
6    20.9  22.7    12:59  19.8     1:18   43    0  0.13   1  13    17:47 WSW 29.31   88
7    20.8  23.9    11:17  18.0    19:40   42    0  0.00   2  13    12:07  SW 29.37   76
8    16.5  20.7    14:42  12.9     7:02   46    0  0.00   1  13    13:26 WSW 29.76   73
9    11.2  15.9    10:22   5.4    21:38   51    0  0.00   1  11    11:24 ENE 30.18   75
10    6.5  15.0    23:53  -5.3     7:11   56    0  0.01   0   6    11:11 ENE 30.38   80
11   22.9  29.0    14:52  15.0     0:00   40    0  0.00   1   8     6:55  SW 30.22   89
12   30.1  51.0    23:29  13.4     5:17   32    0  0.10   2  27    18:28 ENE 29.82   95
13   41.2  51.7     1:22  19.9    23:58   21    0  0.42   2  25     0:06 ENE 29.10   91
14   14.7  19.9     0:00   7.5    23:25   48    0  0.02   1   8     0:20 ENE 29.42   80
15    8.9  10.8    14:26   6.3     1:58   54    0  0.05   1  10    14:01  NE 29.63   82
16   11.5  21.3    14:31   3.8     4:33   51    0  0.00   0   8    13:22  SW 29.73   86
17    9.8  21.9    12:51   1.8    23:50   53    0  0.00   0   8    13:00 ENE 29.89   87
18   13.3  27.3    14:46   1.0     0:46   49    0  0.00   0   5     3:42 ENE 30.09   89
19   20.3  28.8    14:39  12.3    23:59   42    0  0.00   0   6    19:16  SW 30.05   90
20   17.2  22.2    13:13   9.8     1:43   45    0  0.02   2  13    16:46 ENE 29.93   86
21   23.3  27.3    21:08  18.1     0:00   39    0  0.06   2  14     3:14 ENE 29.87   89
22   27.0  27.9    11:59  25.4     7:38   36    0  0.01   2  14    23:58 ENE 29.75   90
23   25.9  27.8    12:38  22.6    23:54   37    0  0.00   3  17    22:38 ENE 29.83   86
24   17.4  23.1    14:30   5.6    23:55   44    0  0.00   2  14     0:16 ENE 30.09   81
25    8.7  18.9    14:53  -0.7     5:47   54    0  0.00   1  11    13:12 ENE 30.08   86
26    9.7  17.2    22:42   2.5     1:58   53    0  0.00   2  14    22:21 ENE 29.95   83
27   12.9  18.0     3:24   8.6    17:09   50    0  0.55   4  22    11:42 ENE 29.39   92
28   10.2  22.6    13:59  -3.9     7:36   52    0  0.00   1  17    11:39 ENE 29.68   79
29   11.9  19.9    20:14  -1.4     2:05   51    0  0.00   1   6     0:56  NE 29.98   91
30   21.1  37.0    13:58  11.0    22:30   41    0  0.00   0   6    14:10 ENE 30.14   90
31   23.0  37.1    14:48  12.4     0:00   39    0  0.00   0   5    14:06 ENE 30.10   92
---------------------------------------------------------------------------------------
TOT  20.0  51.7 12/13/10  -5.3 12/10/10 1322    0  1.88   1  30  12/1/10 ENE 29.83   85

HEAT BASE: 65.0
COOL BASE: 65.0