NOAA-Style Climate Reports: Lisbon, NH


Report for 2010 November
                  MONTHLY CLIMATOLOGICAL SUMMARY FOR 11/2010
                                        HEAT  COOL        
     MEAN                               DEG   DEG       WIND SPEED       DOM MEAN  MEAN
DAY  TEMP  HIGH   TIME     LOW   TIME   DAYS  DAYS RAIN AVG  HI  TIME    DIR BAROM HUM
---------------------------------------------------------------------------------------
1    36.1  40.3    14:51  31.9     0:08   29    0  0.01   1  10    12:52 WSW 30.25   84
2    35.9  40.5    13:21  27.5    23:56   29    0  0.00   1  14    13:29 ENE 30.40   83
3    30.2  46.1    16:03  22.2     6:18   35    0  0.00   1  12    14:46  SW 30.19   89
4    33.6  40.3    14:55  24.8     2:51   31    0  0.33   0   7    11:21 WSW 29.81  100
5    41.0  44.6    16:37  37.2    23:19   24    0  0.41   0  10    14:30 WSW 29.47  100
6    37.3  41.6    14:33  33.5     7:43   28    0  0.01   1  10    10:13 ENE 30.11   89
7    34.5  36.9     1:51  31.9    22:31   30    0  0.00   2  13    14:40 ENE 30.23   81
8    36.2  38.2    13:45  32.7     0:00   29    0  0.12   2  19     0:46 ENE 29.73   95
9    43.2  50.2    13:30  37.9     0:00   22    0  0.02   1  11    14:56 ENE 29.93   97
10   41.2  53.3    13:17  28.8    23:54   24    0  0.00   2  16    12:01 ENE 30.19   79
11   35.0  57.5    14:25  24.1     6:47   30    0  0.00   1   8    10:34 ENE 30.47   78
12   34.7  59.8    14:32  23.0     6:27   30    0  0.01   0   5    11:42 WSW 30.46   80
13   35.5  61.0    13:59  23.9     6:41   30    0  0.00   0   3    10:01 SSW 30.25   83
14   36.9  58.4    14:23  24.2     5:45   28    0  0.01   1  16    17:36 WSW 30.12   83
15   41.0  49.4    12:59  31.8     2:54   24    0  0.00   1  16    11:10  SW 30.05   91
16   46.0  53.3    14:02  42.1     4:54   19    0  0.02   0   7    11:36  SW 30.03   92
17   48.1  54.8    12:17  39.9    23:49   17    0  0.41   3  20    17:51 WSW 29.50   91
18   38.7  46.4    13:07  32.2    18:22   26    0  0.02   1  12     5:42 WSW 29.89   77
19   29.9  37.2    11:46  21.9    22:31   35    0  0.02   1  12     8:50 ENE 30.14   84
20   33.5  44.5    14:06  22.9     0:00   32    0  0.00   1  17    20:43 WSW 30.03   72
21   27.1  32.1    14:55  24.4     7:15   38    0  0.00   1  13     0:57 ENE 30.50   65
22   35.3  39.6    10:31  24.5     0:00   29    0  0.18   1  18     8:45 WNW 30.23   94
23   40.5  46.5    14:30  36.4     0:00   23    0  0.11   0  16    22:34 WSW 29.82   99
24   31.2  38.8     0:11  22.4    23:23   32    0  0.01   2  17     5:46 ENE 30.02   56
25   22.3  27.3    14:14  13.4     6:51   41    0  0.00   1   7    10:16 ENE 30.13   67
26   29.7  34.3    14:31  25.2    23:06   34    0  0.18   0   7    15:54 WSW 29.58   95
27   27.0  33.2    11:15  21.5    23:18   36    0  0.02   2  21    10:53 WSW 29.63   81
28   24.4  32.0    14:13  14.4     3:59   36    0  0.00   0   8     0:17  SW 30.24   84
29   30.9  43.6    13:40  24.8    21:10   33    0  0.00   0   8    13:17  SW 30.49   86
30   31.9  41.6    13:29  19.1     6:47   32    0  0.05   1  20    18:23 WSW 30.41   91
---------------------------------------------------------------------------------------
TOT  35.0  61.0 11/13/10  13.4 11/25/10  886    0  1.94   1  21 11/27/10 ENE 30.08   85

HEAT BASE: 65.0
COOL BASE: 65.0