NOAA-Style Climate Reports: Lisbon, NH


Report for 2010 October
                  MONTHLY CLIMATOLOGICAL SUMMARY FOR 10/2010
                                        HEAT  COOL        
     MEAN                               DEG   DEG       WIND SPEED       DOM MEAN  MEAN
DAY  TEMP  HIGH   TIME     LOW   TIME   DAYS  DAYS RAIN AVG  HI  TIME    DIR BAROM HUM
---------------------------------------------------------------------------------------
1    58.1  75.7     1:02  50.4    23:46    6    1  2.16   1  31     1:11 ENE 29.67   99
2    47.5  54.1    12:48  37.4    23:31   16    0  0.00   1  12    14:08 ENE 29.94   85
3    44.6  59.8    14:37  33.5     7:01   19    0  0.00   1  18    12:29 ENE 30.22   81
4    48.5  61.2    15:16  36.4     7:36   15    0  0.00   1   8    10:17 ENE 30.24   81
5    55.6  68.1    15:12  47.3    23:55    8    1  0.00   1  10     9:34 ENE 30.09   80
6    49.3  56.1    15:03  44.3     1:42   14    0  0.25   1  19    15:29 ENE 29.93   95
7    48.1  57.7    14:58  41.6    23:58   15    0  0.26   1  12    14:29  SW 29.52   97
8    46.4  60.9    12:36  34.1     7:02   17    0  0.09   1  16    14:51 WSW 29.72   91
9    42.3  50.2    12:29  32.5    23:58   21    0  0.00   1  17    12:53 ENE 29.89   82
10   42.4  61.7    14:10  28.2     6:22   21    0  0.01   1  16    14:56  SW 29.79   75
11   41.9  57.4    14:09  32.0     6:41   21    0  0.00   0  17    12:02 ENE 29.76   82
12   42.2  57.8    15:10  34.1     1:44   21    0  0.00   1  11    12:09 ENE 29.84   79
13   42.8  57.4    15:19  33.5    23:57   21    0  0.00   1  13    12:02 ENE 30.00   84
14   43.4  59.8    13:27  29.8     5:32   20    0  0.00   1  18    19:02  SW 29.94   81
15   43.4  47.3    14:22  39.4    21:06   20    0  1.38   3  20    18:59 ENE 29.32   97
16   42.4  45.9    16:54  39.6     2:06   21    0  0.04   2  18    15:33 ENE 29.63   87
17   41.6  54.1    15:14  31.0     8:21   22    0  0.00   1  13    15:33 WSW 29.75   91
18   38.3  50.7    13:27  28.5    22:45   25    0  0.01   1  14    12:49  SW 29.83   80
19   36.1  52.1    15:18  24.9     6:40   27    0  0.00   1  13    12:54 WSW 29.88   84
20   39.4  58.0    14:29  27.2     6:50   24    0  0.00   1  18    15:04 WSW 29.82   83
21   37.9  44.9    11:48  29.9     1:40   26    0  0.14   0  11     9:53 WSW 29.57   98
22   36.8  40.8    13:35  31.2     0:19   28    0  0.00   1  12    15:16 WSW 29.82   72
23   36.3  48.2    14:39  27.5    23:37   29    0  0.00   1  12    15:06 WSW 30.07   67
24   33.1  37.3    23:02  27.2     0:13   32    0  0.15   0   6    11:30 ENE 30.16   98
25   44.0  53.5    15:03  35.2     6:46   21    0  0.34   1   8    15:04 ENE 29.94   97
26   56.3  68.3    15:27  48.0     1:10    9    0  0.32   1  14    19:27  SW 29.84   94
27   60.2  66.4    14:36  48.9    23:57    5    0  0.80   1  19     2:12 WSW 29.78   97
28   52.3  67.9    13:12  43.9     6:18   13    0  0.00   1  21    12:47 WSW 29.75   79
29   44.6  50.7    11:12  39.2    23:46   20    0  0.04   1  12    17:23  SW 29.86   85
30   35.5  39.9    14:40  28.4     4:12   29    0  0.20   0  11     0:06 WSW 29.83   94
31   36.9  41.1    11:41  32.2    23:51   28    0  0.01   1  16    11:03 ENE 29.80   83
---------------------------------------------------------------------------------------
TOT  44.1  75.7  10/1/10  24.9 10/19/10  618    2  6.20   1  31  10/1/10 ENE 29.84   86

HEAT BASE: 65.0
COOL BASE: 65.0