NOAA-Style Climate Reports: Lisbon, NH


Report for 2010 September
                  MONTHLY CLIMATOLOGICAL SUMMARY FOR 9/2010
                                        HEAT  COOL        
     MEAN                               DEG   DEG       WIND SPEED       DOM MEAN  MEAN
DAY  TEMP  HIGH   TIME     LOW   TIME   DAYS  DAYS RAIN AVG  HI  TIME    DIR BAROM HUM
---------------------------------------------------------------------------------------
1    72.7  90.1    13:55  60.3     6:56    1   10  0.00   0  11    14:35 WSW 29.97   84
2    73.6  89.5    13:28  60.1     6:15    0   11  0.00   1  14    12:34 WSW 29.90   81
3    74.2  88.4    12:21  62.2     6:28    0   11  0.00   1  12    13:01  SW 29.71   82
4    66.6  77.0    13:35  55.2    22:31    1    4  0.14   1  21    17:44  SW 29.46   79
5    57.9  65.1    12:15  49.6    23:48    6    0  0.00   2  22    12:37 WSW 29.79   73
6    58.4  71.5    14:13  43.6     6:34    7    2  0.00   1  18    12:56 WSW 30.10   78
7    63.9  78.3    16:50  54.7     6:37    4    4  0.02   0  11    16:45 WSW 30.00   85
8    63.6  72.2    10:41  56.9     0:09    2    2  0.09   1  16    10:32 WSW 29.68   87
9    57.7  62.8    14:19  52.9    23:51    6    0  0.07   0   8    15:16  SW 29.66   92
10   54.8  60.9    16:40  49.6     4:07    9    0  0.03   1  17    14:36 ENE 29.82   91
11   58.2  72.9    15:00  46.2     6:57    7    2  0.00   1  14    12:30 ENE 29.98   80
12   52.8  62.4    14:07  44.6     5:17   11    0  0.01   1  18    13:12  SW 30.07   92
13   53.8  61.2    16:43  48.4    23:32   10    0  0.05   0  11    15:30 WSW 29.92   97
14   54.2  64.1    14:14  48.4     0:00    9    0  0.17   1  13    14:16  SW 29.84   94
15   50.1  59.2    12:08  46.2    23:56   13    0  0.09   0  13    12:02 WSW 29.99   91
16   51.2  63.5    13:58  41.0     5:27   12    0  0.38   1  12    12:00  SW 29.99   91
17   53.3  59.5    16:17  44.2    23:49   10    0  0.03   1  12    11:35 ENE 29.93   93
18   51.3  66.4    14:07  40.7     6:05   12    0  0.00   1  16    16:30 ENE 30.18   89
19   54.4  70.1    15:10  45.5     2:37   10    1  0.00   1  10    14:47  SW 30.08   90
20   49.6  63.8    12:19  38.1    23:55   14    0  0.00   2  22    13:33 ENE 30.04   79
21   48.6  64.8    16:26  32.9     7:09   15    0  0.00   1  18    17:14 WSW 30.07   78
22   60.4  70.6    13:37  49.2     6:48    5    2  0.00   1  18    12:54 WSW 29.90   85
23   55.1  66.6    14:49  45.3     6:49    9    0  0.00   1   8    14:58 ENE 30.17   83
24   63.7  79.4    16:43  50.4     2:56    5    5  0.42   0  11     9:46 WSW 29.90   90
25   65.2  77.5    12:59  54.5    23:57    2    4  0.00   1  17    12:31 WSW 29.74   78
26   54.9  61.7    13:34  49.3     7:17    9    0  0.00   1  14    15:58 WSW 30.09   88
27   52.2  58.0    15:07  45.2     5:32   11    0  0.45   0   6    13:40 WSW 30.13   96
28   64.3  73.4    13:38  54.5     0:00    3    4  0.39   1  28    13:31 WSW 29.76   92
29   63.4  71.7    13:34  55.1    23:59    2    2  0.00   1  20    12:46 WSW 29.83   85
30   60.4  75.7    22:26  54.4     2:15    5    2  1.66   1  39    22:38 WSW 29.83   97
---------------------------------------------------------------------------------------
TOT  58.7  90.1   9/1/10  32.9  9/21/10  209   65  4.00   1  39  9/30/10 WSW 29.92   87

HEAT BASE: 65.0
COOL BASE: 65.0