NOAA-Style Climate Reports: Lisbon, NH


Report for 2010 August
                  MONTHLY CLIMATOLOGICAL SUMMARY FOR 8/2010
                                        HEAT  COOL        
     MEAN                               DEG   DEG       WIND SPEED       DOM MEAN  MEAN
DAY  TEMP  HIGH   TIME     LOW   TIME   DAYS  DAYS RAIN AVG  HI  TIME    DIR BAROM HUM
---------------------------------------------------------------------------------------
1    63.9  78.3    14:36  48.0     6:20    5    5  0.00   0  11    21:46  SW 30.04   77
2    66.8  81.5    13:37  54.1     5:41    2    6  0.78   1  13    14:52 WSW 30.07   86
3    68.0  75.3    18:18  62.2     5:18    0    5  0.26   0  12    12:11  SW 29.97   97
4    74.5  86.1    13:26  66.8     5:49    0   11  0.07   1  16    16:28  SW 29.76   86
5    72.9  81.5    16:14  64.6     5:30    0    9  0.00   1  16    15:24 WSW 29.57   92
6    64.8  77.7    11:00  46.4    23:54    2    4  0.00   1  17    13:12 ENE 29.64   79
7    56.3  69.8    15:04  43.1     5:41    9    2  0.00   0  14    13:42  SW 29.92   78
8    61.9  77.3    16:47  45.3     5:41    6    4  0.02   1  16    11:44 WSW 29.98   80
9    69.9  84.4    14:56  61.1     1:17    1    7  0.14   1  14    17:27  SW 29.91   88
10   69.9  82.1    15:07  60.6    23:53    0    7  0.01   1  13    19:09  SW 29.88   86
11   66.8  81.5    13:41  56.8     5:40    2    6  0.00   1  10    11:44 ENE 29.89   82
12   65.5  80.7    14:23  52.3     5:57    3    5  0.00   1  11    16:30 ENE 29.94   78
13   67.6  80.9    15:03  57.7     6:09    2    6  0.00   1  12    15:18 WSW 30.04   81
14   66.3  80.1    12:49  53.2     5:57    3    6  0.00   0  14    13:03 WSW 30.09   81
15   66.1  77.0    15:49  54.4     5:08    2    5  0.00   1  25    15:56 WSW 30.01   80
16   68.8  78.1    17:09  62.8     1:49    0    5  0.41   1  18    14:05 WSW 29.88   95
17   68.7  80.1    14:53  57.2    23:56    1    6  0.01   1  16    12:13 WSW 29.95   81
18   63.8  75.9    14:08  52.6     6:19    4    4  0.00   1  12    14:13  SW 30.02   85
19   65.6  82.1    14:57  52.1     6:40    4    6  0.00   1  11    15:48 ENE 29.87   81
20   61.1  70.3    13:46  48.6    23:58    4    1  0.00   1  18    11:22 ENE 29.95   77
21   57.3  71.2    13:59  44.6     4:55    8    1  0.00   0   7    14:01 WSW 30.07   87
22   60.2  64.5    16:23  57.7     4:59    3    0  0.80   0   6    13:39 ENE 30.04  100
23   59.2  64.5    12:53  55.5     6:37    4    0  0.05   0  10    16:50  NE 30.09   97
24   63.8  76.6    14:14  50.7     6:33    4    4  0.01   1  12    11:16 ENE 30.09   81
25   60.7  66.8    11:21  57.5     6:01    3    0  0.58   0   8    11:29 ENE 29.94   97
26   63.4  75.9    13:15  55.2    23:58    3    3  0.00   0   8    13:30 WSW 29.86   89
27   58.7  68.8    14:40  49.0    23:48    6    1  0.00   0  12    12:41 ENE 30.05   81
28   60.1  78.4    14:46  46.5     6:33    7    4  0.00   1  14    14:00  SW 30.12   84
29   67.4  86.7    13:55  51.3     6:46    4    8  0.00   0  10    15:27 ENE 30.12   81
30   68.4  85.0    13:53  56.0     6:48    2    7  0.00   0  11    14:13 ENE 30.13   82
31   72.6  90.1    13:51  60.3     4:05    1   10  0.00   0  10    12:54  SW 30.05   84
---------------------------------------------------------------------------------------
TOT  65.2  90.1  8/31/10  43.1   8/7/10   95  147  3.14   1  25  8/15/10 WSW 29.97   85

HEAT BASE: 65.0
COOL BASE: 65.0