NOAA-Style Climate Reports: Lisbon, NH


Report for 2010 July
                  MONTHLY CLIMATOLOGICAL SUMMARY FOR 7/2010
                                        HEAT  COOL        
     MEAN                               DEG   DEG       WIND SPEED       DOM MEAN  MEAN
DAY  TEMP  HIGH   TIME     LOW   TIME   DAYS  DAYS RAIN AVG  HI  TIME    DIR BAROM HUM
---------------------------------------------------------------------------------------
1    53.9  64.1    13:46  46.1     2:13    8    0  0.12   1  12    16:55 WSW 30.05   88
2    59.4  73.5    15:08  44.3     6:08    6    4  0.00   1  16    10:47   E 30.14   73
3    66.4  82.9    14:50  48.1     5:34    4    8  0.00   1  14    13:49  SW 30.02   74
4    70.0  84.6    12:55  54.3     5:24    2   10  0.00   0  11    12:20  SW 29.89   76
5    73.0  88.4    15:23  55.1     5:22    1   12  0.00   1  12    14:49  SW 29.91   78
6    77.7  89.3    13:32  66.8     5:33    0   16  0.00   0  13    11:48 ENE 29.96   80
7    77.7  93.4    14:37  63.8     5:00    0   15  0.00   0   8    12:22  SW 30.00   80
8    79.0  90.1    14:15  66.9     5:39    0   15  0.00   1  17    13:37 WSW 29.98   81
9    77.1  85.5    14:21  68.3     5:31    0   14  0.00   2  20    12:07 WSW 29.88   78
10   72.3  76.8     0:40  66.6    23:56    0    9  0.75   0  13     0:09 WSW 29.82   91
11   72.4  85.5    14:20  63.0    23:56    0    9  0.00   1  12    12:58 ENE 29.84   83
12   72.6  85.7    13:18  59.7     5:34    1   10  0.00   1  16    14:02 WSW 29.86   76
13   72.7  83.0    16:32  62.7     5:09    0    9  0.21   0  11    12:01  SW 29.92   86
14   72.8  83.2    15:18  67.1     5:27    0    9  0.05   0   7     9:10 ENE 29.93   90
15   73.8  87.1    14:27  64.8     5:39    0   10  0.00   1  11    17:01 ENE 30.01   85
16   73.0  82.5    11:58  64.9     5:27    0    9  0.07   1  17    10:56 WSW 29.84   92
17   73.6  85.7    14:13  62.2     5:40    0   10  0.21   1  20    11:13 WSW 29.73   81
18   71.1  80.9    11:34  62.0     4:56    0    8  0.01   0  13    13:50  SW 29.76   79
19   66.7  78.6    16:16  60.3     5:31    1    4  0.79   0  12    18:30 WSW 29.80   96
20   67.8  79.0    15:00  62.5     6:01    0    4  0.09   0  11    16:10 WSW 29.92   92
21   66.5  82.1    12:59  59.4     6:32    1    4  0.52   1  18    17:04  SW 29.87   93
22   67.1  77.0    14:57  58.7    23:40    1    4  0.01   0  12    15:09 WSW 29.83   88
23   65.4  78.3    13:25  55.5     5:38    3    4  0.01   1  20    14:22 WSW 29.93   88
24   73.4  86.9    15:28  64.6     3:06    0   10  0.02   1  16    19:29  SW 29.78   87
25   70.0  79.0    12:19  55.2    23:53    1    7  0.11   0  16    13:47 ENE 29.73   84
26   64.4  76.2    15:09  50.4     5:43    4    5  0.00   1  14    11:37 WSW 29.88   73
27   67.0  84.2    14:38  49.2     5:41    4    7  0.00   0  10    15:56 WSW 29.98   74
28   70.9  83.8    15:25  55.2     5:42    2    9  0.12   2  20    14:49 WSW 29.88   77
29   68.5  78.6    12:06  52.1    23:59    1    6  0.42   1  12    10:00 WSW 29.80   80
30   58.1  71.0    13:36  47.7     6:16    7    2  0.00   1  14    16:41   E 29.92   76
31   59.0  74.1    15:08  43.9     4:27    7    3  0.00   1  12    15:09 ENE 29.98   77
---------------------------------------------------------------------------------------
TOT  69.5  93.4   7/7/10  43.9  7/31/10   53  247  3.51   1  20   7/9/10 WSW 29.90   83

HEAT BASE: 65.0
COOL BASE: 65.0