NOAA-Style Climate Reports: Lisbon, NH


Report for 2010 June
                  MONTHLY CLIMATOLOGICAL SUMMARY FOR 6/2010
                                        HEAT  COOL        
     MEAN                               DEG   DEG       WIND SPEED       DOM MEAN  MEAN
DAY  TEMP  HIGH   TIME     LOW   TIME   DAYS  DAYS RAIN AVG  HI  TIME    DIR BAROM HUM
---------------------------------------------------------------------------------------
1    60.5  68.8    18:41  53.0    23:34    3    1  0.28   0  10    10:02 WSW 29.73   94
2    64.2  79.6    14:40  51.2     4:49    4    6  0.01   1  17    16:07  SW 29.77   77
3    63.4  73.0    11:16  57.7     4:14    1    3  0.15   1  19    11:20 WSW 29.65   90
4    64.4  75.8    13:35  54.8     4:46    2    5  0.00   0  10    10:33  SW 29.78   75
5    63.3  75.1    16:54  54.8     5:08    3    4  0.83   1  21    16:37 WSW 29.61   90
6    54.5  59.3     0:35  50.1    23:57    7    0  0.88   1  10    18:24 ENE 29.49   99
7    56.1  66.1    13:19  45.9     5:22    6    1  0.00   1  12    12:37 ENE 29.72   70
8    49.9  63.0    15:11  38.9     4:33   12    0  0.03   1  16    15:37   E 29.98   82
9    53.3  67.8    12:49  38.9     5:37   10    1  0.02   1  16    20:06 WSW 30.05   72
10   51.9  55.4    14:04  48.6     5:15   10    0  0.40   0   6    10:00  NE 29.87   98
11   56.8  65.4    12:54  51.1     4:53    6    1  0.00   1  10    12:09  SW 30.09   89
12   55.1  63.4    14:56  49.3     3:51    7    0  0.04   0   7     9:29 WSW 30.07   96
13   60.9  74.0    15:56  50.5     5:43    4    3  0.00   1  12    17:48 ENE 29.91   83
14   56.9  65.3    14:36  45.9    23:47    5    0  0.02   1  10    14:43  SW 29.85   93
15   56.0  70.2    13:47  43.8     4:07    8    2  0.00   1  17    13:21 ENE 30.06   66
16   52.2  63.9    14:49  37.6     5:12   10    0  0.22   0  11    18:50  SW 30.05   86
17   57.7  66.6    18:08  52.1    23:56    5    0  0.16   1  12    16:40 ENE 29.79   95
18   63.4  81.3    15:16  48.3     5:24    5    6  0.00   1  11    10:52 WSW 30.01   78
19   67.8  82.3    15:00  49.5     5:42    3    9  0.00   1  22    14:03 WSW 29.95   72
20   69.7  78.8    12:46  60.5     5:13    0    8  0.07   1  18    11:33 WSW 29.81   83
21   65.9  78.6    14:23  50.8    23:56    2    6  0.00   1  16    15:48 ENE 29.97   74
22   62.4  77.5    13:56  44.9     5:24    5    5  0.00   1  12    15:34  SW 30.08   73
23   64.9  72.3    17:46  59.9     3:22    1    3  0.29   0   7    14:08  NE 29.86   96
24   65.3  76.0    15:16  56.5    23:18    1    4  0.56   0  12    12:51  SW 29.67   96
25   63.6  76.8    15:22  52.1     6:35    3    5  0.00   0  10     9:59  SW 29.92   78
26   60.1  68.6     9:55  54.0     5:13    3    1  0.28   0  10    10:44  SW 29.86   90
27   64.8  73.1    15:21  57.5     0:00    1    4  0.00   1  13    15:12 WSW 29.74   89
28   69.5  80.0    12:40  62.5     3:34    0    8  0.97   0  18    12:38 WSW 29.50   92
29   65.3  76.8    15:59  52.3    23:59    1    4  0.07   1  16    15:46 WSW 29.71   82
30   56.6  66.6    14:51  44.6     5:38    6    1  0.00   1  17     9:59  SW 29.96   72
---------------------------------------------------------------------------------------
TOT  60.6  82.3  6/19/10  37.6  6/16/10  135   92  5.28   1  22  6/19/10 WSW 29.85   84

HEAT BASE: 65.0
COOL BASE: 65.0