NOAA-Style Climate Reports: Lisbon, NH


Report for 2010 May
                  MONTHLY CLIMATOLOGICAL SUMMARY FOR 5/2010
                                        HEAT  COOL        
     MEAN                               DEG   DEG       WIND SPEED       DOM MEAN  MEAN
DAY  TEMP  HIGH   TIME     LOW   TIME   DAYS  DAYS RAIN AVG  HI  TIME    DIR BAROM HUM
---------------------------------------------------------------------------------------
1    53.2  72.6    15:56  36.1     5:54   11    2  0.07   0   7    13:15 ENE 29.81   65
2    65.3  83.1    15:01  50.9     5:40   14    9  0.00   1  19    14:59  SW 29.72   77
3    63.3  74.7    16:03  49.5    23:58    3    4  0.00   2  28    13:40 WNW 29.55   81
4    52.5  70.0    11:13  41.8     5:54   10    1  0.23   1  17    19:42 WSW 29.69   89
5    54.3  70.0    18:00  39.6     5:22    9    2  0.00   1  13    14:44 WSW 29.82   74
6    53.6  66.6    13:19  46.6    20:12    9    0  0.32   2  19    13:46   W 29.64   80
7    50.4  59.3    14:57  42.2     5:57   12    0  0.00   2  17     8:12 ENE 29.87   56
8    42.8  47.2    18:10  39.8    23:44   19    0  0.97   1  26    20:11 WSW 29.53   99
9    35.8  41.1    15:11  32.0    22:26   26    0  0.07   2  24     1:55 WSW 29.72   81
10   37.4  47.2    13:41  28.5    23:57   25    0  0.00   1  20    12:27 ENE 30.14   61
11   41.3  57.4    14:30  23.3     5:41   21    0  0.00   1  19    12:23 ENE 30.34   63
12   45.1  60.2    12:33  28.2     5:15   17    0  0.00   1  12    11:50 ENE 30.18   62
13   46.0  62.5    14:36  26.3     5:25   16    0  0.00   1  16     9:58 ENE 30.23   58
14   48.7  60.2    18:04  41.2     4:13   13    0  0.05   1  10    11:35 WSW 30.02   88
15   49.6  61.0    14:38  44.7     0:40   12    0  0.06   1  14    13:58 ENE 29.95   89
16   53.3  65.3    14:01  38.8    23:57    9    1  0.00   2  20    12:01 ENE 30.07   60
17   53.5  73.5    13:36  29.5     5:20   12    3  0.00   1  16    12:31 ENE 30.13   54
18   54.1  71.4    14:49  36.9     5:36    9    2  0.00   1  13    15:41  SW 30.08   65
19   51.1  55.9    18:24  44.9    23:44   11    0  0.13   1  16    11:06 ENE 29.89   92
20   58.2  78.1    14:10  41.2     6:35    8    4  0.01   1  14    12:43  SW 29.87   75
21   60.2  75.6    14:29  44.6     5:28    6    4  0.00   1  13    13:06 ENE 30.12   59
22   60.9  77.3    15:14  44.7     5:24    6    4  0.00   1  17    15:32  SW 30.21   71
23   64.7  78.4    14:57  49.5     6:18    4    6  0.00   1  19    12:36 WSW 30.22   72
24   67.1  83.3    14:07  50.5     5:26    3    8  0.00   1  11    14:37  SW 30.22   76
25   70.0  87.3    15:21  53.2     5:21    2   10  0.00   0  11    14:26 WSW 30.11   73
26   73.2  88.6    12:39  57.5     5:26    1   12  0.00   1  17    13:15 ENE 29.81   69
27   64.4  77.9    13:53  48.3    23:59    2    5  0.00   1  16    15:56 ENE 29.84   61
28   58.1  74.9    14:37  38.5     5:22    8    4  0.00   1  13    11:22 ENE 29.94   61
29   60.7  76.6    14:53  44.1     5:28    5    4  0.00   1  12    14:47 WSW 29.84   74
30   61.3  71.0    13:54  52.3     5:53    3    2  0.00   1  13    10:51 ENE 29.81   67
31   59.4  74.6    17:19  40.9     5:24    6    3  0.00   1  10    12:15 ENE 29.96   61
---------------------------------------------------------------------------------------
TOT  55.1  88.6  5/26/10  23.3  5/11/10  312   91  1.91   1  28   5/3/10 ENE 29.95   71

HEAT BASE: 65.0
COOL BASE: 65.0