NOAA-Style Climate Reports: Lisbon, NH


Report for 2010 April
                  MONTHLY CLIMATOLOGICAL SUMMARY FOR 4/2010
                                        HEAT  COOL        
     MEAN                               DEG   DEG       WIND SPEED       DOM MEAN  MEAN
DAY  TEMP  HIGH   TIME     LOW   TIME   DAYS  DAYS RAIN AVG  HI  TIME    DIR BAROM HUM
---------------------------------------------------------------------------------------
1    47.2  62.0    17:33  38.2    23:53   15    0  0.00   1  10    11:29 ENE 30.06   82
2    51.7  75.1    16:42  30.1     6:47   13    3  0.00   2  19    15:39 WSW 30.10   73
3    58.1  82.1    14:47  36.2     6:36   10    6  0.00   1  16    15:08 WSW 30.00   68
4    54.1  67.4    13:35  38.5    23:58    9    1  0.00   1  14    14:28 ENE 30.01   62
5    47.3  67.1    14:22  28.6     6:40   15    1  0.00   2  24    16:06 WSW 29.99   67
6    45.0  52.4    16:51  36.9     6:19   17    0  0.05   1  11    12:26 ENE 29.87   89
7    55.6  80.4    14:23  38.8     6:36    9    3  0.38   2  22    13:14  SW 29.62   83
8    50.0  58.8    14:26  45.8     4:45   12    0  0.02   2  29    17:02  SW 29.74   88
9    42.6  48.0     0:00  33.3    23:23   19    0  0.50   1  12    21:00  SW 29.67   95
10   38.1  50.5    16:51  31.4     4:13   24    0  0.01   2  18    14:12  SW 29.93   72
11   43.2  52.0    14:04  34.5    23:58   19    0  0.06   1  17     1:03 WSW 30.11   73
12   37.8  49.3    14:38  27.9     5:46   24    0  0.01   1  16    14:58   E 30.30   73
13   38.5  56.5    15:15  23.0     5:54   23    0  0.00   1  14    12:44   E 30.46   63
14   40.9  58.2    14:30  22.3     6:16   21    0  0.00   1  16    11:30 WSW 30.41   55
15   41.7  55.1    15:31  25.1     6:13   20    0  0.00   3  20    10:42 ENE 30.24   51
16   34.1  41.6     0:00  29.9     6:46   28    0  0.69   1  19    19:19  SW 30.00   89
17   34.8  38.9    13:45  31.4     3:20   27    0  0.25   1  13    11:58 WSW 29.75   97
18   36.4  41.5    13:36  33.5     0:23   26    0  0.11   0  11    13:42 WSW 29.80   95
19   39.4  50.5    15:59  29.1     6:39   23    0  0.00   1  14    16:02 ENE 29.92   88
20   47.4  61.2    15:00  35.5     6:58   15    0  0.00   1  20    14:04 ENE 29.88   71
21   48.4  67.6    14:59  29.7     5:30   14    1  0.00   2  19    15:50  SW 29.76   66
22   47.1  62.5    11:12  33.0     6:25   15    0  0.05   1  13    12:30 ENE 29.67   80
23   45.6  54.3    17:20  33.2    23:55   16    0  0.00   1  18    17:36 ENE 29.82   68
24   45.1  63.4    15:38  25.7     5:52   17    0  0.00   1  14    14:53   E 29.97   62
25   48.9  64.6    15:14  30.1     5:48   13    0  0.00   1  13     8:55 ENE 29.63   62
26   51.9  64.6    13:12  39.5     5:20    9    0  0.00   1  13    21:05 ENE 29.34   64
27   40.5  50.9     0:00  30.1    21:15   21    0  0.55   1  14    10:16  SW 29.30   92
28   32.1  36.2    15:01  29.4     5:04   28    0  0.50   1  13    13:25 ENE 29.40   99
29   36.4  47.7    17:03  25.8     5:56   26    0  0.00   2  22    10:31  SW 29.64   70
30   45.0  64.3    16:07  24.5     5:00   17    0  0.00   1  16    14:48 WSW 29.74   57
---------------------------------------------------------------------------------------
TOT  44.1  82.1   4/3/10  22.3  4/14/10  546   15  3.18   1  29   4/8/10 ENE 29.87   75

HEAT BASE: 65.0
COOL BASE: 65.0