NOAA-Style Climate Reports: Lisbon, NH


Report for 2010 March
                  MONTHLY CLIMATOLOGICAL SUMMARY FOR 3/2010
                                        HEAT  COOL        
     MEAN                               DEG   DEG       WIND SPEED       DOM MEAN  MEAN
DAY  TEMP  HIGH   TIME     LOW   TIME   DAYS  DAYS RAIN AVG  HI  TIME    DIR BAROM HUM
---------------------------------------------------------------------------------------
1    30.2  33.5    15:40  27.8     6:06   31    0  0.21   1  13    11:29 ENE 29.68   95
2    32.6  43.0    14:40  22.4     6:28   28    0  0.00   0   8    13:22 ENE 29.88   79
3    31.8  36.3    12:31  27.6     6:25   29    0  0.00   2  18    15:30 ENE 29.73   77
4    31.0  38.1    12:46  26.0     6:24   30    0  0.00   3  24    14:19 ENE 29.74   61
5    28.1  38.8    13:27  19.3    23:46   33    0  0.00   1  13    16:45 ENE 30.04   47
6    28.6  46.7    14:16  14.1     5:59   32    0  0.00   1  13    11:50 ENE 30.09   53
7    31.2  51.4    14:49  16.0     6:13   30    0  0.00   1  13    15:08 WSW 29.89   67
8    35.1  48.2    13:34  23.6     4:44   25    0  0.00   1  20    15:15 WSW 29.75   66
9    28.2  39.5    14:36  17.6     6:19   33    0  0.00   1  14    11:35 ENE 29.92   62
10   27.1  45.2    15:03  12.9     6:26   34    0  0.00   1  10    11:58  SW 30.06   63
11   31.1  48.2    12:40  17.0     5:56   29    0  0.00   1  14    12:41 ENE 30.15   64
12   33.4  41.8    15:31  23.8    23:55   28    0  0.02   0   6    13:46 ENE 30.25   83
13   34.5  49.5    11:51  21.3     5:55   26    0  0.00   2  17    12:46 ENE 30.17   59
14   37.8  44.9    11:53  34.2     6:36   22    0  0.01   5  25    19:09 ENE 29.90   78
15   39.3  47.0    16:28  26.4    23:59   22    0  0.03   4  26     9:38  NE 29.87   61
16   36.6  58.1    15:08  19.5     6:49   24    0  0.00   1  19    13:09 ENE 30.00   58
17   37.4  58.3    13:41  19.8     6:54   24    0  0.00   1  12    16:09  SW 29.91   62
18   39.3  57.5    13:31  22.1     6:54   22    0  0.00   1  14    16:51 WSW 29.70   69
19   42.2  63.6    15:35  24.4     6:57   19    0  0.00   1  19    13:15  SW 29.77   68
20   41.4  61.0    12:49  26.7     4:06   20    0  0.00   1  16    12:09 ENE 29.93   72
21   32.3  44.3    17:16  23.3     6:39   29    0  0.00   1  11    15:17 ENE 30.15   87
22   35.7  44.0    14:02  28.7     0:00   25    0  0.30   0   8    13:13 ENE 30.06   94
23   37.6  41.1    15:42  35.3    23:44   23    0  0.72   1  14     7:06  NE 29.68   98
24   30.7  37.3    17:52  23.9    23:58   30    0  0.08   1  19    14:09 ENE 29.66   89
25   35.7  52.5    14:22  19.2     6:43   25    0  0.07   1  29    16:14  SW 29.83   75
26   23.2  37.2     0:00  13.3    23:57   38    0  0.02   3  22    15:23 ENE 29.97   49
27   21.2  34.9    15:42   7.7     6:47   40    0  0.00   1  13    13:01 ENE 30.36   52
28   29.0  41.2    14:07  14.9     6:46   32    0  0.09   3  26    11:50 WSW 30.25   68
29   40.4  46.5    17:03  31.3     0:03   22    0  0.50   2  20     4:36 WSW 29.85   98
30   38.5  43.5    23:05  34.0     2:40   23    0  0.06   3  18    20:47  NE 29.82   93
31   45.3  50.2    13:49  41.5    23:39   17    0  0.03   2  18     0:56 ENE 29.79   90
---------------------------------------------------------------------------------------
TOT  33.8  63.6  3/19/10   7.7  3/27/10  845    0  2.14   2  29  3/25/10 ENE 29.93   72

HEAT BASE: 65.0
COOL BASE: 65.0