NOAA-Style Climate Reports: Lisbon, NH


Report for 2010 February
                  MONTHLY CLIMATOLOGICAL SUMMARY FOR 2/2010
                                        HEAT  COOL        
     MEAN                               DEG   DEG       WIND SPEED       DOM MEAN  MEAN
DAY  TEMP  HIGH   TIME     LOW   TIME   DAYS  DAYS RAIN AVG  HI  TIME    DIR BAROM HUM
---------------------------------------------------------------------------------------
1    16.1  20.5    13:45  11.2     8:58   45    0  0.01   2  18    12:51 WSW 30.06   61
2    14.5  25.1    14:57   6.4     6:29   46    0  0.00   1   8    12:17 ENE 30.19   69
3    17.2  26.7    13:45   9.6     5:17   44    0  0.00   1   8    13:32 ENE 30.06   79
4    12.0  18.9    15:35  -1.0    23:57   49    0  0.00   1  14    11:46 ENE 30.23   63
5     9.7  23.5    13:02  -1.4     0:18   51    0  0.00   1  13    14:31   E 30.21   65
6     7.5  19.0    14:25  -1.6     7:05   54    0  0.00   2  14    11:57 ENE 29.98   66
7    11.9  16.5    22:40   7.9     4:16   49    0  0.00   1  10     2:42 ENE 29.83   72
8    14.0  18.2    13:38  10.8     6:56   47    0  0.00   1  14    11:09 ENE 29.88   69
9    18.6  28.9    15:19  14.0     5:06   42    0  0.00   1  13    11:51 ENE 29.98   71
10   21.8  30.6    16:04  13.5     3:57   39    0  0.00   1   7    14:23 ENE 29.53   82
11   21.4  29.2    15:37  15.7     4:31   40    0  0.00   2  14    12:35 ENE 29.57   72
12   20.1  28.1    14:41  15.2    23:50   41    0  0.00   1  16    10:33 ENE 29.75   48
13   18.6  23.3    15:50  14.4     5:15   42    0  0.00   1  11    11:12 ENE 29.54   67
14   21.6  27.5    13:05  18.9     3:44   39    0  0.00   1  11    13:20  SW 29.41   79
15   23.8  31.6    12:28  17.6     6:03   37    0  0.04   0  14    12:18 WSW 29.62   76
16   24.8  33.6    16:02  13.8     6:01   36    0  0.00   2  14    19:17 ENE 29.51   71
17   26.1  29.5    13:17  23.2     4:37   35    0  0.00   1   8     0:05 ENE 29.41   75
18   28.4  33.8    12:08  25.0     0:00   33    0  0.00   0   8    13:36 ENE 29.40   84
19   24.3  27.0     0:00  21.3     6:17   37    0  0.08   2  13    18:40 ENE 29.61   80
20   28.6  35.6    14:46  25.1     1:24   32    0  0.00   1  14    18:08 ENE 29.83   77
21   23.4  27.6     0:00  18.9     7:49   38    0  0.00   1  12     7:39 ENE 29.87   74
22   25.8  35.3    15:23  18.7    23:56   35    0  0.00   1  11    12:07 ENE 29.96   79
23   27.0  34.8    14:57  17.3     2:59   34    0  0.00   2  18    12:17  SW 29.97   82
24   29.3  30.7     9:51  27.6     4:23   31    0  0.25   0   7    22:16  SW 29.89   97
25   33.7  39.2    13:35  29.2     0:00   27    0  0.43   3  34    23:51  NE 29.57   95
26   34.3  39.1    14:15  28.8    20:38   27    0  0.18   4  32     6:14 ENE 29.34   83
27   30.0  35.1    14:39  26.0    23:39   31    0  0.04   1  11    12:16 ENE 29.51   93
28   29.8  34.3    13:23  25.3     4:38   31    0  0.00   1  12    22:27 ENE 29.63   86
---------------------------------------------------------------------------------------
TOT  21.9  39.2  2/25/10  -1.6   2/6/10 1093    0  1.03   1  34  2/25/10 ENE 29.76   75

HEAT BASE: 65.0
COOL BASE: 65.0