NOAA-Style Climate Reports: Lisbon, NH


Report for 2010 January
                  MONTHLY CLIMATOLOGICAL SUMMARY FOR 1/2010
                                        HEAT  COOL        
     MEAN                               DEG   DEG       WIND SPEED       DOM MEAN  MEAN
DAY  TEMP  HIGH   TIME     LOW   TIME   DAYS  DAYS RAIN AVG  HI  TIME    DIR BAROM HUM
---------------------------------------------------------------------------------------
1    23.1  25.8    15:16  20.1     0:00   38    0  0.04   0   5     0:22   E 29.89   93
2     9.7  15.4    17:58   6.7     2:20   69    0  0.20   1   8     2:29 WSW 29.37   89
3    11.1  19.2    23:52   6.7     2:20   76    0  0.20   1   8     2:29 WSW 29.39   90
4    17.0  19.9     1:44  14.0    23:49   44    0  0.00   1   8     5:25 ENE 29.63   85
5    16.0  18.7    14:22  12.4     7:34   45    0  0.01   0   6    12:58 ENE 29.67   90
6    18.4  21.7    13:37  16.6    21:25   43    0  0.00   1  13    18:38 ENE 29.64   83
7    18.4  22.0    12:48  14.8    23:40   41    0  0.00   2  16     4:54 ENE 29.78   79
8    14.0  17.1    12:09  10.6     7:24   47    0  0.00   1  11    14:46 ENE 29.78   83
9     5.9  13.5     2:59 -11.2    23:41   54    0  0.00   1  17    10:05 ENE 30.08   73
10   -0.9  12.4    14:37 -15.7     7:24   62    0  0.00   1   6     9:29  NE 30.21   72
11   15.7  24.4    14:28   6.4     0:30   45    0  0.00   0   8    20:55 WSW 30.03   79
12   13.1  21.4     0:00  -2.7    23:58   48    0  0.00   1  14    12:49 ENE 30.04   75
13    2.1  15.2    14:15 -11.9     7:55   59    0  0.00   1   6    10:21 ENE 30.17   75
14   14.2  26.4    18:54   4.3     0:47   47    0  0.00   1  11    18:24 ENE 30.20   78
15   26.1  32.6    19:05  15.9     0:00   35    0  0.00   1  12    18:55 WSW 30.02   88
16   29.3  39.6    14:00  17.1     7:44   32    0  0.00   1  11    10:44 ENE 30.07   83
17   30.4  37.3    12:00  22.4     7:15   31    0  0.00   2  19    13:48  SW 30.05   81
18   28.5  32.8    14:28  25.1     6:28   33    0  0.20   0   7    13:04 ENE 29.83   95
19   28.7  30.1    13:37  26.4    23:50   32    0  0.04   0   3    14:13 ENE 29.89   99
20   25.4  30.0    12:28  21.3     7:40   36    0  0.00   1  11    13:41 ENE 29.91   92
21   19.0  24.2    12:09   4.1    23:51   42    0  0.00   1  10     9:51 ENE 30.16   87
22   10.1  27.6    15:25  -1.8     7:19   51    0  0.00   1  10    10:45 ENE 30.13   85
23    8.5  28.8    14:28  -6.0     7:11   52    0  0.00   1   8    13:43 ENE 30.30   78
24   17.8  28.8    15:55   4.1     0:00   43    0  0.00   1   8    11:54 WSW 30.16   81
25   39.8  49.9    12:03  27.0     0:00   21    0  0.63   4  36    16:55 WSW 29.50   94
26   31.2  37.9     0:00  26.7    23:46   30    0  0.00   2  20    12:43 WSW 29.47   82
27   27.6  31.3    15:41  24.5     7:02   33    0  0.00   1  11    10:25 WSW 29.90   76
28   20.5  29.5    14:25   7.2    23:54   40    0  0.08   2  19    10:20 WSW 29.89   79
29    1.9   7.7    11:52  -6.6    23:51   59    0  0.00   2  14     2:26 ENE 30.08   54
30   -4.6   5.9    14:12 -14.7     7:14   66    0  0.00   1  12    13:23 ENE 30.24   64
31    2.3  17.3    15:34 -13.3     7:01   59    0  0.00   0  10    12:48  SW 30.03   74
---------------------------------------------------------------------------------------
TOT  17.1  49.9  1/25/10 -15.7  1/10/10 1411    0  1.25   1  36  1/25/10 ENE 29.93   82

HEAT BASE: 65.0
COOL BASE: 65.0