NOAA-Style Climate Reports: Lisbon, NH


Report for 2009 December
                  MONTHLY CLIMATOLOGICAL SUMMARY FOR 12/2009
                                        HEAT  COOL        
     MEAN                               DEG   DEG       WIND SPEED       DOM MEAN  MEAN
DAY  TEMP  HIGH   TIME     LOW   TIME   DAYS  DAYS RAIN AVG  HI  TIME    DIR BAROM HUM
---------------------------------------------------------------------------------------
1    29.7  35.5    13:29  25.4     7:43   31    0  0.00   1  14    13:08 WSW 29.86   74
2    31.6  43.0    14:17  23.2     7:38   29    0  0.03   0   7    11:27  SW 30.05   90
3    46.7  55.2    13:25  31.8     0:00   14    0  0.64   2  26     2:42 WSW 29.47   90
4    36.5  45.6    11:52  24.2    21:31   25    0  0.00   1  13    15:42  SW 30.01   71
5    27.6  33.8    12:21  24.4     0:43   33    0  0.08   1  10    12:18 ENE 30.10   93
6    24.6  31.0    12:23  17.8    20:53   36    0  0.00   0  10    14:12  SW 30.08   87
7    24.2  28.1    12:18  18.2     7:20   37    0  0.03   0   7     9:24   W 30.20   93
8    21.2  28.8    12:59  10.6    23:54   40    0  0.01   0   8     9:28  SW 30.26   91
9    22.9  36.5    16:59  10.6     0:00   36    0  0.23   2  29    14:53 ENE 29.70   90
10   28.6  34.5    11:18  21.1    23:33   32    0  0.00   4  33    12:08  SW 29.35   82
11   17.1  21.1     0:00  14.3    18:13   44    0  0.00   4  21     0:38  SW 29.81   73
12   13.1  23.3    13:13   3.0    23:58   48    0  0.00   1  17    11:30   W 30.33   70
13   12.8  28.4    17:44  -2.0     6:42   48    0  0.19   0  10    17:04 ENE 30.17   90
14   27.0  32.6    13:05  21.6     5:46   34    0  0.03   0   5    19:47 ENE 30.01   98
15   29.6  32.5    12:37  24.8    23:58   31    0  0.11   1  14    23:16 ENE 29.86   97
16   13.9  24.8     0:00   7.6    23:58   47    0  0.00   2  13     5:34 ENE 30.11   68
17   -1.8   7.6     0:00 -10.8    23:53   63    0  0.00   2  16     1:30 ENE 30.30   64
18   -3.7  12.9    13:19 -14.7     6:28   65    0  0.00   1  12    12:57 NNE 30.28   72
19    1.7  15.9    13:31 -11.5     4:48   59    0  0.00   2  11    12:02 ENE 30.00   67
20    9.6  13.5    13:04   7.4    23:43   51    0  0.00   2  16    14:01 ENE 29.79   68
21   11.4  17.6    13:55   3.4     7:39   49    0  0.00   2  17    21:57 ENE 29.86   72
22   11.9  15.7    14:39   6.5    23:53   49    0  0.00   2  16    10:38 ENE 30.03   70
23    8.3  13.0    13:51   2.9     7:56   53    0  0.00   1  11    14:33 ENE 30.12   78
24   19.4  25.4    14:02  10.6     0:02   42    0  0.00   1  11    13:21 ENE 30.42   86
25   21.7  23.3     0:00  19.6     9:00   39    0  0.00   1  10     8:05 ENE 30.48   94
26   27.4  35.3    23:56  21.4     5:23   32    0  0.00   2  24    15:05 ENE 30.38   83
27   33.6  42.7    10:56  25.4    22:47   27    0  0.26   1  17     3:37  NW 29.84   98
28   26.6  30.4    15:08  23.2    22:57   34    0  0.10   0   6    17:17  SW 29.54   98
29    6.6  23.2     0:00  -1.6    20:29   54    0  0.01   2  21    13:51 ENE 29.88   74
30    2.4  14.6    14:36 -10.3     7:11  112    0  0.00   1   7     1:46 ENE 30.36   74
31   15.1  21.6    14:50   6.2     6:07   46    0  0.03   0   6     9:25 ENE 30.18   88
---------------------------------------------------------------------------------------
TOT  19.3  55.2  12/3/09 -14.7 12/18/09 1343    0  1.75   1  33 12/10/09 ENE 30.03   82

HEAT BASE: 65.0
COOL BASE: 65.0