NOAA-Style Climate Reports: Lisbon, NH


Report for 2009 November
                  MONTHLY CLIMATOLOGICAL SUMMARY FOR 11/2009
                                        HEAT  COOL        
     MEAN                               DEG   DEG       WIND SPEED       DOM MEAN  MEAN
DAY  TEMP  HIGH   TIME     LOW   TIME   DAYS  DAYS RAIN AVG  HI  TIME    DIR BAROM HUM
---------------------------------------------------------------------------------------
1    41.7  50.1    13:11  27.6    23:59   19    0  0.00   1  12    15:10 WSW 30.08   75
2    32.2  48.2    12:35  23.6     5:26   29    0  0.01   0   7    11:30  SW 30.27   87
3    32.8  46.8    14:03  23.0     3:56   28    0  0.07   0  10    16:10  SW 30.02   94
4    32.9  40.1    12:48  24.7    23:08   28    0  0.00   1  13    10:29 ENE 30.22   74
5    30.2  39.2    12:09  24.2    22:32   31    0  0.00   1  13    14:16 ENE 30.13   86
6    29.6  34.2    14:17  23.6     5:34   31    0  0.00   1  12    15:01 ENE 30.16   85
7    31.9  40.3    15:06  23.6     7:17   29    0  0.00   1  13    11:36 WSW 30.16   73
8    41.7  60.7    13:32  24.8    23:53   19    0  0.00   1  11     0:41 WSW 30.17   64
9    39.0  62.6    14:09  22.0     6:14   41    0  0.00   1  14    15:00 WSW 30.26   79
10   42.4  50.1    13:32  32.2    23:47   19    0  0.00   1  12     9:59 ENE 30.27   82
11   33.4  48.2    13:34  22.7    23:52   28    0  0.00   1  13    13:14 ENE 30.45   81
12   27.0  45.5    14:42  18.5     6:09   34    0  0.00   0   6    10:28 ENE 30.40   85
13   26.8  45.1    13:38  16.2     6:31   34    0  0.00   0   7    20:06 ENE 30.29   83
14   33.0  40.3    23:15  24.5     1:01   28    0  0.94   0   5     5:22 WSW 30.13   96
15   45.9  53.2    15:28  40.2     0:00   15    0  0.03   0   5    11:16 WSW 29.90  100
16   37.7  44.5     0:00  23.8    23:51   23    0  0.00   1  13    12:30 ENE 30.05   78
17   27.9  42.2    14:53  19.8     6:25   33    0  0.01   1  12    11:03   E 30.35   87
18   25.6  44.6    14:45  16.0     7:06   34    0  0.00   1  10    12:44  SW 30.49   88
19   27.1  47.4    14:39  15.1     6:24   34    0  0.00   0   8    13:25  SW 30.36   90
20   40.4  50.5    11:24  30.7     0:00   20    0  0.56   1  16    19:07 WSW 29.91   89
21   40.3  49.5    12:13  29.8    20:34   21    0  0.00   1  11     4:30 ENE 30.03   86
22   36.3  48.6    14:22  24.4    23:55   24    0  0.00   1  11     9:59   E 30.35   85
23   32.8  45.8    13:22  22.7     3:13   28    0  0.00   1  16    13:47 ENE 30.50   87
24   33.7  48.2    14:34  25.4    23:49   27    0  0.00   1   8    10:32 ENE 30.28   92
25   32.0  38.1    15:25  25.4     0:00   29    0  0.02   1   7     7:49 ENE 30.07   98
26   38.9  49.1    14:30  34.8     5:10   21    0  0.01   0   5    11:12  SW 29.87   96
27   32.7  35.9    13:39  29.1    23:30   28    0  1.02   1  11     4:15 ENE 29.42  100
28   33.2  39.1    13:57  26.4    20:44   28    0  0.07   2  21    10:06   E 29.40   86
29   32.5  44.8    13:26  26.4     7:29   29    0  0.00   0   7    12:19 WNW 29.77   87
30   32.4  38.5    11:08  26.4    23:29   28    0  0.19   1  10    13:01 WSW 29.62   92
---------------------------------------------------------------------------------------
TOT  34.1  62.6  11/9/09  15.1 11/19/09  820    0  2.93   1  21 11/28/09 ENE 30.11   86

HEAT BASE: 65.0
COOL BASE: 65.0