NOAA-Style Climate Reports: Lisbon, NH


Report for 2009 October
                  MONTHLY CLIMATOLOGICAL SUMMARY FOR 10/2009
                                        HEAT  COOL        
     MEAN                               DEG   DEG       WIND SPEED       DOM MEAN  MEAN
DAY  TEMP  HIGH   TIME     LOW   TIME   DAYS  DAYS RAIN AVG  HI  TIME    DIR BAROM HUM
---------------------------------------------------------------------------------------
1    39.9  46.5    11:11  35.5     6:19   21    0  0.00   0  12    11:32 WSW 29.92   86
2    42.7  52.0    14:05  36.5     5:29   18    0  0.10   1  11    11:24 WSW 30.01   87
3    47.9  51.4    12:55  43.0     0:00   13    0  1.26   0  12     4:24 ENE 29.96  100
4    51.9  62.4    15:11  44.9    23:43    9    0  0.06   0   7    14:10 ENE 29.87   97
5    47.8  57.8    14:43  43.4     2:06   13    0  0.01   1  18    14:28  SW 29.81   92
6    46.3  55.5    15:48  39.5    23:08   15    0  0.03   0   6    11:12  SW 29.84   91
7    46.6  57.5    12:44  39.8     0:00   14    0  0.43   1  17     6:13  SW 29.45   96
8    44.7  50.8    13:02  37.1    23:37   16    0  0.02   0   8    13:31 SSW 29.91   89
9    42.8  47.9    15:59  36.8     0:24   18    0  0.04   0   6     8:27 ESE 29.87   98
10   42.4  47.9    15:34  28.1    23:10   19    0  0.21   1  13    15:51 ENE 29.83   92
11   35.6  50.4    13:57  27.2    23:55   25    0  0.00   1  14    11:52  SW 30.11   82
12   34.2  47.4    15:20  22.3     7:12   26    0  0.00   0  11    15:43  SW 30.30   81
13   33.1  38.2    16:33  28.9    23:46   28    0  0.21   0   7    13:37  SW 30.07   98
14   31.3  37.9    13:51  25.8    23:32   30    0  0.00   0  10    10:09 ENE 30.20   83
15   28.7  34.8    16:13  22.9    23:48   32    0  0.00   1  11    11:46 ENE 30.15   85
16   27.8  40.5    16:03  21.0     1:44   33    0  0.00   0  10    11:33   E 30.08   82
17   29.4  46.2    14:05  16.5     7:11   30    0  0.01   1  10    10:46   E 30.18   78
18   29.5  40.1    15:08  21.3     5:29   32    0  0.00   1  13    14:21 ENE 30.20   84
19   31.7  49.8    15:18  20.1     7:05   29    0  0.00   1  10    14:26   E 30.13   77
20   36.1  52.7    15:46  23.2     1:43   25    0  0.00   0   5     7:56  SW 30.09   83
21   44.0  53.5    13:24  34.2     6:18   16    0  0.00   1  11    13:07   E 30.15   83
22   45.7  58.4    13:28  32.5    23:53   15    0  0.21   1  16    13:26   E 29.91   89
23   37.5  45.9    14:45  31.5     7:56   24    0  0.01   2  21    19:26 ENE 30.19   71
24   39.7  44.2    22:59  34.9     2:42   21    0  1.59   2  26     2:30  SW 29.84   97
25   43.0  54.0    12:53  29.1    23:52   18    0  0.06   1  10    10:29 WSW 29.93   85
26   34.1  49.5    15:10  24.2     7:28   44    0  0.00   1  14    12:26   E 30.32   81
27   36.9  48.5    14:22  24.7     6:40   24    0  0.00   1  18    13:29 WSW 30.21   85
28   39.9  47.6    13:00  35.8     5:55   21    0  0.17   0   7    10:48 ENE 30.08   95
29   41.1  47.0    16:22  37.1     6:42   20    0  0.00   0   6    13:18 ENE 30.28   94
30   44.6  49.6    14:02  41.1     1:33   16    0  0.07   1  16    19:27 WSW 30.19   91
31   54.6  67.1    13:20  46.1     0:01    7    1  0.09   4  30    13:48   W 29.75   82
---------------------------------------------------------------------------------------
TOT  39.7  67.1 10/31/09  16.5 10/17/09  674    1  4.58   1  30 10/31/09 ENE 30.03   87

HEAT BASE: 65.0
COOL BASE: 65.0