NOAA-Style Climate Reports: Lisbon, NH


Report for 2009 September
                  MONTHLY CLIMATOLOGICAL SUMMARY FOR 9/2009
                                        HEAT  COOL        
     MEAN                               DEG   DEG       WIND SPEED       DOM MEAN  MEAN
DAY  TEMP  HIGH   TIME     LOW   TIME   DAYS  DAYS RAIN AVG  HI  TIME    DIR BAROM HUM
---------------------------------------------------------------------------------------
1    50.5  67.6    15:14  38.1     6:43   12    1  0.00   0   8    14:08 ENE 30.27   82
2    54.6  72.1    14:37  40.6     6:01    9    3  0.00   1  10    12:20  SW 30.27   85
3    58.7  75.2    14:54  46.4     6:33    6    3  0.00   1   8    10:26  SW 30.13   87
4    60.4  76.1    14:01  49.8     6:36    5    4  0.00   0  10    12:19 ENE 30.05   84
5    57.0  71.6    13:51  44.9    23:58    7    3  0.00   0   8    13:52 ENE 30.16   81
6    50.6  66.8    14:11  37.5     6:30   11    1  0.00   1  12    16:34 ENE 30.37   80
7    51.2  69.0    14:41  37.3     6:20   11    1  0.00   0  11    13:16  SW 30.25   89
8    57.1  74.1    14:28  47.0     3:11    7    3  0.01   0   7    13:40   E 30.11   90
9    55.8  70.6    14:38  45.2    23:59    7    2  0.00   0  11    14:08 ENE 30.21   83
10   50.6  67.1    14:22  39.9     6:55   11    1  0.00   1  13    14:45 WSW 30.46   85
11   51.0  63.6    14:28  39.3     6:02   10    0  0.01   0   8    10:32 ENE 30.35   86
12   59.4  70.4    15:24  51.6     4:43    4    2  0.02   1   8     8:49 ENE 30.06   89
13   59.4  68.5    10:57  50.8    23:03    3    1  0.00   1  11    16:14 ENE 29.86   90
14   54.1  64.3    17:11  43.9     6:49    7    0  0.00   0   7     9:43   E 29.85   85
15   53.7  62.8    12:13  43.9    22:33    7    0  0.07   1  11    13:08 ENE 29.92   86
16   50.8  61.3    12:38  42.1     6:05   10    0  0.00   0   8    10:48 ENE 30.27   89
17   51.3  63.8    15:00  43.4    23:40   10    0  0.00   1  11    12:43 WSW 30.22   84
18   49.0  60.7    15:12  41.1     4:28   12    0  0.02   1  13    17:14  SW 29.93   87
19   46.1  56.4    15:01  34.0    23:57   15    0  0.00   1  12     8:35 ENE 30.20   74
20   43.6  65.4    15:00  30.3     6:50   18    0  0.00   1   8    10:55 WSW 30.31   85
21   48.3  73.4    15:22  31.8     6:34   15    2  0.00   0   8    12:31 WSW 30.29   81
22   52.2  66.8    13:54  38.8     3:55   10    1  0.00   0  12    16:36 WSW 30.21   93
23   62.6  71.6    13:57  56.1     2:54    2    3  0.33   1  20    14:06 WSW 30.00   95
24   57.0  65.6    13:33  42.8    23:58    5    1  0.07   1  12    10:48 ENE 30.00   83
25   45.7  55.8    15:20  32.6    23:59   15    0  0.00   1  19    13:13 ENE 30.26   81
26   41.6  59.5    15:12  28.2     6:57   19    0  0.00   1  16    16:46 WSW 30.26   84
27   49.6  55.3    15:08  42.8     0:58   11    0  0.43   0   6     3:48   E 29.74  100
28   57.2  66.8    15:11  50.8    23:57    5    1  0.21   1  17    11:59 WSW 29.44   91
29   51.4  62.1    13:40  46.1     7:08   14    1  0.07   1  16    14:02 WSW 29.44   92
30   43.2  48.8     0:00  38.1    23:57   18    0  0.04   0   8    10:54 ENE 29.72   94
---------------------------------------------------------------------------------------
TOT  52.4  76.1   9/4/09  28.2  9/26/09  293   34  1.28   1  20  9/23/09  SW 30.09   86

HEAT BASE: 65.0
COOL BASE: 65.0