NOAA-Style Climate Reports: Lisbon, NH


Report for 2009 August
                  MONTHLY CLIMATOLOGICAL SUMMARY FOR 8/2009
                                        HEAT  COOL        
     MEAN                               DEG   DEG       WIND SPEED       DOM MEAN  MEAN
DAY  TEMP  HIGH   TIME     LOW   TIME   DAYS  DAYS RAIN AVG  HI  TIME    DIR BAROM HUM
---------------------------------------------------------------------------------------
1    64.6  78.0    13:52  56.1     6:10    2    5  0.01   0  12    17:07  SW 30.00   88
2    61.7  74.8    11:57  54.0     5:23    2    3  1.13   1  18    12:12 WSW 29.90   94
3    63.9  74.6    14:22  51.6    23:45    1    4  0.00   0  11    15:18 WSW 29.94   80
4    63.4  78.8    15:06  47.9     6:34    4    7  0.00   1  17    14:41 WSW 29.92   82
5    64.8  76.9    13:57  53.0    23:57    2    5  0.05   0  13     9:39 ENE 29.82   83
6    59.1  72.8    14:54  49.1     6:26    5    3  0.00   0  12    14:04  SW 29.92   85
7    58.2  70.2    14:40  48.5     5:48    5    2  0.00   1  10    10:07  SW 29.98   78
8    55.8  69.9    14:28  43.6     6:56    7    2  0.00   0  11    12:08 ENE 30.18   79
9    57.4  72.1    11:42  43.9     4:56    6    2  0.00   0  19    14:37 WSW 30.06   88
10   69.3  81.7    14:47  60.5     2:16    0    8  0.00   1  11    10:19 WSW 29.80   86
11   67.8  80.5    13:09  61.3    23:50    0    7  0.12   0  14    13:36 ENE 29.81   91
12   66.4  78.4    13:33  58.6    23:46    0   12  0.97   1  12    14:01  SW 29.99   89
13   64.6  74.8    13:01  57.2     3:01    1    5  0.00   1  11    16:20 WSW 30.11   89
14   66.3  82.3    14:13  56.2     5:54    1    7  0.00   0   7     9:41 WSW 30.15   86
15   67.8  84.2    13:25  55.3     6:20    1    8  0.00   1  10    10:28 WSW 30.13   84
16   69.1  84.2    14:47  57.6     6:42    1    9  0.00   0  11    13:42  SW 30.12   84
17   70.3  85.7    14:30  59.2     5:54    0   10  0.00   0  11    12:32 WSW 30.09   85
18   72.7  85.3    15:01  60.8     4:27    0   12  0.00   1  22    15:35 WSW 29.95   79
19   69.8  81.3    14:41  58.1    23:59    0    9  0.05   1  14    13:56 WSW 29.88   87
20   65.2  78.6    15:12  52.7     7:24    2    7  0.00   1  17    13:58 WSW 29.95   86
21   68.8  80.0    13:00  64.4     6:03    0    8  1.23   0  11    10:08 WSW 29.86   96
22   67.0  73.7    16:18  62.4     5:16    0    6  0.21   0   7    13:13 WSW 29.89   98
23   68.9  77.8    14:39  63.8    23:47    0    8  0.05   0   7    14:27  NE 29.81   92
24   66.1  74.5    13:48  62.0    23:29    0    5  0.18   0  11    15:37 ENE 29.99   93
25   64.6  76.1    14:39  56.9     6:10    1    5  0.00   1  12    13:55  SW 30.06   87
26   60.0  70.6    16:13  47.9    23:57    5    8  0.01   1  12    18:12 WSW 29.90   89
27   52.0  66.6    14:51  40.1     6:42   10    1  0.01   1  12    13:40   E 30.10   78
28   52.8  67.5    13:55  39.2     6:13   10    1  0.00   0   8    12:33 ENE 30.18   77
29   53.8  59.4    15:21  50.4    23:33    7    0  0.39   0   8    16:21 ENE 29.92   95
30   59.4  72.0    14:25  49.9     1:11    5    3  0.02   1  16    13:56  SW 29.83   86
31   54.6  63.6    14:35  41.7    23:55    7    0  0.00   1  14     9:23 ENE 30.08   78
---------------------------------------------------------------------------------------
TOT  63.4  85.7  8/17/09  39.2  8/28/09   85  170  4.43   1  22  8/18/09 WSW 29.98   86

HEAT BASE: 65.0
COOL BASE: 65.0