NOAA-Style Climate Reports: Lisbon, NH


Report for 2009 July
                  MONTHLY CLIMATOLOGICAL SUMMARY FOR 7/2009
                                        HEAT  COOL        
     MEAN                               DEG   DEG       WIND SPEED       DOM MEAN  MEAN
DAY  TEMP  HIGH   TIME     LOW   TIME   DAYS  DAYS RAIN AVG  HI  TIME    DIR BAROM HUM
---------------------------------------------------------------------------------------
1    60.4  65.4    16:08  55.2    23:39    2    1  0.17   0   8     3:00 WSW 29.79   97
2    57.6  61.5    13:45  53.3     5:14    3    0  0.48   0   6    12:35   E 29.83  100
3    62.1  73.0    15:32  55.9     5:43    2    3  0.05   1  14    15:09 WSW 29.76   91
4    59.4  71.4    12:46  53.5    23:34    3    1  0.30   1  13    16:42 WSW 29.71   91
5    58.5  70.4    14:03  48.8    23:53    5    2  0.00   1  12    14:36 ENE 29.78   77
6    58.8  74.6    14:42  44.8     6:12    6    4  0.02   1  12    15:08 ENE 29.77   78
7    55.9  64.9    10:42  49.6     4:24    5    0  0.21   1  14    12:15 WSW 29.78   93
8    55.1  62.4    16:35  51.9     4:48   11    0  0.30   1  10    16:40 ENE 29.91   97
9    58.5  67.8    13:31  51.3     5:06    4    2  0.00   1  11    14:58 WSW 30.19   86
10   62.0  75.8    14:09  48.5     6:23    4    5  0.00   1  11    14:31 WSW 30.25   75
11   63.2  75.9    13:58  50.8     4:54    3    5  0.46   2  24    15:35 WSW 30.02   80
12   63.2  73.9    14:05  54.7    23:59    1    4  0.08   1  10     7:53  SW 29.84   78
13   54.6  61.0    10:14  48.3     5:55    6    0  0.08   1  14    14:13 WSW 29.95   87
14   54.4  61.0    10:14  48.3     5:55    6    0  0.09   0  14    14:13 WSW 29.96   88
15   58.1  71.3    15:00  47.9     5:47    5    2  0.00   0  11     9:23  SW 30.02   78
16   59.5  72.5    17:05  50.4     3:31    4    3  0.08   0   8    16:26 WSW 29.80   93
17   64.9  78.0    14:53  56.5     2:02    1    5  0.07   1  14    14:18  SW 29.79   84
18   65.7  76.7    14:25  55.9    23:55    1    5  0.19   1  16    16:17 WSW 29.73   84
19   60.5  69.9    12:03  49.3     5:31    4    3  0.00   1  16    10:19  SW 29.98   82
20   61.2  76.3    14:19  48.2     6:19    4    5  0.00   1  12    12:54  SW 30.18   81
21   61.9  72.5    12:19  52.9     3:41    3    3  0.61   1   7     7:39 ENE 30.20   89
22   62.3  70.4    14:08  56.9     4:52    2    3  0.04   0  11    14:27  SW 30.12   92
23   62.5  74.1    13:30  55.3     4:42    2    3  0.00   2  17    13:37 ENE 30.08   88
24   60.2  66.9    13:43  55.6     6:17    2    1  0.52   0  10    12:27 ENE 29.88   95
25   65.0  76.7    15:36  58.0     4:31    1    5  0.13   0  11    14:27  SW 29.88   87
26   65.9  79.0    15:18  56.4     2:28    1    6  0.00   1  24    14:57 WSW 29.85   88
27   67.4  77.1    11:23  57.6     6:00    1    7  0.00   1  18    16:32 WSW 29.85   83
28   67.1  80.1    15:05  54.4     5:52    2    8  0.00   1  14    12:00 WSW 29.89   80
29   69.6  83.0    14:07  57.0     5:36    1    9  0.42   1  18    15:48 WSW 29.80   84
30   68.0  78.6    15:25  57.6    23:56    0    7  0.20   0  10     0:28  SW 29.77   90
31   59.3  63.6    17:03  54.9     4:26    2    1  0.46   0   5     5:12 WSW 29.87  100
---------------------------------------------------------------------------------------
TOT  61.5  83.0  7/29/09  44.3  7/13/09   95  104  4.88   1  24  7/11/09 WSW 29.91   87

HEAT BASE: 65.0
COOL BASE: 65.0