NOAA-Style Climate Reports: Lisbon, NH


Report for 2009 June
                  MONTHLY CLIMATOLOGICAL SUMMARY FOR 6/2009
                                        HEAT  COOL        
     MEAN                               DEG   DEG       WIND SPEED       DOM MEAN  MEAN
DAY  TEMP  HIGH   TIME     LOW   TIME   DAYS  DAYS RAIN AVG  HI  TIME    DIR BAROM HUM
---------------------------------------------------------------------------------------
1    46.5  61.8    14:39  27.8     3:52   14    0  0.00   1  14    10:29 WSW 29.97   69
2    52.3  62.4    14:19  44.5     5:42    9    0  0.01   1  14    12:10 ENE 29.94   75
3    54.8  67.5    15:09  40.2     5:41    7    1  0.00   1  13    13:44 ENE 29.98   67
4    54.2  68.1    14:46  40.5     6:12    8    1  0.01   0  12    11:42 ENE 29.98   69
5    54.9  70.0    13:24  38.6     5:26    8    2  0.00   1  16    13:36  SW 29.97   69
6    57.8  72.7    15:32  39.6     4:58    7    4  0.00   1  13    13:23 WSW 29.86   68
7    53.2  67.5    13:07  41.7     5:16    8    1  0.06   0  10    11:35 WSW 29.97   77
8    53.9  65.6    13:56  41.5     6:07    8    1  0.00   1  16    13:38 ENE 30.02   73
9    49.2  52.3    15:53  46.2     6:51   11    0  0.28   2  28    15:09 ENE 29.96   89
10   55.9  66.1    16:43  47.3     5:12    6    1  0.00   1  13    13:34 WSW 29.95   82
11   60.1  69.0    12:37  52.9     0:00    3    2  0.01   1  17    13:10 WSW 29.91   83
12   59.6  69.3    14:30  50.1    23:52    3    2  0.97   1  11    18:27  SW 29.75   91
13   58.6  71.6    15:54  47.3     5:23    5    3  0.01   1  11    12:53 WSW 29.91   82
14   57.3  67.5    15:04  49.9    23:54    5    1  0.06   1  12    16:02 ENE 29.96   86
15   53.1  58.1    11:55  48.5     1:25    8    0  0.05   1   7    16:15 ENE 30.06   97
16   57.9  69.2    15:31  46.5    23:59    5    2  0.00   1  16    18:34  SW 30.20   77
17   57.1  73.2    14:00  40.2     5:40    7    4  0.00   1  13    15:09 WSW 30.18   70
18   52.1  62.1    11:30  43.4     5:08    9    0  0.22   1  17    11:42 ENE 30.03   93
19   58.7  65.3    17:39  52.5     0:00    3    1  0.20   1   8    17:48 ENE 29.80   94
20   62.4  69.0    16:13  56.2     4:24    1    3  0.00   0   5     7:16 ENE 29.64   87
21   64.9  74.6    12:44  54.6     3:21    2    6  0.00   3  18    15:35 ENE 29.62   79
22   62.7  70.0    13:36  59.5    23:51    0    2  0.00   2  18    11:24 ENE 29.71   77
23   61.2  67.1    10:51  51.3     5:18    2    2  0.00   1  14    13:23 ENE 29.78   87
24   68.3  80.0    14:28  56.1     5:22    1    8  0.00   2  16    16:40 ENE 29.79   80
25   70.3  81.5    14:54  60.3     3:49    0    9  0.00   1  13    18:25 WSW 29.72   82
26   69.2  81.1    12:05  59.4     5:26    0    8  0.01   1  14    10:10 WSW 29.62   74
27   63.9  74.3    15:36  55.6     5:05    1    4  0.05   1  12    16:08 ENE 29.70   86
28   63.8  75.2    14:41  56.1     3:02    1    4  0.02   0  13    15:33 ENE 29.67   88
29   61.6  64.3    17:58  58.4    23:04    0    1  1.30   0   8    14:52 WSW 29.45  100
30   64.4  75.2    13:30  55.8     6:37    1    5  0.00   1  17    17:44 ENE 29.62   84
---------------------------------------------------------------------------------------
TOT  58.7  81.5  6/25/09  27.8   6/1/09  148   78  3.26   1  28   6/9/09 ENE 29.86   81

HEAT BASE: 65.0
COOL BASE: 65.0