NOAA-Style Climate Reports: Lisbon, NH


Report for 2009 May
                  MONTHLY CLIMATOLOGICAL SUMMARY FOR 5/2009
                                        HEAT  COOL        
     MEAN                               DEG   DEG       WIND SPEED       DOM MEAN  MEAN
DAY  TEMP  HIGH   TIME     LOW   TIME   DAYS  DAYS RAIN AVG  HI  TIME    DIR BAROM HUM
---------------------------------------------------------------------------------------
1    56.2  66.3    17:39  44.8     1:47    6    1  0.37   5  22    14:07   W 29.74   83
2    48.4  57.5    15:27  33.6    23:54   13    0  0.15   1  16    10:59 WSW 29.81   71
3    45.1  60.8    17:05  28.1     6:17   16    0  0.00   2  19    13:22 WSW 29.95   69
4    52.4  68.3    13:55  34.0     5:47   10    2  0.00   1  14    12:13  SW 30.03   61
5    47.8  62.3    11:05  39.8     5:38   13    0  0.02   1  16    14:12 ENE 30.19   73
6    47.2  54.9    17:52  41.2     0:57   14    0  0.23   1   8    11:14 WSW 30.04   92
7    49.6  55.2    14:37  45.5     3:26   11    0  0.38   0  11    19:58 WSW 29.77   98
8    53.9  66.6    15:17  43.7     5:58    8    1  0.02   1  17    16:44  SW 29.74   86
9    55.5  71.1    13:49  42.1     4:55    8    2  0.91   2  20    13:52 WSW 29.57   85
10   44.1  52.5     0:00  37.5    21:29   17    0  0.02   1  13     5:23 ENE 29.70   85
11   44.7  55.6    15:33  34.0    23:59   16    0  0.01   1  17    11:10 ENE 30.01   70
12   45.3  62.4    13:00  27.8     5:39   16    0  0.00   1  14    13:40 ENE 30.15   64
13   50.6  67.1    15:32  29.2     5:48   12    1  0.00   2  18    15:11 WSW 30.32   57
14   53.9  59.4    11:21  48.0     5:39    7    0  0.11   5  30    15:44   W 30.17   68
15   58.9  70.4    14:25  44.2    23:58    4    2  0.00   1  16    15:26 WSW 30.19   64
16   52.4  69.0    12:28  37.6     3:36    9    1  0.13   2  24    12:14 ENE 30.06   75
17   48.4  54.0    15:31  34.6    23:57   13    0  0.27   1  14     5:31 ENE 29.95   73
18   41.1  49.9    16:12  30.4    23:59   20    0  0.00   1  13    11:36 ENE 30.24   69
19   46.8  65.8    16:53  26.1     4:25   15    1  0.00   2  19    14:07  SW 30.32   60
20   55.0  70.2    17:48  40.1     3:24    8    2  0.00   1  19    16:53  SW 30.25   66
21   64.2  84.6    14:59  40.1     4:51    6    9  0.00   2  22    16:21 WSW 30.07   58
22   58.2  74.8    10:31  44.5    23:55    6    3  0.00   1  16    12:29   E 30.05   71
23   50.1  61.5    11:25  39.1     4:17   11    0  0.00   1  13    12:12 WSW 30.18   77
24   54.4  70.0    17:02  45.6    23:56    8    2  0.09   1  17    16:23 WSW 29.96   85
25   49.4  65.8    11:04  33.8    23:58   12    1  0.00   1  16    13:01 ENE 30.05   63
26   46.1  62.9    15:30  27.0     5:20   15    0  0.00   1  12    15:09  SW 30.25   58
27   43.2  45.6    10:07  41.1     3:35   18    0  0.74   0  10    13:07  SW 30.05   97
28   45.0  48.8    15:00  42.4     0:49   16    0  0.47   1  12    14:19 WSW 29.95   99
29   49.6  58.6    18:22  43.7     3:39   11    0  0.31   0  11    10:15 WSW 29.72   98
30   55.8  64.3    14:55  43.0    23:59    6    1  0.35   0  12    15:51 WSW 29.65   84
31   46.3  63.1    13:01  32.5    23:57   15    0  0.03   2  27    16:57 WSW 29.72   80
---------------------------------------------------------------------------------------
TOT  50.3  84.6  5/21/09  26.1  5/19/09  359   28  4.61   1  30  5/14/09 WSW 30.00   75

HEAT BASE: 65.0
COOL BASE: 65.0