NOAA-Style Climate Reports: Lisbon, NH


Report for 2009 April
                  MONTHLY CLIMATOLOGICAL SUMMARY FOR 4/2009
                                        HEAT  COOL        
     MEAN                               DEG   DEG       WIND SPEED       DOM MEAN  MEAN
DAY  TEMP  HIGH   TIME     LOW   TIME   DAYS  DAYS RAIN AVG  HI  TIME    DIR BAROM HUM
---------------------------------------------------------------------------------------
1    33.6  44.6    13:30  22.0     2:51   27    0  0.00   2  19    12:13  SW 30.16   82
2    43.1  57.6    16:40  32.6     6:49   18    0  0.00   1  14    14:43  SW 30.01   76
3    42.4  55.9    16:37  27.8     3:47   19    0  0.22   1  17    11:52  NE 29.56   89
4    39.7  45.6     4:31  32.9    22:31   21    0  0.05   3  19    11:10 WSW 29.24   87
5    35.1  40.5    16:06  31.3     5:10   26    0  0.02   1  12    17:07 ENE 29.66   83
6    36.0  40.6    12:03  31.9     6:36   25    0  0.79   1  13    15:30 ENE 29.56   92
7    33.9  37.2    11:32  28.5    23:35   27    0  0.25   2  14    12:15 WSW 29.21   96
8    30.8  35.3    17:49  26.7    23:53   30    0  0.00   3  20    12:23 WSW 29.51   71
9    36.1  48.3    12:39  22.9     5:46   25    0  0.00   2  24    10:30  SW 29.74   62
10   37.3  52.6    15:42  20.2     5:45   24    0  0.00   1  19    13:31  SW 29.99   63
11   37.5  50.7    13:46  27.2     6:25   23    0  0.00   2  18    18:45 ENE 29.96   61
12   27.2  31.0    14:14  23.2     6:10   34    0  0.00   3  18    16:40 ENE 30.06   56
13   33.2  44.0    14:39  23.8    23:58   27    0  0.00   2  19    15:01  NW 30.03   47
14   35.5  53.5    14:31  17.6     6:27   25    0  0.00   1  16    12:10   E 30.07   53
15   39.6  58.1    15:01  19.9     6:14   21    0  0.00   1  18    14:10 ENE 30.13   49
16   39.2  56.5    14:39  21.6     6:17   22    0  0.00   1  16    10:38 ENE 30.28   49
17   43.5  61.3    13:47  22.6     5:58   18    0  0.00   2  20    13:47  SW 30.11   50
18   42.4  51.9     0:19  36.5    23:58   19    0  0.00   1  10     0:23 ENE 29.94   75
19   40.8  54.4    15:19  25.1     6:17   20    0  0.00   1  18    16:38 ENE 30.10   56
20   38.5  52.6    14:27  21.6     5:52   23    0  0.01   3  21    11:26  SW 30.21   55
21   43.4  52.5    14:29  35.5     5:09   18    0  0.37   2  28     1:24  SW 29.84   85
22   47.9  60.8    14:49  38.6    23:55   13    0  0.62   2  17    11:00 WSW 29.61   85
23   39.3  45.1    16:11  35.2     6:07   22    0  0.19   2  17    13:31 WSW 29.69   88
24   46.0  65.3    17:09  26.1     6:09   16    1  0.00   1  13    12:01  SW 30.13   62
25   58.8  83.4    16:17  35.5     2:43    9    7  0.00   2  25    14:08 WSW 30.05   63
26   55.0  65.9     2:55  46.2    23:55    6    0  0.03   1  13     2:45 ENE 30.20   78
27   58.8  79.0    16:50  41.2     5:25    7    5  0.00   2  20    12:48 WSW 30.25   66
28   59.4  85.0    13:22  41.5    23:50    7    6  0.00   3  24    14:53  SW 30.09   69
29   43.3  56.4    16:04  28.5     6:09   18    0  0.00   2  17     8:09 ENE 30.46   51
30   47.8  67.8    15:16  24.4     5:44   14    1  0.00   3  24    23:35 WSW 30.31   49
---------------------------------------------------------------------------------------
TOT  41.5  85.0  4/28/09  17.6  4/14/09  603   20  2.55   2  28  4/21/09 WSW 29.94   68

HEAT BASE: 65.0
COOL BASE: 65.0