NOAA-Style Climate Reports: Lisbon, NH


Report for 2009 March
                  MONTHLY CLIMATOLOGICAL SUMMARY FOR 3/2009
                                        HEAT  COOL        
     MEAN                               DEG   DEG       WIND SPEED       DOM MEAN  MEAN
DAY  TEMP  HIGH   TIME     LOW   TIME   DAYS  DAYS RAIN AVG  HI  TIME    DIR BAROM HUM
---------------------------------------------------------------------------------------
1    14.1  27.2    15:49   3.6     4:06   45    0  0.00   1  10    23:37 ENE 30.22   66
2    12.3  17.9     0:00   8.4    20:15   49    0  0.03   3  18     8:25 ENE 30.05   74
3     7.2  16.6    13:46  -5.0    23:52   54    0  0.00   1  12     0:14 ENE 30.17   63
4     5.8  23.0    15:30 -13.1     6:45   55    0  0.00   1  16    11:03 ENE 30.31   65
5    14.5  30.9    14:48  -9.4     6:24   45    0  0.00   1  10    12:27 ENE 30.38   62
6    30.7  40.6    14:24  23.8     1:37   30    0  0.00   1  10    12:43 ENE 29.95   80
7    34.3  45.9    13:34  26.4     1:37   27    0  0.21   1  14    12:09 ENE 29.97   84
8    33.6  44.2    13:49  24.5    23:07   26    0  0.30   1  17    14:22 ENE 29.89   84
9    26.6  29.4    15:04  24.2     7:16   34    0  0.24   0   5     1:21 ENE 30.06   95
10   31.1  38.8    16:21  25.8     0:00   30    0  0.00   1  10    12:36  SW 30.31   88
11   35.3  42.7    17:29  29.2     3:59   26    0  0.30   2  30    11:28 WSW 29.92   83
12   18.8  30.7     0:00   8.4    23:53   42    0  0.00   2  19     0:07  NW 30.35   47
13   14.6  28.5    17:32  -0.5     7:08   46    0  0.00   1  16    13:54 WSW 30.48   58
14   23.0  41.5    15:35   6.0     6:57   38    0  0.00   1  12    14:20  SW 30.23   65
15   29.4  49.5    15:52  14.0     6:37   32    0  0.00   0   8    13:35  SW 30.19   69
16   30.7  47.7    15:44  17.4     6:51   30    0  0.00   1  11    10:33  SW 30.34   74
17   32.7  52.3    15:54  19.2     6:48   28    0  0.00   1  12    13:17 WSW 30.25   75
18   31.0  41.7    11:58  21.1     4:54   30    0  0.06   1  13    10:10 WSW 30.02   92
19   36.5  48.8    13:21  25.1    22:12   24    0  0.02   2  18    18:40 WSW 30.01   67
20   24.7  33.9    14:12  14.9     7:15   36    0  0.00   2  18    13:41 ENE 30.35   43
21   25.2  39.9    16:00   9.1     7:08   34    0  0.00   1  13    15:40 ENE 30.47   53
22   27.2  35.6    11:23  21.3    23:12   34    0  0.00   2  17    12:51 ENE 30.26   61
23   15.7  22.0    14:47   9.5     7:01   41    0  0.00   3  22    17:00 ENE 30.36   51
24   24.2  39.3    14:26   9.3     5:58   37    0  0.00   3  28    12:36 ENE 30.45   62
25   29.9  50.1    14:53  14.3     6:45   31    0  0.00   1  10    14:52  SW 30.35   62
26   33.1  49.3    12:50  17.1     6:38   28    0  0.26   1  16    13:23  SW 30.04   70
27   37.2  52.9    15:43  27.0    23:59   24    0  0.07   0  10    14:01 ENE 29.94   85
28   40.2  59.9    15:20  26.0     6:26   21    0  0.00   2  16    14:42  SW 29.98   76
29   36.9  44.6    16:32  30.1     4:08   24    0  0.10   1  18    16:39 ENE 29.64   97
30   36.6  38.9    17:11  33.8    23:58   24    0  0.39   1  13     0:29 ENE 29.53   96
31   33.3  37.8    11:32  24.1    23:59   26    0  0.01   1  13    15:08 ENE 30.14   82
---------------------------------------------------------------------------------------
TOT  26.7  59.9  3/28/09 -13.1   3/4/09 1052    0  1.99   1  30  3/11/09 ENE 30.15   72

HEAT BASE: 65.0
COOL BASE: 65.0