NOAA-Style Climate Reports: Lisbon, NH


Report for 2009 February
                  MONTHLY CLIMATOLOGICAL SUMMARY FOR 2/2009
                                        HEAT  COOL        
     MEAN                               DEG   DEG       WIND SPEED       DOM MEAN  MEAN
DAY  TEMP  HIGH   TIME     LOW   TIME   DAYS  DAYS RAIN AVG  HI  TIME    DIR BAROM HUM
---------------------------------------------------------------------------------------
1     2.0  19.2    15:35 -13.8     0:00   59    0  0.01   0   5     1:33 ENE 29.90   80
2    14.4  33.9    14:53  -3.1     7:19   46    0  0.00   0   6    12:33 ENE 29.99   83
3    18.0  25.5    11:50  10.3    23:44   42    0  0.00   2  17    11:05 ENE 29.91   71
4     5.8  15.5    13:30 -10.3    23:53   54    0  0.00   1  12    10:56 ENE 30.02   64
5    -5.2   8.3    15:04 -15.2    23:52   62    0  0.00   1  14    12:39 ENE 30.27   68
6    -0.3  20.4    15:20 -15.5     0:20   61    0  0.00   1   8    10:19  SW 30.38   68
7     9.9  32.0    18:28 -11.0     4:58   49    0  0.00   0   8    13:07  SW 30.17   71
8    29.5  38.9     8:09  14.1    23:55   31    0  0.03   2  19    12:39 WSW 29.86   66
9    11.1  23.0    13:57   1.8     7:27   47    0  0.00   1  14     0:28 ENE 30.37   59
10   14.2  24.4    23:41   0.7     1:16   45    0  0.00   1   7    10:43 ENE 30.27   70
11   32.0  52.2    13:25  19.0     3:03   29    0  0.25   0  11    13:28 WSW 29.83   85
12   32.5  37.3    14:52  28.8    23:57   29    0  0.33   1  11    18:00 WSW 29.20   99
13   13.8  28.8     0:00   2.9    23:59   47    0  0.00   2  19    11:12 ENE 29.80   69
14   13.7  29.7    14:38  -1.6     6:31   47    0  0.00   1  13    11:01  SW 29.85   70
15   18.1  24.1    14:48  10.8     3:29   43    0  0.00   1  12    10:11 ENE 30.03   74
16   19.7  24.2    14:52  15.7     5:28   41    0  0.00   1  13    10:53 ENE 30.19   72
17   18.6  27.3    13:48   6.0    23:58   42    0  0.00   1  11    11:59 ENE 30.22   75
18   18.5  32.6    13:41   1.0     6:41   42    0  0.02   2  28    19:18  SW 29.94   74
19   29.1  32.5    11:47  20.4    23:26   32    0  0.05   1  14     3:13  SW 29.36   93
20   15.7  20.5     0:00   9.6    23:58   45    0  0.05   1  11    12:33 WSW 29.52   80
21   16.7  27.9    15:22   6.0     1:38   43    0  0.00   1  17    11:48 WSW 30.05   72
22   22.9  33.0    14:53  12.5     0:00   38    0  0.26   1  17    13:28 ENE 29.99   89
23   17.8  22.1     8:58  11.1    20:16   43    0  0.03   0  10    22:06 WSW 29.85   80
24   11.4  20.5    13:24  -3.1    23:52   50    0  0.00   1  14    11:38 ENE 30.26   70
25   11.1  30.9    14:36  -6.2     2:04   49    0  0.00   1  10    14:49 ENE 30.43   70
26   23.1  43.0    15:06   7.7     0:09   36    0  0.00   1  10    12:09 WSW 30.27   82
27   33.6  48.3    14:14  16.2     3:47   27    0  0.18   3  38    14:12   W 29.94   92
28   17.7  37.8     0:13   4.6    23:53   43    0  0.01   2  19    14:02 ENE 30.24   65
---------------------------------------------------------------------------------------
TOT  16.7  52.2  2/11/09 -15.5   2/6/09 1224    0  1.22   1  38  2/27/09 ENE 30.00   75

HEAT BASE: 65.0
COOL BASE: 65.0