NOAA-Style Climate Reports: Lisbon, NH


Report for 2009 January
                  MONTHLY CLIMATOLOGICAL SUMMARY FOR 1/2009
                                        HEAT  COOL        
     MEAN                               DEG   DEG       WIND SPEED       DOM MEAN  MEAN
DAY  TEMP  HIGH   TIME     LOW   TIME   DAYS  DAYS RAIN AVG  HI  TIME    DIR BAROM HUM
---------------------------------------------------------------------------------------
1    -1.7   6.6    13:04  -9.2    23:59   64    0  0.00   1  16    11:24 ENE 30.16   62
2     1.9  13.9    15:24 -10.4     6:55   61    0  0.00   0  11    13:02 ENE 29.92   72
3    14.6  23.4    13:49   8.2     1:20   48    0  0.00   2  18    18:24  SW 29.85   69
4    11.8  16.8    15:17   8.7     7:46   51    0  0.00   1  11    11:59 ENE 30.07   70
5    21.7  31.2    14:01  13.6     0:00   41    0  0.05   1  11    15:11 ENE 29.89   80
6    17.2  30.2    14:58   7.3     7:44   46    0  0.00   1  12    12:10 WSW 29.98   76
7    22.1  29.0    17:41  16.1     0:00   41    0  0.27   1  10    13:22 ENE 29.46   93
8    22.2  29.3    10:56   6.8    23:57   41    0  0.02   2  19    10:48 WSW 29.22   84
9     6.3  13.6    15:04  -0.9    23:57   57    0  0.00   1  13    12:59 ENE 29.92   80
10    2.1  17.1    13:34 -12.3     7:38   61    0  0.00   1  10    12:57 ENE 30.28   77
11    9.7  22.8    14:49  -0.3    21:26   53    0  0.24   0   6     0:00 ENE 29.99   87
12    7.5  21.0    13:55  -0.7     0:12   55    0  0.01   0   6    14:40 ENE 30.16   82
13   12.3  31.1    18:43  -5.7     7:13   51    0  0.00   3  24    18:40 ENE 30.02   81
14    4.0  28.0     0:20 -10.2    23:58   59    0  0.00   2  16     0:40 ENE 29.99   61
15   -9.3   8.0    14:31 -21.6    23:56   72    0  0.00   1  12    13:02 ENE 30.30   67
16  -12.8   5.5    14:25 -33.4     7:51   74    0  0.00   1  10    17:49  SW 30.41   66
17   -5.7  12.7    14:40 -27.0     7:29   66    0  0.00   1  14    15:30 WSW 30.43   68
18   11.7  16.2    16:37   3.6     0:24   49    0  0.10   0  14     1:32  SW 30.04   83
19   17.7  25.0    13:13  10.9     7:25   43    0  0.09   0   7    12:54 WSW 29.65   89
20   14.1  19.5    11:43   0.5    23:57   47    0  0.00   1  10     9:56 ENE 29.71   80
21    0.3  14.6    15:35 -13.8     7:13   61    0  0.00   0   7    13:04  NE 29.84   77
22   18.1  25.8    13:50   3.0     0:00   43    0  0.00   1  20    12:13 WSW 29.81   81
23   23.8  29.5    13:19  18.9     7:10   37    0  0.00   1  14    17:21 WSW 29.86   82
24    8.7  30.4     1:46 -17.0    23:59   51    0  0.00   2  16     8:34 ENE 29.96   65
25   -2.7  17.3    14:56 -24.8     7:07   64    0  0.01   1  20    12:40 WSW 30.24   67
26   -0.5  15.5    15:01 -14.3     7:21   59    0  0.00   0  10    12:56  SW 30.39   73
27    2.9  19.8    13:21  -5.0     4:39   57    0  0.00   0  11    13:54 ENE 30.45   74
28   10.4  21.8    21:55  -2.5     0:00   50    0  0.34   1   7    10:40 ENE 29.97   89
29   14.7  23.0    13:55   0.8    21:38   46    0  0.01   1  13     1:59 ENE 29.80   83
30   11.9  26.6    14:09  -0.8     4:07   49    0  0.01   1  17    16:48 WSW 29.84   84
31    7.5  19.3    10:59 -13.8    23:56   53    0  0.00   1  13    13:47 WSW 29.86   74
---------------------------------------------------------------------------------------
TOT   8.5  31.2   1/5/09 -33.4  1/16/09 1652    0  1.15   1  24  1/13/09 ENE 29.98   77

HEAT BASE: 65.0
COOL BASE: 65.0