NOAA-Style Climate Reports: Lisbon, NH


Report for 2008 December
                  MONTHLY CLIMATOLOGICAL SUMMARY FOR 12/2008
                                        HEAT  COOL        
     MEAN                               DEG   DEG       WIND SPEED       DOM MEAN  MEAN
DAY  TEMP  HIGH   TIME     LOW   TIME   DAYS  DAYS RAIN AVG  HI  TIME    DIR BAROM HUM
---------------------------------------------------------------------------------------
1    34.7  47.7    11:58  29.7    22:53   28    0  0.02   1  18    11:33 WSW 29.50   98
2    35.0  41.8    12:35  27.8    20:54   29    0  0.00   3  24    10:11 WSW 29.89   73
3    29.4  38.4    13:36  23.2     7:41   34    0  0.00   1  17    11:41 WSW 30.13   83
4    32.1  37.0    14:47  23.2     2:04   31    0  0.02   1  10     4:24 WSW 29.97   85
5    24.4  31.3    13:25  15.0    23:57   39    0  0.00   1  12     0:03 ENE 30.14   72
6    21.1  29.5    23:49  10.6     6:51   42    0  0.00   1  18    12:47 WSW 30.07   72
7    25.1  29.7    13:16   8.0    23:59   38    0  0.00   2  21    20:09  SW 29.68   73
8     2.2   9.6    13:57  -3.3     7:45   61    0  0.00   1  17     1:16 ENE 30.34   61
9    18.0  37.8    23:03  -1.7     0:00   46    0  0.05   2  24    12:15 ENE 30.28   83
10   36.2  51.8    10:30  23.2    23:51   27    0  0.62   2  18    10:50 ENE 29.93   97
11   24.3  26.6    20:39  21.4     4:33   39    0  0.27   1   8     1:07 ENE 30.11   91
12   26.8  31.9     9:51  17.7    22:45   37    0  1.39   0   6     1:32 ENE 29.65   94
13    8.4  19.0     0:00   1.1    21:49   54    0  0.00   0   0     0:00   N 30.29   82
14   15.8  28.8    15:42   2.6     3:46   47    0  0.01   0   0     0:00   N 30.43   90
15   33.4  48.0    21:11  24.5     6:50   30    0  0.09   1  16    21:59 WSW 30.13   99
16   25.4  37.0     0:00  18.2    20:43   38    0  0.00   2  17     9:02 ENE 30.45   61
17   21.6  24.6    11:54  16.6     4:02   42    0  0.22   1  10    11:19 WSW 30.15   89
18   21.8  30.4    13:22  14.4     3:35   42    0  0.01   0  11    13:01 WSW 30.24   92
19   13.4  21.2     0:00   9.0    23:07   50    0  0.28   1  11     2:53 ENE 30.23   86
20   10.8  14.9    14:51   8.0     6:31   53    0  0.01   1   6     0:00 ENE 30.21   85
21   11.1  18.5    20:27   4.3     4:52   52    0  0.63   0   7    10:54 ENE 29.79   89
22   12.3  17.9     1:55  -4.6    23:58   51    0  0.04   2  14    13:18 WSW 29.77   77
23   -0.5  13.2    14:12 -20.0     7:14   62    0  0.00   1   8    11:59  SW 30.55   78
24   21.5  36.3    23:57  10.3     0:00   40    0  0.09   1  11     5:34 WSW 30.07   93
25   31.1  41.3     0:55  12.1    23:58   32    0  0.05   3  25     7:28 ENE 30.06   66
26   13.3  22.1    23:41  -0.8     7:03   50    0  0.00   0   8    11:40  SW 30.57   77
27   32.2  35.8    23:11  22.1     0:00   31    0  0.17   1  13     2:38 WSW 30.20   92
28   41.0  51.4    12:49  33.8    23:22   22    0  0.00   2  24    19:06 WSW 29.77   86
29   33.1  37.4     0:41  26.1    21:53   30    0  0.00   1  14    10:48 ENE 29.82   75
30   23.6  31.4    10:14   6.9    23:58   40    0  0.07   1  19    13:31 ENE 29.69   76
31    6.4  13.4    12:31  -1.5    23:56   57    0  0.01   3  17    21:33 ENE 29.83   72
---------------------------------------------------------------------------------------
TOT  22.1  51.8 12/10/08 -20.0 12/23/08 1278    0  4.05   1  25 12/25/08 ENE 30.06   82

HEAT BASE: 65.0
COOL BASE: 65.0