NOAA-Style Climate Reports: Lisbon, NH


Report for 2008 November
                  MONTHLY CLIMATOLOGICAL SUMMARY FOR 11/2008
                                        HEAT  COOL        
     MEAN                               DEG   DEG       WIND SPEED       DOM MEAN  MEAN
DAY  TEMP  HIGH   TIME     LOW   TIME   DAYS  DAYS RAIN AVG  HI  TIME    DIR BAROM HUM
---------------------------------------------------------------------------------------
1    35.6  42.8     4:52  21.2    22:52    0    0  0.00   4  13    12:52 NNW 30.21   70
2    27.9  37.4    12:52  19.4    21:52    1    0  0.00   2   8     5:52   N 30.48   64
3    35.5  44.6    12:52  19.4     2:52    0    0  0.00   0   3    12:52 WNW 30.40   74
4    46.0  64.4    13:52  37.4    20:52    0    0  0.00   1   5    13:52   N 30.31   79
5    46.5  62.6    12:52  33.8    23:52    0    0  0.00   0   3    12:52  SW 30.22   84
6    45.6  59.0    11:52  32.0     5:52    0    0  0.12   2  12    15:52 NNE 30.14   90
7    53.6  62.6    14:52  33.8    23:20    0    0  0.02   1   6     3:52 NNE 29.89   93
8    46.9  62.6    11:52  33.8     0:11    0    0  0.14   1   5    11:52   S 29.66   89
9    43.3  51.8     0:23  37.4    20:52    0    0  0.09   2   8     0:52  SW 29.64   90
10   35.9  41.0     8:52  30.2    19:52    1    0  0.15   2  11    16:52   W 29.86   90
11   32.6  33.8     9:52  30.2     3:13    1    0  0.02   5  11    10:52   W 30.13   78
12   31.6  37.4    12:52  24.8    21:52    1    0  0.01   1   5    11:52   N 30.33   75
13   33.0  42.8    19:52  19.4     4:52    1    0  0.05   4  11    16:52   S 30.18   84
14   42.1  50.0    13:52  33.8     9:52    0    0  0.08   2   5    10:52   W 29.92   96
15   51.0  68.0    20:52  33.8     1:20    0    0  0.17   5  19    14:13 SSE 29.61   84
16   35.8  66.2     0:52  36.0    23:55   13    0  0.16   3  19    16:17  SW 29.31   58
17   33.6  40.1    14:27  26.3    23:51   30    0  0.04   1  14     9:47 WSW 29.81   70
18   25.4  30.9    10:15  21.7    21:56   38    0  0.00   2  16    13:40 ENE 30.01   71
19   19.5  25.2    13:16  12.5    23:37   44    0  0.00   2  19    11:02 ENE 30.07   62
20   18.7  25.4    10:15  11.4     1:44   45    0  0.00   1  12    12:03 ENE 29.84   72
21   19.2  24.2    13:57  13.3     6:25   44    0  0.01   1  12    13:19 ENE 30.04   71
22   17.7  20.3    14:48  16.3     6:37   46    0  0.01   1  16    13:38  NW 30.17   73
23   16.9  26.9    13:10   7.3    23:51   47    0  0.00   1  16    10:03  SW 30.26   65
24   23.1  36.0    14:34   6.8     0:40   40    0  0.00   1  21    21:19  SW 30.28   71
25   35.8  40.1     9:43  31.6     1:56   28    0  0.92   1  18     9:39 ENE 29.79   97
26   33.7  39.7     9:52  28.5    23:56   30    0  0.00   1  14    12:12 WSW 29.82   90
27   29.3  37.4    13:41  23.2     6:56   34    0  0.01   1  12    13:05 WSW 29.92   91
28   30.3  37.1    14:26  25.1     0:00   33    0  0.01   1  20    10:09   W 29.75   97
29   29.8  40.1    12:45  19.3    23:55   34    0  0.01   1  14    10:59   W 29.85   83
30   24.0  31.0    23:50  15.0     5:37   40    0  0.18   0   3     4:53  SW 29.93   93
---------------------------------------------------------------------------------------
TOT  28.6  68.0 11/15/08   6.8 11/24/08  551    0  2.19   1  21 11/24/08   W 29.94   79

HEAT BASE: 65.0
COOL BASE: 65.0